52.167.144.186 - - [27/Aug/2025:15:42:20 +0000] "GET /shopdetail/28664122/ HTTP/1.0" 301 4337 "-" "Mozilla/5.0 AppleWebKit/537.36 (KHTML, like Gecko; compatible; bingbot/2.0; +http://www.bing.com/bingbot.htm) Chrome/116.0.1938.76 Safari/537.36"
52.167.144.186 - - [27/Aug/2025:15:42:20 +0000] "GET /shopdetail/3076066/ HTTP/1.0" 301 4335 "-" "Mozilla/5.0 AppleWebKit/537.36 (KHTML, like Gecko; compatible; bingbot/2.0; +http://www.bing.com/bingbot.htm) Chrome/116.0.1938.76 Safari/537.36"
52.167.144.186 - - [27/Aug/2025:15:42:20 +0000] "GET /shopdetail/2425599/ HTTP/1.0" 301 4335 "-" "Mozilla/5.0 AppleWebKit/537.36 (KHTML, like Gecko; compatible; bingbot/2.0; +http://www.bing.com/bingbot.htm) Chrome/116.0.1938.76 Safari/537.36"
52.167.144.186 - - [27/Aug/2025:15:42:21 +0000] "GET /shopdetail/2342644/ HTTP/1.0" 301 4335 "-" "Mozilla/5.0 AppleWebKit/537.36 (KHTML, like Gecko; compatible; bingbot/2.0; +http://www.bing.com/bingbot.htm) Chrome/116.0.1938.76 Safari/537.36"
52.167.144.186 - - [27/Aug/2025:15:42:21 +0000] "GET /shopdetail/4162599/ HTTP/1.0" 301 4335 "-" "Mozilla/5.0 AppleWebKit/537.36 (KHTML, like Gecko; compatible; bingbot/2.0; +http://www.bing.com/bingbot.htm) Chrome/116.0.1938.76 Safari/537.36"
52.167.144.186 - - [27/Aug/2025:15:42:21 +0000] "GET /shopdetail/4260199/ HTTP/1.0" 301 4335 "-" "Mozilla/5.0 AppleWebKit/537.36 (KHTML, like Gecko; compatible; bingbot/2.0; +http://www.bing.com/bingbot.htm) Chrome/116.0.1938.76 Safari/537.36"
52.167.144.186 - - [27/Aug/2025:15:42:22 +0000] "GET /shopdetail/4324555/ HTTP/1.0" 301 4335 "-" "Mozilla/5.0 AppleWebKit/537.36 (KHTML, like Gecko; compatible; bingbot/2.0; +http://www.bing.com/bingbot.htm) Chrome/116.0.1938.76 Safari/537.36"
66.249.70.193 - - [27/Aug/2025:15:43:42 +0000] "GET /shopdetail/26302799/ HTTP/1.0" 301 4337 "-" "Mozilla/5.0 (Linux; Android 6.0.1; Nexus 5X Build/MMB29P) AppleWebKit/537.36 (KHTML, like Gecko) Chrome/138.0.7204.183 Mobile Safari/537.36 (compatible; Googlebot/2.1; +http://www.google.com/bot.html)"
177.60.69.131 - - [27/Aug/2025:15:43:55 +0000] "GET /shopdetail/8133811/ HTTP/1.0" 301 4335 "-" "Mozilla/5.0 (Windows NT 6.1) AppleWebKit/537.36 (KHTML, like Gecko) Chrome/79.0.3945.117 Safari/537.36"
177.60.69.131 - - [27/Aug/2025:15:43:56 +0000] "GET /shopdetail/8133811 HTTP/1.0" 404 7089 "-" "Mozilla/5.0 (Windows NT 6.1) AppleWebKit/537.36 (KHTML, like Gecko) Chrome/79.0.3945.117 Safari/537.36"
66.249.70.194 - - [27/Aug/2025:15:43:43 +0000] "GET /shopdetail/26302799 HTTP/1.0" 200 6561 "-" "Mozilla/5.0 (Linux; Android 6.0.1; Nexus 5X Build/MMB29P) AppleWebKit/537.36 (KHTML, like Gecko) Chrome/138.0.7204.183 Mobile Safari/537.36 (compatible; Googlebot/2.1; +http://www.google.com/bot.html)"
66.249.70.194 - - [27/Aug/2025:15:46:43 +0000] "GET /shopdetail/12144688/ HTTP/1.0" 301 4337 "-" "Mozilla/5.0 (Linux; Android 6.0.1; Nexus 5X Build/MMB29P) AppleWebKit/537.36 (KHTML, like Gecko) Chrome/138.0.7204.183 Mobile Safari/537.36 (compatible; Googlebot/2.1; +http://www.google.com/bot.html)"
66.249.70.194 - - [27/Aug/2025:15:46:44 +0000] "GET /shopdetail/12144688 HTTP/1.0" 200 21909 "-" "Mozilla/5.0 (Linux; Android 6.0.1; Nexus 5X Build/MMB29P) AppleWebKit/537.36 (KHTML, like Gecko) Chrome/138.0.7204.183 Mobile Safari/537.36 (compatible; Googlebot/2.1; +http://www.google.com/bot.html)"
85.208.96.207 - - [27/Aug/2025:15:52:26 +0000] "GET /store/brain-popper/product/419 HTTP/1.0" 403 3958 "-" "Mozilla/5.0 (compatible; SemrushBot/7~bl; +http://www.semrush.com/bot.html)"
66.249.70.192 - - [27/Aug/2025:15:52:41 +0000] "GET /shopdetail/4567000 HTTP/1.0" 200 22149 "-" "Mozilla/5.0 (Linux; Android 6.0.1; Nexus 5X Build/MMB29P) AppleWebKit/537.36 (KHTML, like Gecko) Chrome/138.0.7204.183 Mobile Safari/537.36 (compatible; Googlebot/2.1; +http://www.google.com/bot.html)"
66.249.70.194 - - [27/Aug/2025:15:52:42 +0000] "GET /product/edit/51579426 HTTP/1.0" 200 22186 "-" "Mozilla/5.0 (Linux; Android 6.0.1; Nexus 5X Build/MMB29P) AppleWebKit/537.36 (KHTML, like Gecko) Chrome/138.0.7204.183 Mobile Safari/537.36 (compatible; Googlebot/2.1; +http://www.google.com/bot.html)"
66.249.70.192 - - [27/Aug/2025:15:52:43 +0000] "GET /zhHant/product/surugaya/15652913?campaign_uid=f64d716db5e979ed2f947dbaf4296895b951ae7f HTTP/1.0" 200 22731 "-" "Mozilla/5.0 (Linux; Android 6.0.1; Nexus 5X Build/MMB29P) AppleWebKit/537.36 (KHTML, like Gecko) Chrome/138.0.7204.183 Mobile Safari/537.36 (compatible; Googlebot/2.1; +http://www.google.com/bot.html)"
66.249.70.194 - - [27/Aug/2025:15:52:43 +0000] "GET /zhHant/product/surugaya/49646686?campaign_uid=f64d716db5e979ed2f947dbaf4296895b951ae7f HTTP/1.0" 200 22282 "-" "Mozilla/5.0 (Linux; Android 6.0.1; Nexus 5X Build/MMB29P) AppleWebKit/537.36 (KHTML, like Gecko) Chrome/138.0.7204.183 Mobile Safari/537.36 (compatible; Googlebot/2.1; +http://www.google.com/bot.html)"
66.249.70.193 - - [27/Aug/2025:15:52:45 +0000] "POST /get-message-notify HTTP/1.0" 200 21866 "https://builder.storyshack.io/shopdetail/4567000" "Mozilla/5.0 (Linux; Android 6.0.1; Nexus 5X Build/MMB29P) AppleWebKit/537.36 (KHTML, like Gecko) Chrome/139.0.7258.127 Mobile Safari/537.36 (compatible; Googlebot/2.1; +http://www.google.com/bot.html)"
66.249.70.193 - - [27/Aug/2025:15:52:46 +0000] "GET /shopdetail/10465877/ HTTP/1.0" 301 4337 "-" "Mozilla/5.0 (Linux; Android 6.0.1; Nexus 5X Build/MMB29P) AppleWebKit/537.36 (KHTML, like Gecko) Chrome/138.0.7204.183 Mobile Safari/537.36 (compatible; Googlebot/2.1; +http://www.google.com/bot.html)"
66.249.70.192 - - [27/Aug/2025:15:52:47 +0000] "GET /shopdetail/10465877 HTTP/1.0" 200 22692 "-" "Mozilla/5.0 (Linux; Android 6.0.1; Nexus 5X Build/MMB29P) AppleWebKit/537.36 (KHTML, like Gecko) Chrome/138.0.7204.183 Mobile Safari/537.36 (compatible; Googlebot/2.1; +http://www.google.com/bot.html)"
47.82.11.1 - - [27/Aug/2025:15:53:31 +0000] "GET /shopdetail/23562766 HTTP/1.0" 404 7090 "https://builder.storyshack.io/" "Mozilla/5.0 (Macintosh; Intel Mac OS X 10.15; rv:137.0) Gecko/20100101 Firefox/137.0"
66.249.70.194 - - [27/Aug/2025:15:54:49 +0000] "GET /zhHant/product/surugaya/89133102?campaign_uid=f64d716db5e979ed2f947dbaf4296895b951ae7f HTTP/1.0" 200 22348 "-" "Mozilla/5.0 (Linux; Android 6.0.1; Nexus 5X Build/MMB29P) AppleWebKit/537.36 (KHTML, like Gecko) Chrome/138.0.7204.183 Mobile Safari/537.36 (compatible; Googlebot/2.1; +http://www.google.com/bot.html)"
66.249.70.192 - - [27/Aug/2025:15:55:50 +0000] "GET /shopdetail/3245799 HTTP/1.0" 200 22100 "-" "Mozilla/5.0 (Linux; Android 6.0.1; Nexus 5X Build/MMB29P) AppleWebKit/537.36 (KHTML, like Gecko) Chrome/138.0.7204.183 Mobile Safari/537.36 (compatible; Googlebot/2.1; +http://www.google.com/bot.html)"
66.249.70.192 - - [27/Aug/2025:15:57:52 +0000] "GET /zhHant/product/surugaya/75322444?campaign_uid=f64d716db5e979ed2f947dbaf4296895b951ae7f HTTP/1.0" 200 23184 "-" "Mozilla/5.0 (Linux; Android 6.0.1; Nexus 5X Build/MMB29P) AppleWebKit/537.36 (KHTML, like Gecko) Chrome/138.0.7204.183 Mobile Safari/537.36 (compatible; Googlebot/2.1; +http://www.google.com/bot.html)"
66.249.70.194 - - [27/Aug/2025:15:58:53 +0000] "GET /shopdetail/20766766/ HTTP/1.0" 301 4337 "-" "Mozilla/5.0 (Linux; Android 6.0.1; Nexus 5X Build/MMB29P) AppleWebKit/537.36 (KHTML, like Gecko) Chrome/138.0.7204.183 Mobile Safari/537.36 (compatible; Googlebot/2.1; +http://www.google.com/bot.html)"
66.249.70.192 - - [27/Aug/2025:15:58:53 +0000] "GET /shopdetail/20766766 HTTP/1.0" 200 22715 "-" "Mozilla/5.0 (Linux; Android 6.0.1; Nexus 5X Build/MMB29P) AppleWebKit/537.36 (KHTML, like Gecko) Chrome/138.0.7204.183 Mobile Safari/537.36 (compatible; Googlebot/2.1; +http://www.google.com/bot.html)"
20.15.133.162 - - [27/Aug/2025:15:59:35 +0000] "GET /shopdetail/4139544/ HTTP/1.0" 301 4335 "-" "Mozilla/5.0 AppleWebKit/537.36 (KHTML, like Gecko; compatible; bingbot/2.0; +http://www.bing.com/bingbot.htm) Chrome/116.0.1938.76 Safari/537.36"
47.82.11.11 - - [27/Aug/2025:16:02:28 +0000] "GET /shopdetail/19632022 HTTP/1.0" 404 7090 "https://builder.storyshack.io/" "Mozilla/5.0 (Macintosh; Intel Mac OS X 10_15_7) AppleWebKit/537.36 (KHTML, like Gecko) Chrome/134.0.0.0 Safari/537.36"
66.249.70.192 - - [27/Aug/2025:16:02:54 +0000] "GET /shopdetail/3526566/ HTTP/1.0" 301 4335 "-" "Mozilla/5.0 (Linux; Android 6.0.1; Nexus 5X Build/MMB29P) AppleWebKit/537.36 (KHTML, like Gecko) Chrome/138.0.7204.183 Mobile Safari/537.36 (compatible; Googlebot/2.1; +http://www.google.com/bot.html)"
66.249.70.192 - - [27/Aug/2025:16:02:54 +0000] "GET /shopdetail/3526566 HTTP/1.0" 200 22437 "-" "Mozilla/5.0 (Linux; Android 6.0.1; Nexus 5X Build/MMB29P) AppleWebKit/537.36 (KHTML, like Gecko) Chrome/138.0.7204.183 Mobile Safari/537.36 (compatible; Googlebot/2.1; +http://www.google.com/bot.html)"
66.249.70.192 - - [27/Aug/2025:16:07:56 +0000] "GET /shopdetail/26140300/ HTTP/1.0" 301 4337 "-" "Mozilla/5.0 (Linux; Android 6.0.1; Nexus 5X Build/MMB29P) AppleWebKit/537.36 (KHTML, like Gecko) Chrome/138.0.7204.183 Mobile Safari/537.36 (compatible; Googlebot/2.1; +http://www.google.com/bot.html)"
66.249.70.192 - - [27/Aug/2025:16:07:56 +0000] "GET /shopdetail/26140300 HTTP/1.0" 200 22796 "-" "Mozilla/5.0 (Linux; Android 6.0.1; Nexus 5X Build/MMB29P) AppleWebKit/537.36 (KHTML, like Gecko) Chrome/138.0.7204.183 Mobile Safari/537.36 (compatible; Googlebot/2.1; +http://www.google.com/bot.html)"
207.46.13.17 - - [27/Aug/2025:16:08:21 +0000] "GET /shopdetail/22167288/ HTTP/1.0" 301 4337 "-" "Mozilla/5.0 AppleWebKit/537.36 (KHTML, like Gecko; compatible; bingbot/2.0; +http://www.bing.com/bingbot.htm) Chrome/116.0.1938.76 Safari/537.36"
40.77.167.6 - - [27/Aug/2025:16:08:45 +0000] "GET /shopdetail/12972355/ HTTP/1.0" 301 4337 "-" "Mozilla/5.0 AppleWebKit/537.36 (KHTML, like Gecko; compatible; bingbot/2.0; +http://www.bing.com/bingbot.htm) Chrome/116.0.1938.76 Safari/537.36"
66.249.70.192 - - [27/Aug/2025:16:12:58 +0000] "GET /shopdetail/26140300 HTTP/1.0" 200 22796 "-" "Mozilla/5.0 (Linux; Android 6.0.1; Nexus 5X Build/MMB29P) AppleWebKit/537.36 (KHTML, like Gecko) Chrome/138.0.7204.183 Mobile Safari/537.36 (compatible; Googlebot/2.1; +http://www.google.com/bot.html)"
179.108.6.91 - - [27/Aug/2025:16:15:29 +0000] "GET /shopdetail/7435444/ HTTP/1.0" 301 4335 "-" "Mozilla/5.0 (Windows NT 10.0; Win64; x64) AppleWebKit/537.36 (KHTML, like Gecko) Chrome/91.0.4472.123 Safari/537.36"
179.108.6.91 - - [27/Aug/2025:16:15:29 +0000] "GET /shopdetail/7435444 HTTP/1.0" 404 7089 "-" "Mozilla/5.0 (Windows NT 10.0; Win64; x64) AppleWebKit/537.36 (KHTML, like Gecko) Chrome/91.0.4472.123 Safari/537.36"
66.249.70.193 - - [27/Aug/2025:16:16:59 +0000] "GET /zhHant/product/surugaya/65169006?campaign_uid=f64d716db5e979ed2f947dbaf4296895b951ae7f HTTP/1.0" 200 23169 "-" "Mozilla/5.0 (Linux; Android 6.0.1; Nexus 5X Build/MMB29P) AppleWebKit/537.36 (KHTML, like Gecko) Chrome/138.0.7204.183 Mobile Safari/537.36 (compatible; Googlebot/2.1; +http://www.google.com/bot.html)"
66.249.70.193 - - [27/Aug/2025:16:18:00 +0000] "GET /shopdetail/27837711 HTTP/1.0" 200 23322 "-" "Mozilla/5.0 (Linux; Android 6.0.1; Nexus 5X Build/MMB29P) AppleWebKit/537.36 (KHTML, like Gecko) Chrome/138.0.7204.183 Mobile Safari/537.36 (compatible; Googlebot/2.1; +http://www.google.com/bot.html)"
66.249.70.192 - - [27/Aug/2025:16:22:41 +0000] "GET /shopdetail/25667722 HTTP/1.0" 200 23003 "-" "Mozilla/5.0 (Linux; Android 6.0.1; Nexus 5X Build/MMB29P) AppleWebKit/537.36 (KHTML, like Gecko) Chrome/138.0.7204.183 Mobile Safari/537.36 (compatible; Googlebot/2.1; +http://www.google.com/bot.html)"
52.167.144.55 - - [27/Aug/2025:16:23:40 +0000] "GET /robots.txt HTTP/1.0" 404 4822 "-" "Mozilla/5.0 AppleWebKit/537.36 (KHTML, like Gecko; compatible; bingbot/2.0; +http://www.bing.com/bingbot.htm) Chrome/116.0.1938.76 Safari/537.36"
207.46.13.156 - - [27/Aug/2025:16:23:42 +0000] "GET /shopdetail/28149899/ HTTP/1.0" 301 4337 "-" "Mozilla/5.0 AppleWebKit/537.36 (KHTML, like Gecko; compatible; bingbot/2.0; +http://www.bing.com/bingbot.htm) Chrome/116.0.1938.76 Safari/537.36"
66.249.70.192 - - [27/Aug/2025:16:27:42 +0000] "GET /shopdetail/12542000/ HTTP/1.0" 301 4337 "-" "Mozilla/5.0 (Linux; Android 6.0.1; Nexus 5X Build/MMB29P) AppleWebKit/537.36 (KHTML, like Gecko) Chrome/138.0.7204.183 Mobile Safari/537.36 (compatible; Googlebot/2.1; +http://www.google.com/bot.html)"
66.249.70.192 - - [27/Aug/2025:16:27:43 +0000] "GET /shopdetail/12542000 HTTP/1.0" 200 22034 "-" "Mozilla/5.0 (Linux; Android 6.0.1; Nexus 5X Build/MMB29P) AppleWebKit/537.36 (KHTML, like Gecko) Chrome/138.0.7204.183 Mobile Safari/537.36 (compatible; Googlebot/2.1; +http://www.google.com/bot.html)"
207.46.13.31 - - [27/Aug/2025:16:28:32 +0000] "GET /zhHant/product/surugaya/30016147?campaign_uid=f64d716db5e979ed2f947dbaf4296895b951ae7f HTTP/1.0" 200 23165 "-" "Mozilla/5.0 AppleWebKit/537.36 (KHTML, like Gecko; compatible; bingbot/2.0; +http://www.bing.com/bingbot.htm) Chrome/116.0.1938.76 Safari/537.36"
66.249.70.192 - - [27/Aug/2025:16:28:45 +0000] "GET /shopdetail/10423255/ HTTP/1.0" 301 4337 "-" "Mozilla/5.0 (Linux; Android 6.0.1; Nexus 5X Build/MMB29P) AppleWebKit/537.36 (KHTML, like Gecko) Chrome/138.0.7204.183 Mobile Safari/537.36 (compatible; Googlebot/2.1; +http://www.google.com/bot.html)"
66.249.70.194 - - [27/Aug/2025:16:28:46 +0000] "GET /shopdetail/10423255 HTTP/1.0" 200 21660 "-" "Mozilla/5.0 (Linux; Android 6.0.1; Nexus 5X Build/MMB29P) AppleWebKit/537.36 (KHTML, like Gecko) Chrome/138.0.7204.183 Mobile Safari/537.36 (compatible; Googlebot/2.1; +http://www.google.com/bot.html)"
177.200.34.234 - - [27/Aug/2025:16:29:50 +0000] "GET /shopdetail/7401611/ HTTP/1.0" 301 4335 "-" "Mozilla/5.0 (Windows NT 6.2; Win64; x64) AppleWebKit/537.36 (KHTML, like Gecko) Chrome/101.0.4951.54 Safari/537.36"
177.200.34.234 - - [27/Aug/2025:16:29:51 +0000] "GET /shopdetail/7401611 HTTP/1.0" 404 7089 "-" "Mozilla/5.0 (Windows NT 6.2; Win64; x64) AppleWebKit/537.36 (KHTML, like Gecko) Chrome/101.0.4951.54 Safari/537.36"
104.198.36.41 - - [27/Aug/2025:16:31:37 +0000] "HEAD /shopdetail/21714155 HTTP/1.0" 404 4004 "-" "Mozilla/5.0 AppleWebKit/537.36 (KHTML, like Gecko); compatible; ShapBot/0.1.0"
216.73.216.7 - - [27/Aug/2025:16:32:07 +0000] "GET /robots.txt HTTP/1.0" 404 4822 "-" "Mozilla/5.0 AppleWebKit/537.36 (KHTML, like Gecko; compatible; ClaudeBot/1.0; +claudebot@anthropic.com)"
216.73.216.7 - - [27/Aug/2025:16:32:07 +0000] "GET /register/0/en HTTP/1.0" 200 8720 "-" "Mozilla/5.0 AppleWebKit/537.36 (KHTML, like Gecko; compatible; ClaudeBot/1.0; +claudebot@anthropic.com)"
216.73.216.7 - - [27/Aug/2025:16:32:08 +0000] "GET /register HTTP/1.0" 200 8717 "-" "Mozilla/5.0 AppleWebKit/537.36 (KHTML, like Gecko; compatible; ClaudeBot/1.0; +claudebot@anthropic.com)"
66.249.70.192 - - [27/Aug/2025:16:32:48 +0000] "GET /shopdetail/16174122 HTTP/1.0" 200 22767 "-" "Mozilla/5.0 (Linux; Android 6.0.1; Nexus 5X Build/MMB29P) AppleWebKit/537.36 (KHTML, like Gecko) Chrome/138.0.7204.183 Mobile Safari/537.36 (compatible; Googlebot/2.1; +http://www.google.com/bot.html)"
47.82.11.32 - - [27/Aug/2025:16:33:08 +0000] "GET /shopdetail/21153766 HTTP/1.0" 404 7090 "https://builder.storyshack.io/" "Mozilla/5.0 (Macintosh; Intel Mac OS X 10_15_7) AppleWebKit/537.36 (KHTML, like Gecko) Chrome/135.0.0.0 Safari/537.36"
216.73.216.7 - - [27/Aug/2025:16:34:01 +0000] "GET /register/0/pl HTTP/1.0" 200 8794 "-" "Mozilla/5.0 AppleWebKit/537.36 (KHTML, like Gecko; compatible; ClaudeBot/1.0; +claudebot@anthropic.com)"
216.73.216.7 - - [27/Aug/2025:16:34:01 +0000] "GET /register/0/it HTTP/1.0" 200 8745 "-" "Mozilla/5.0 AppleWebKit/537.36 (KHTML, like Gecko; compatible; ClaudeBot/1.0; +claudebot@anthropic.com)"
185.191.171.17 - - [27/Aug/2025:16:35:42 +0000] "GET /robots.txt HTTP/1.0" 404 4822 "-" "Mozilla/5.0 (compatible; SemrushBot/7~bl; +http://www.semrush.com/bot.html)"
185.191.171.11 - - [27/Aug/2025:16:35:43 +0000] "GET /register/he HTTP/1.0" 403 3958 "-" "Mozilla/5.0 (compatible; SemrushBot/7~bl; +http://www.semrush.com/bot.html)"
216.73.216.7 - - [27/Aug/2025:16:36:24 +0000] "GET /register/0/tr HTTP/1.0" 200 8771 "-" "Mozilla/5.0 AppleWebKit/537.36 (KHTML, like Gecko; compatible; ClaudeBot/1.0; +claudebot@anthropic.com)"
216.73.216.7 - - [27/Aug/2025:16:36:24 +0000] "GET /register/0/zh HTTP/1.0" 200 8833 "-" "Mozilla/5.0 AppleWebKit/537.36 (KHTML, like Gecko; compatible; ClaudeBot/1.0; +claudebot@anthropic.com)"
216.73.216.7 - - [27/Aug/2025:16:37:15 +0000] "GET /register/0/es HTTP/1.0" 200 8794 "-" "Mozilla/5.0 AppleWebKit/537.36 (KHTML, like Gecko; compatible; ClaudeBot/1.0; +claudebot@anthropic.com)"
216.73.216.7 - - [27/Aug/2025:16:37:15 +0000] "GET /register/0/de HTTP/1.0" 200 8775 "-" "Mozilla/5.0 AppleWebKit/537.36 (KHTML, like Gecko; compatible; ClaudeBot/1.0; +claudebot@anthropic.com)"
94.174.25.164 - - [27/Aug/2025:16:37:35 +0000] "GET /shopdetail/13883355/ HTTP/1.0" 301 4337 "-" "Mozilla/5.0 (Macintosh; Intel Mac OS X 11_2_1) AppleWebKit/537.36 (KHTML, like Gecko) Brave Chrome/88.0.4324.182 Safari/537.36"
94.174.25.164 - - [27/Aug/2025:16:37:36 +0000] "GET /shopdetail/13883355 HTTP/1.0" 404 7090 "-" "Mozilla/5.0 (Macintosh; Intel Mac OS X 11_2_1) AppleWebKit/537.36 (KHTML, like Gecko) Brave Chrome/88.0.4324.182 Safari/537.36"
66.249.70.193 - - [27/Aug/2025:16:37:50 +0000] "GET /shopdetail/22041100 HTTP/1.0" 200 22232 "-" "Mozilla/5.0 (Linux; Android 6.0.1; Nexus 5X Build/MMB29P) AppleWebKit/537.36 (KHTML, like Gecko) Chrome/138.0.7204.183 Mobile Safari/537.36 (compatible; Googlebot/2.1; +http://www.google.com/bot.html)"
66.249.70.194 - - [27/Aug/2025:16:37:51 +0000] "GET /shopdetail/10621511/ HTTP/1.0" 301 4337 "-" "Mozilla/5.0 (Linux; Android 6.0.1; Nexus 5X Build/MMB29P) AppleWebKit/537.36 (KHTML, like Gecko) Chrome/138.0.7204.183 Mobile Safari/537.36 (compatible; Googlebot/2.1; +http://www.google.com/bot.html)"
66.249.70.192 - - [27/Aug/2025:16:37:53 +0000] "GET /shopdetail/10621511 HTTP/1.0" 200 22611 "-" "Mozilla/5.0 (Linux; Android 6.0.1; Nexus 5X Build/MMB29P) AppleWebKit/537.36 (KHTML, like Gecko) Chrome/138.0.7204.183 Mobile Safari/537.36 (compatible; Googlebot/2.1; +http://www.google.com/bot.html)"
66.249.70.192 - - [27/Aug/2025:16:38:00 +0000] "POST /get-message-notify HTTP/1.0" 200 21865 "https://builder.storyshack.io/shopdetail/22041100" "Mozilla/5.0 (Linux; Android 6.0.1; Nexus 5X Build/MMB29P) AppleWebKit/537.36 (KHTML, like Gecko) Chrome/139.0.7258.127 Mobile Safari/537.36 (compatible; Googlebot/2.1; +http://www.google.com/bot.html)"
216.73.216.7 - - [27/Aug/2025:16:38:33 +0000] "GET /register/0/da HTTP/1.0" 200 8759 "-" "Mozilla/5.0 AppleWebKit/537.36 (KHTML, like Gecko; compatible; ClaudeBot/1.0; +claudebot@anthropic.com)"
216.73.216.7 - - [27/Aug/2025:16:39:12 +0000] "GET /register/0/ar HTTP/1.0" 200 8861 "-" "Mozilla/5.0 AppleWebKit/537.36 (KHTML, like Gecko; compatible; ClaudeBot/1.0; +claudebot@anthropic.com)"
216.73.216.7 - - [27/Aug/2025:16:40:08 +0000] "GET /register/0/ru HTTP/1.0" 200 8904 "-" "Mozilla/5.0 AppleWebKit/537.36 (KHTML, like Gecko; compatible; ClaudeBot/1.0; +claudebot@anthropic.com)"
103.26.86.95 - - [27/Aug/2025:16:40:19 +0000] "GET /shopdetail/7684666/ HTTP/1.0" 301 4335 "-" "Mozilla/5.0 (Windows NT 6.1; Win64; x64) AppleWebKit/537.36 (KHTML, like Gecko) Chrome/85.0.4183.102 Safari/537.36"
103.26.86.95 - - [27/Aug/2025:16:40:20 +0000] "GET /shopdetail/7684666 HTTP/1.0" 404 7089 "-" "Mozilla/5.0 (Windows NT 6.1; Win64; x64) AppleWebKit/537.36 (KHTML, like Gecko) Chrome/85.0.4183.102 Safari/537.36"
216.73.216.7 - - [27/Aug/2025:16:40:49 +0000] "GET /register/0/he HTTP/1.0" 200 8809 "-" "Mozilla/5.0 AppleWebKit/537.36 (KHTML, like Gecko; compatible; ClaudeBot/1.0; +claudebot@anthropic.com)"
191.54.67.154 - - [27/Aug/2025:16:40:57 +0000] "GET /shopdetail/25483911/ HTTP/1.0" 301 4337 "-" "Mozilla/5.0 (Macintosh; Intel Mac OS X 11_1_0) AppleWebKit/537.36 (KHTML, like Gecko) Chrome/88.0.4324.146 Safari/537.36"
191.54.67.154 - - [27/Aug/2025:16:40:58 +0000] "GET /shopdetail/25483911 HTTP/1.0" 404 7090 "-" "Mozilla/5.0 (Macintosh; Intel Mac OS X 11_1_0) AppleWebKit/537.36 (KHTML, like Gecko) Chrome/88.0.4324.146 Safari/537.36"
66.249.70.193 - - [27/Aug/2025:16:41:58 +0000] "GET /shopdetail/14652877 HTTP/1.0" 200 21784 "-" "Mozilla/5.0 (Linux; Android 6.0.1; Nexus 5X Build/MMB29P) AppleWebKit/537.36 (KHTML, like Gecko) Chrome/138.0.7204.183 Mobile Safari/537.36 (compatible; Googlebot/2.1; +http://www.google.com/bot.html)"
216.73.216.7 - - [27/Aug/2025:16:42:57 +0000] "GET /register/0/fr HTTP/1.0" 200 8770 "-" "Mozilla/5.0 AppleWebKit/537.36 (KHTML, like Gecko; compatible; ClaudeBot/1.0; +claudebot@anthropic.com)"
216.73.216.7 - - [27/Aug/2025:16:43:39 +0000] "GET /register/0/pt HTTP/1.0" 200 8741 "-" "Mozilla/5.0 AppleWebKit/537.36 (KHTML, like Gecko; compatible; ClaudeBot/1.0; +claudebot@anthropic.com)"
216.73.216.7 - - [27/Aug/2025:16:45:05 +0000] "GET /register/0/nl HTTP/1.0" 200 8762 "-" "Mozilla/5.0 AppleWebKit/537.36 (KHTML, like Gecko; compatible; ClaudeBot/1.0; +claudebot@anthropic.com)"
216.73.216.7 - - [27/Aug/2025:16:45:52 +0000] "GET /register/0/ja HTTP/1.0" 200 8870 "-" "Mozilla/5.0 AppleWebKit/537.36 (KHTML, like Gecko; compatible; ClaudeBot/1.0; +claudebot@anthropic.com)"
216.73.216.7 - - [27/Aug/2025:16:46:48 +0000] "GET /register/0/pt-br HTTP/1.0" 200 8742 "-" "Mozilla/5.0 AppleWebKit/537.36 (KHTML, like Gecko; compatible; ClaudeBot/1.0; +claudebot@anthropic.com)"
66.249.70.193 - - [27/Aug/2025:16:47:01 +0000] "GET /shopdetail/21599766 HTTP/1.0" 200 22776 "-" "Mozilla/5.0 (Linux; Android 6.0.1; Nexus 5X Build/MMB29P) AppleWebKit/537.36 (KHTML, like Gecko) Chrome/138.0.7204.183 Mobile Safari/537.36 (compatible; Googlebot/2.1; +http://www.google.com/bot.html)"
66.249.70.192 - - [27/Aug/2025:16:49:49 +0000] "GET /zhHant/product/surugaya/10240924?campaign_uid=f64d716db5e979ed2f947dbaf4296895b951ae7f HTTP/1.0" 200 22459 "-" "Mozilla/5.0 (Linux; Android 6.0.1; Nexus 5X Build/MMB29P) AppleWebKit/537.36 (KHTML, like Gecko) Chrome/138.0.7204.183 Mobile Safari/537.36 (compatible; Googlebot/2.1; +http://www.google.com/bot.html)"
66.249.70.192 - - [27/Aug/2025:16:49:50 +0000] "GET /shopdetail/25393700/ HTTP/1.0" 301 4337 "-" "Mozilla/5.0 (Linux; Android 6.0.1; Nexus 5X Build/MMB29P) AppleWebKit/537.36 (KHTML, like Gecko) Chrome/138.0.7204.183 Mobile Safari/537.36 (compatible; Googlebot/2.1; +http://www.google.com/bot.html)"
66.249.70.194 - - [27/Aug/2025:16:49:52 +0000] "GET /shopdetail/25393700 HTTP/1.0" 200 21915 "-" "Mozilla/5.0 (Linux; Android 6.0.1; Nexus 5X Build/MMB29P) AppleWebKit/537.36 (KHTML, like Gecko) Chrome/138.0.7204.183 Mobile Safari/537.36 (compatible; Googlebot/2.1; +http://www.google.com/bot.html)"
66.249.70.194 - - [27/Aug/2025:16:51:24 +0000] "POST /get-message-notify HTTP/1.0" 200 11967 "https://builder.storyshack.io/zhHant/product/surugaya/61840928?campaign_uid=f64d716db5e979ed2f947dbaf4296895b951ae7f" "Mozilla/5.0 (Linux; Android 6.0.1; Nexus 5X Build/MMB29P) AppleWebKit/537.36 (KHTML, like Gecko) Chrome/139.0.7258.127 Mobile Safari/537.36 (compatible; Googlebot/2.1; +http://www.google.com/bot.html)"
66.249.70.193 - - [27/Aug/2025:16:54:54 +0000] "GET /shopdetail/11213033/ HTTP/1.0" 301 4337 "-" "Mozilla/5.0 (Linux; Android 6.0.1; Nexus 5X Build/MMB29P) AppleWebKit/537.36 (KHTML, like Gecko) Chrome/138.0.7204.183 Mobile Safari/537.36 (compatible; Googlebot/2.1; +http://www.google.com/bot.html)"
66.249.70.193 - - [27/Aug/2025:16:54:54 +0000] "GET /shopdetail/11213033 HTTP/1.0" 200 21979 "-" "Mozilla/5.0 (Linux; Android 6.0.1; Nexus 5X Build/MMB29P) AppleWebKit/537.36 (KHTML, like Gecko) Chrome/138.0.7204.183 Mobile Safari/537.36 (compatible; Googlebot/2.1; +http://www.google.com/bot.html)"
223.26.20.2 - - [27/Aug/2025:16:56:34 +0000] "GET /shopdetail/28192544 HTTP/1.0" 404 7090 "-" "Mozilla/5.0 (Linux; Android 9; COL-AL10 Build/HUAWEICOL-AL10; wv) AppleWebKit/537.36 (KHTML, like Gecko) Version/4.0 Chrome/90.0.3791.59 MQQBrowser/6.2 TBS/044607 Mobile Safari/537.36 MMWEBID/7140 MicroMessenger/7.0.4.1420(0x27000437) Process/tools NetType/4G Language/zh_CN"
66.249.70.193 - - [27/Aug/2025:16:56:56 +0000] "GET /product/edit/92158763 HTTP/1.0" 200 22272 "-" "Mozilla/5.0 (Linux; Android 6.0.1; Nexus 5X Build/MMB29P) AppleWebKit/537.36 (KHTML, like Gecko) Chrome/138.0.7204.183 Mobile Safari/537.36 (compatible; Googlebot/2.1; +http://www.google.com/bot.html)"
66.249.70.192 - - [27/Aug/2025:16:55:55 +0000] "GET /product/edit/94013151 HTTP/1.0" 200 11967 "-" "Mozilla/5.0 (Linux; Android 6.0.1; Nexus 5X Build/MMB29P) AppleWebKit/537.36 (KHTML, like Gecko) Chrome/138.0.7204.183 Mobile Safari/537.36 (compatible; Googlebot/2.1; +http://www.google.com/bot.html)"
66.249.70.194 - - [27/Aug/2025:17:01:58 +0000] "GET /shopdetail/17558400 HTTP/1.0" 200 22891 "-" "Mozilla/5.0 (Linux; Android 6.0.1; Nexus 5X Build/MMB29P) AppleWebKit/537.36 (KHTML, like Gecko) Chrome/138.0.7204.183 Mobile Safari/537.36 (compatible; Googlebot/2.1; +http://www.google.com/bot.html)"
66.249.70.193 - - [27/Aug/2025:17:06:00 +0000] "GET /shopdetail/24344544/ HTTP/1.0" 301 4337 "-" "Mozilla/5.0 (Linux; Android 6.0.1; Nexus 5X Build/MMB29P) AppleWebKit/537.36 (KHTML, like Gecko) Chrome/138.0.7204.183 Mobile Safari/537.36 (compatible; Googlebot/2.1; +http://www.google.com/bot.html)"
66.249.70.194 - - [27/Aug/2025:17:06:01 +0000] "GET /shopdetail/24344544 HTTP/1.0" 200 21657 "-" "Mozilla/5.0 (Linux; Android 6.0.1; Nexus 5X Build/MMB29P) AppleWebKit/537.36 (KHTML, like Gecko) Chrome/138.0.7204.183 Mobile Safari/537.36 (compatible; Googlebot/2.1; +http://www.google.com/bot.html)"
66.249.70.193 - - [27/Aug/2025:17:07:02 +0000] "GET /shopdetail/22546844 HTTP/1.0" 200 22944 "-" "Mozilla/5.0 (Linux; Android 6.0.1; Nexus 5X Build/MMB29P) AppleWebKit/537.36 (KHTML, like Gecko) Chrome/138.0.7204.183 Mobile Safari/537.36 (compatible; Googlebot/2.1; +http://www.google.com/bot.html)"
66.249.70.194 - - [27/Aug/2025:17:09:04 +0000] "GET /shopdetail/22455033/ HTTP/1.0" 301 4337 "-" "Mozilla/5.0 (Linux; Android 6.0.1; Nexus 5X Build/MMB29P) AppleWebKit/537.36 (KHTML, like Gecko) Chrome/138.0.7204.183 Mobile Safari/537.36 (compatible; Googlebot/2.1; +http://www.google.com/bot.html)"
66.249.70.193 - - [27/Aug/2025:17:09:05 +0000] "GET /shopdetail/22455033 HTTP/1.0" 200 22395 "-" "Mozilla/5.0 (Linux; Android 6.0.1; Nexus 5X Build/MMB29P) AppleWebKit/537.36 (KHTML, like Gecko) Chrome/138.0.7204.183 Mobile Safari/537.36 (compatible; Googlebot/2.1; +http://www.google.com/bot.html)"
66.249.70.193 - - [27/Aug/2025:17:16:07 +0000] "GET /shopdetail/14542322 HTTP/1.0" 200 22134 "-" "Mozilla/5.0 (Linux; Android 6.0.1; Nexus 5X Build/MMB29P) AppleWebKit/537.36 (KHTML, like Gecko) Chrome/138.0.7204.183 Mobile Safari/537.36 (compatible; Googlebot/2.1; +http://www.google.com/bot.html)"
66.249.70.192 - - [27/Aug/2025:17:16:08 +0000] "GET /shopdetail/19032466/ HTTP/1.0" 301 4337 "-" "Mozilla/5.0 (Linux; Android 6.0.1; Nexus 5X Build/MMB29P) AppleWebKit/537.36 (KHTML, like Gecko) Chrome/138.0.7204.183 Mobile Safari/537.36 (compatible; Googlebot/2.1; +http://www.google.com/bot.html)"
66.249.70.192 - - [27/Aug/2025:17:16:09 +0000] "GET /shopdetail/19032466 HTTP/1.0" 200 9455 "-" "Mozilla/5.0 (Linux; Android 6.0.1; Nexus 5X Build/MMB29P) AppleWebKit/537.36 (KHTML, like Gecko) Chrome/138.0.7204.183 Mobile Safari/537.36 (compatible; Googlebot/2.1; +http://www.google.com/bot.html)"
66.249.70.193 - - [27/Aug/2025:17:19:51 +0000] "GET /product/edit/61840928 HTTP/1.0" 200 22898 "-" "Mozilla/5.0 (Linux; Android 6.0.1; Nexus 5X Build/MMB29P) AppleWebKit/537.36 (KHTML, like Gecko) Chrome/138.0.7204.183 Mobile Safari/537.36 (compatible; Googlebot/2.1; +http://www.google.com/bot.html)"
66.249.70.193 - - [27/Aug/2025:17:20:00 +0000] "GET /shopdetail/13794766/ HTTP/1.0" 301 4337 "-" "Mozilla/5.0 (Linux; Android 6.0.1; Nexus 5X Build/MMB29P) AppleWebKit/537.36 (KHTML, like Gecko) Chrome/138.0.7204.183 Mobile Safari/537.36 (compatible; Googlebot/2.1; +http://www.google.com/bot.html)"
66.249.70.193 - - [27/Aug/2025:17:20:03 +0000] "GET /shopdetail/13794766 HTTP/1.0" 200 22337 "-" "Mozilla/5.0 (Linux; Android 6.0.1; Nexus 5X Build/MMB29P) AppleWebKit/537.36 (KHTML, like Gecko) Chrome/138.0.7204.183 Mobile Safari/537.36 (compatible; Googlebot/2.1; +http://www.google.com/bot.html)"
201.23.40.51 - - [27/Aug/2025:17:20:53 +0000] "GET /shopdetail/7698366/ HTTP/1.0" 301 4335 "-" "Mozilla/5.0 (Windows NT 10.0; Win64; x64) AppleWebKit/537.36 (KHTML, like Gecko) Brave Chrome/86.0.4240.99 Safari/537.36"
201.23.40.51 - - [27/Aug/2025:17:20:54 +0000] "GET /shopdetail/7698366 HTTP/1.0" 404 7089 "-" "Mozilla/5.0 (Windows NT 10.0; Win64; x64) AppleWebKit/537.36 (KHTML, like Gecko) Brave Chrome/86.0.4240.99 Safari/537.36"
66.249.70.193 - - [27/Aug/2025:17:21:04 +0000] "GET /shopdetail/14312988 HTTP/1.0" 200 22167 "-" "Mozilla/5.0 (Linux; Android 6.0.1; Nexus 5X Build/MMB29P) AppleWebKit/537.36 (KHTML, like Gecko) Chrome/138.0.7204.183 Mobile Safari/537.36 (compatible; Googlebot/2.1; +http://www.google.com/bot.html)"
85.208.96.210 - - [27/Aug/2025:17:23:58 +0000] "GET /store/brain-popper/categorie/School%20Subjects%20PLR HTTP/1.0" 403 3958 "-" "Mozilla/5.0 (compatible; SemrushBot/7~bl; +http://www.semrush.com/bot.html)"
47.82.11.48 - - [27/Aug/2025:17:24:19 +0000] "GET /shopdetail/4522144 HTTP/1.0" 404 7089 "https://builder.storyshack.io/" "Mozilla/5.0 (Windows NT 10.0; Win64; x64) AppleWebKit/537.36 (KHTML, like Gecko) Chrome/135.0.0.0 Safari/537.36 Edg/135.0.0.0"
4.227.36.77 - - [27/Aug/2025:17:24:21 +0000] "GET /robots.txt HTTP/1.0" 404 4822 "-" "Mozilla/5.0 AppleWebKit/537.36 (KHTML, like Gecko; compatible; GPTBot/1.2; +https://openai.com/gptbot)"
172.182.194.155 - - [27/Aug/2025:17:25:19 +0000] "GET /shopdetail/29218300 HTTP/1.0" 404 7090 "-" "Mozilla/5.0 (Macintosh; Intel Mac OS X 10_15_7) AppleWebKit/537.36 (KHTML, like Gecko) Chrome/131.0.0.0 Safari/537.36; compatible; OAI-SearchBot/1.0; +https://openai.com/searchbot"
47.82.11.7 - - [27/Aug/2025:17:26:23 +0000] "GET /shopdetail/11278122 HTTP/1.0" 404 7090 "https://builder.storyshack.io/" "Mozilla/5.0 (Windows NT 10.0; Win64; x64) AppleWebKit/537.36 (KHTML, like Gecko) Chrome/135.0.0.0 Safari/537.36"
85.208.96.206 - - [27/Aug/2025:17:31:09 +0000] "GET /store/brain-popper/product/405 HTTP/1.0" 403 3958 "-" "Mozilla/5.0 (compatible; SemrushBot/7~bl; +http://www.semrush.com/bot.html)"
66.249.70.193 - - [27/Aug/2025:17:31:15 +0000] "GET /shopdetail/15221799 HTTP/1.0" 200 22484 "-" "Mozilla/5.0 (Linux; Android 6.0.1; Nexus 5X Build/MMB29P) AppleWebKit/537.36 (KHTML, like Gecko) Chrome/138.0.7204.183 Mobile Safari/537.36 (compatible; Googlebot/2.1; +http://www.google.com/bot.html)"
66.249.70.193 - - [27/Aug/2025:17:31:30 +0000] "POST /get-message-notify HTTP/1.0" 200 11967 "https://builder.storyshack.io/shopdetail/15221799" "Mozilla/5.0 (Linux; Android 6.0.1; Nexus 5X Build/MMB29P) AppleWebKit/537.36 (KHTML, like Gecko) Chrome/139.0.7258.127 Mobile Safari/537.36 (compatible; Googlebot/2.1; +http://www.google.com/bot.html)"
66.249.70.194 - - [27/Aug/2025:17:36:18 +0000] "GET /shopdetail/14261399 HTTP/1.0" 200 22694 "-" "Mozilla/5.0 (Linux; Android 6.0.1; Nexus 5X Build/MMB29P) AppleWebKit/537.36 (KHTML, like Gecko) Chrome/138.0.7204.183 Mobile Safari/537.36 (compatible; Googlebot/2.1; +http://www.google.com/bot.html)"
185.191.171.17 - - [27/Aug/2025:17:36:22 +0000] "GET /robots.txt HTTP/1.0" 404 4822 "-" "Mozilla/5.0 (compatible; SemrushBot/7~bl; +http://www.semrush.com/bot.html)"
185.191.171.5 - - [27/Aug/2025:17:36:23 +0000] "GET /register/pt HTTP/1.0" 403 3958 "-" "Mozilla/5.0 (compatible; SemrushBot/7~bl; +http://www.semrush.com/bot.html)"
66.249.70.192 - - [27/Aug/2025:17:36:50 +0000] "POST /get-message-notify HTTP/1.0" 200 21865 "https://builder.storyshack.io/shopdetail/14261399" "Mozilla/5.0 (Linux; Android 6.0.1; Nexus 5X Build/MMB29P) AppleWebKit/537.36 (KHTML, like Gecko) Chrome/139.0.7258.127 Mobile Safari/537.36 (compatible; Googlebot/2.1; +http://www.google.com/bot.html)"
66.249.70.192 - - [27/Aug/2025:17:40:22 +0000] "GET /shopdetail/4869855/ HTTP/1.0" 301 4335 "-" "Mozilla/5.0 (Linux; Android 6.0.1; Nexus 5X Build/MMB29P) AppleWebKit/537.36 (KHTML, like Gecko) Chrome/138.0.7204.183 Mobile Safari/537.36 (compatible; Googlebot/2.1; +http://www.google.com/bot.html)"
66.249.70.194 - - [27/Aug/2025:17:40:23 +0000] "GET /shopdetail/4869855 HTTP/1.0" 200 22192 "-" "Mozilla/5.0 (Linux; Android 6.0.1; Nexus 5X Build/MMB29P) AppleWebKit/537.36 (KHTML, like Gecko) Chrome/138.0.7204.183 Mobile Safari/537.36 (compatible; Googlebot/2.1; +http://www.google.com/bot.html)"
185.191.171.9 - - [27/Aug/2025:17:40:24 +0000] "GET /register/0/pt HTTP/1.0" 403 3958 "-" "Mozilla/5.0 (compatible; SemrushBot/7~bl; +http://www.semrush.com/bot.html)"
66.249.70.193 - - [27/Aug/2025:17:44:26 +0000] "GET /product/edit/53801711 HTTP/1.0" 200 22946 "-" "Mozilla/5.0 (Linux; Android 6.0.1; Nexus 5X Build/MMB29P) AppleWebKit/537.36 (KHTML, like Gecko) Chrome/138.0.7204.183 Mobile Safari/537.36 (compatible; Googlebot/2.1; +http://www.google.com/bot.html)"
66.249.70.192 - - [27/Aug/2025:17:45:27 +0000] "GET /shopdetail/7655800 HTTP/1.0" 200 11967 "-" "Mozilla/5.0 (Linux; Android 6.0.1; Nexus 5X Build/MMB29P) AppleWebKit/537.36 (KHTML, like Gecko) Chrome/138.0.7204.183 Mobile Safari/537.36 (compatible; Googlebot/2.1; +http://www.google.com/bot.html)"
66.249.70.192 - - [27/Aug/2025:17:46:51 +0000] "POST /get-message-notify HTTP/1.0" 200 21865 "https://builder.storyshack.io/shopdetail/22546844" "Mozilla/5.0 (Linux; Android 6.0.1; Nexus 5X Build/MMB29P) AppleWebKit/537.36 (KHTML, like Gecko) Chrome/139.0.7258.127 Mobile Safari/537.36 (compatible; Googlebot/2.1; +http://www.google.com/bot.html)"
113.172.10.183 - - [27/Aug/2025:17:49:34 +0000] "GET /shopdetail/5911977 HTTP/1.0" 404 7089 "-" "Mozilla/5.0 (Windows NT 10.0; Win64; x64) AppleWebKit/537.36 (KHTML, like Gecko) Chrome/68.0.3409.13 Safari/537.36"
66.249.70.193 - - [27/Aug/2025:17:50:44 +0000] "GET /shopdetail/10075611 HTTP/1.0" 200 21947 "-" "Mozilla/5.0 (Linux; Android 6.0.1; Nexus 5X Build/MMB29P) AppleWebKit/537.36 (KHTML, like Gecko) Chrome/138.0.7204.183 Mobile Safari/537.36 (compatible; Googlebot/2.1; +http://www.google.com/bot.html)"
66.249.70.193 - - [27/Aug/2025:17:50:47 +0000] "POST /get-message-notify HTTP/1.0" 200 21865 "https://builder.storyshack.io/shopdetail/10075611" "Mozilla/5.0 (Linux; Android 6.0.1; Nexus 5X Build/MMB29P) AppleWebKit/537.36 (KHTML, like Gecko) Chrome/139.0.7258.127 Mobile Safari/537.36 (compatible; Googlebot/2.1; +http://www.google.com/bot.html)"
66.249.70.192 - - [27/Aug/2025:17:52:45 +0000] "GET /shopdetail/19697255 HTTP/1.0" 200 22388 "-" "Mozilla/5.0 (Linux; Android 6.0.1; Nexus 5X Build/MMB29P) AppleWebKit/537.36 (KHTML, like Gecko) Chrome/138.0.7204.183 Mobile Safari/537.36 (compatible; Googlebot/2.1; +http://www.google.com/bot.html)"
66.249.70.194 - - [27/Aug/2025:17:52:46 +0000] "GET /shopdetail/28557722/ HTTP/1.0" 301 4337 "-" "Mozilla/5.0 (Linux; Android 6.0.1; Nexus 5X Build/MMB29P) AppleWebKit/537.36 (KHTML, like Gecko) Chrome/138.0.7204.183 Mobile Safari/537.36 (compatible; Googlebot/2.1; +http://www.google.com/bot.html)"
66.249.70.194 - - [27/Aug/2025:17:52:47 +0000] "GET /shopdetail/28557722 HTTP/1.0" 200 22557 "-" "Mozilla/5.0 (Linux; Android 6.0.1; Nexus 5X Build/MMB29P) AppleWebKit/537.36 (KHTML, like Gecko) Chrome/138.0.7204.183 Mobile Safari/537.36 (compatible; Googlebot/2.1; +http://www.google.com/bot.html)"
157.55.39.52 - - [27/Aug/2025:17:53:55 +0000] "GET /shopdetail/11053344/ HTTP/1.0" 301 4337 "-" "Mozilla/5.0 AppleWebKit/537.36 (KHTML, like Gecko; compatible; bingbot/2.0; +http://www.bing.com/bingbot.htm) Chrome/116.0.1938.76 Safari/537.36"
66.249.70.193 - - [27/Aug/2025:17:55:48 +0000] "GET /shopdetail/10334355/ HTTP/1.0" 301 4337 "-" "Mozilla/5.0 (Linux; Android 6.0.1; Nexus 5X Build/MMB29P) AppleWebKit/537.36 (KHTML, like Gecko) Chrome/138.0.7204.183 Mobile Safari/537.36 (compatible; Googlebot/2.1; +http://www.google.com/bot.html)"
66.249.70.194 - - [27/Aug/2025:17:55:48 +0000] "GET /shopdetail/10334355 HTTP/1.0" 200 21764 "-" "Mozilla/5.0 (Linux; Android 6.0.1; Nexus 5X Build/MMB29P) AppleWebKit/537.36 (KHTML, like Gecko) Chrome/138.0.7204.183 Mobile Safari/537.36 (compatible; Googlebot/2.1; +http://www.google.com/bot.html)"
66.249.70.193 - - [27/Aug/2025:17:58:49 +0000] "GET /zhHant/product/surugaya/39983450?campaign_uid=f64d716db5e979ed2f947dbaf4296895b951ae7f HTTP/1.0" 200 22367 "-" "Mozilla/5.0 (Linux; Android 6.0.1; Nexus 5X Build/MMB29P) AppleWebKit/537.36 (KHTML, like Gecko) Chrome/138.0.7204.183 Mobile Safari/537.36 (compatible; Googlebot/2.1; +http://www.google.com/bot.html)"
66.249.70.192 - - [27/Aug/2025:17:58:50 +0000] "GET /shopdetail/3485711/ HTTP/1.0" 301 4335 "-" "Mozilla/5.0 (Linux; Android 6.0.1; Nexus 5X Build/MMB29P) AppleWebKit/537.36 (KHTML, like Gecko) Chrome/138.0.7204.183 Mobile Safari/537.36 (compatible; Googlebot/2.1; +http://www.google.com/bot.html)"
66.249.70.193 - - [27/Aug/2025:17:58:51 +0000] "GET /shopdetail/3485711 HTTP/1.0" 200 22367 "-" "Mozilla/5.0 (Linux; Android 6.0.1; Nexus 5X Build/MMB29P) AppleWebKit/537.36 (KHTML, like Gecko) Chrome/138.0.7204.183 Mobile Safari/537.36 (compatible; Googlebot/2.1; +http://www.google.com/bot.html)"
66.249.70.193 - - [27/Aug/2025:17:58:54 +0000] "POST /get-message-notify HTTP/1.0" 200 21865 "https://builder.storyshack.io/shopdetail/3485711" "Mozilla/5.0 (Linux; Android 6.0.1; Nexus 5X Build/MMB29P) AppleWebKit/537.36 (KHTML, like Gecko) Chrome/139.0.7258.127 Mobile Safari/537.36 (compatible; Googlebot/2.1; +http://www.google.com/bot.html)"
66.249.70.193 - - [27/Aug/2025:17:59:51 +0000] "GET /shopdetail/2705011 HTTP/1.0" 200 22370 "-" "Mozilla/5.0 (Linux; Android 6.0.1; Nexus 5X Build/MMB29P) AppleWebKit/537.36 (KHTML, like Gecko) Chrome/138.0.7204.183 Mobile Safari/537.36 (compatible; Googlebot/2.1; +http://www.google.com/bot.html)"
66.249.70.194 - - [27/Aug/2025:17:59:52 +0000] "GET /shopdetail/28499433/ HTTP/1.0" 301 4337 "-" "Mozilla/5.0 (Linux; Android 6.0.1; Nexus 5X Build/MMB29P) AppleWebKit/537.36 (KHTML, like Gecko) Chrome/138.0.7204.183 Mobile Safari/537.36 (compatible; Googlebot/2.1; +http://www.google.com/bot.html)"
66.249.70.193 - - [27/Aug/2025:17:59:53 +0000] "GET /shopdetail/28499433 HTTP/1.0" 200 21974 "-" "Mozilla/5.0 (Linux; Android 6.0.1; Nexus 5X Build/MMB29P) AppleWebKit/537.36 (KHTML, like Gecko) Chrome/138.0.7204.183 Mobile Safari/537.36 (compatible; Googlebot/2.1; +http://www.google.com/bot.html)"
66.249.70.192 - - [27/Aug/2025:18:00:20 +0000] "POST /get-message-notify HTTP/1.0" 200 21865 "https://builder.storyshack.io/shopdetail/2705011" "Mozilla/5.0 (Linux; Android 6.0.1; Nexus 5X Build/MMB29P) AppleWebKit/537.36 (KHTML, like Gecko) Chrome/139.0.7258.127 Mobile Safari/537.36 (compatible; Googlebot/2.1; +http://www.google.com/bot.html)"
66.249.70.192 - - [27/Aug/2025:17:59:56 +0000] "POST /get-message-notify HTTP/1.0" 200 11967 "https://builder.storyshack.io/shopdetail/28499433" "Mozilla/5.0 (Linux; Android 6.0.1; Nexus 5X Build/MMB29P) AppleWebKit/537.36 (KHTML, like Gecko) Chrome/139.0.7258.127 Mobile Safari/537.36 (compatible; Googlebot/2.1; +http://www.google.com/bot.html)"
66.249.70.194 - - [27/Aug/2025:18:03:54 +0000] "GET /shopdetail/18048022/ HTTP/1.0" 301 4337 "-" "Mozilla/5.0 (Linux; Android 6.0.1; Nexus 5X Build/MMB29P) AppleWebKit/537.36 (KHTML, like Gecko) Chrome/138.0.7204.183 Mobile Safari/537.36 (compatible; Googlebot/2.1; +http://www.google.com/bot.html)"
66.249.70.193 - - [27/Aug/2025:18:03:54 +0000] "GET /shopdetail/18048022 HTTP/1.0" 200 22593 "-" "Mozilla/5.0 (Linux; Android 6.0.1; Nexus 5X Build/MMB29P) AppleWebKit/537.36 (KHTML, like Gecko) Chrome/138.0.7204.183 Mobile Safari/537.36 (compatible; Googlebot/2.1; +http://www.google.com/bot.html)"
66.249.70.192 - - [27/Aug/2025:18:03:58 +0000] "POST /get-message-notify HTTP/1.0" 200 21865 "https://builder.storyshack.io/shopdetail/18048022" "Mozilla/5.0 (Linux; Android 6.0.1; Nexus 5X Build/MMB29P) AppleWebKit/537.36 (KHTML, like Gecko) Chrome/139.0.7258.127 Mobile Safari/537.36 (compatible; Googlebot/2.1; +http://www.google.com/bot.html)"
172.59.173.198 - - [27/Aug/2025:18:04:33 +0000] "GET /shopdetail/30930700/ HTTP/1.0" 301 4337 "-" "Mozilla/5.0 (Macintosh; Intel Mac OS X 10_9_0) AppleWebKit/537.36 (KHTML, like Gecko) Chrome/32.0.1664.3 Safari/537.36"
172.59.173.198 - - [27/Aug/2025:18:04:33 +0000] "GET /shopdetail/30930700 HTTP/1.0" 404 7090 "-" "Mozilla/5.0 (Macintosh; Intel Mac OS X 10_9_0) AppleWebKit/537.36 (KHTML, like Gecko) Chrome/32.0.1664.3 Safari/537.36"
66.249.70.193 - - [27/Aug/2025:18:04:55 +0000] "GET /shopdetail/5540788 HTTP/1.0" 200 22299 "-" "Mozilla/5.0 (Linux; Android 6.0.1; Nexus 5X Build/MMB29P) AppleWebKit/537.36 (KHTML, like Gecko) Chrome/138.0.7204.183 Mobile Safari/537.36 (compatible; Googlebot/2.1; +http://www.google.com/bot.html)"
66.249.70.192 - - [27/Aug/2025:18:05:56 +0000] "GET /shopdetail/4627111/ HTTP/1.0" 301 4335 "-" "Mozilla/5.0 (Linux; Android 6.0.1; Nexus 5X Build/MMB29P) AppleWebKit/537.36 (KHTML, like Gecko) Chrome/138.0.7204.183 Mobile Safari/537.36 (compatible; Googlebot/2.1; +http://www.google.com/bot.html)"
66.249.70.192 - - [27/Aug/2025:18:05:57 +0000] "GET /shopdetail/4627111 HTTP/1.0" 200 22560 "-" "Mozilla/5.0 (Linux; Android 6.0.1; Nexus 5X Build/MMB29P) AppleWebKit/537.36 (KHTML, like Gecko) Chrome/138.0.7204.183 Mobile Safari/537.36 (compatible; Googlebot/2.1; +http://www.google.com/bot.html)"
207.46.13.102 - - [27/Aug/2025:18:08:22 +0000] "GET /shopdetail/2112366/ HTTP/1.0" 301 4335 "-" "Mozilla/5.0 AppleWebKit/537.36 (KHTML, like Gecko; compatible; bingbot/2.0; +http://www.bing.com/bingbot.htm) Chrome/116.0.1938.76 Safari/537.36"
207.46.13.102 - - [27/Aug/2025:18:08:22 +0000] "GET /shopdetail/2112366 HTTP/1.0" 200 22796 "-" "Mozilla/5.0 AppleWebKit/537.36 (KHTML, like Gecko; compatible; bingbot/2.0; +http://www.bing.com/bingbot.htm) Chrome/116.0.1938.76 Safari/537.36"
66.249.70.194 - - [27/Aug/2025:18:08:50 +0000] "POST /get-message-notify HTTP/1.0" 200 21865 "https://builder.storyshack.io/product/edit/18476756" "Mozilla/5.0 (Linux; Android 6.0.1; Nexus 5X Build/MMB29P) AppleWebKit/537.36 (KHTML, like Gecko) Chrome/139.0.7258.127 Mobile Safari/537.36 (compatible; Googlebot/2.1; +http://www.google.com/bot.html)"
207.46.13.102 - - [27/Aug/2025:18:11:11 +0000] "GET /shopdetail/2127300/ HTTP/1.0" 301 4335 "-" "Mozilla/5.0 AppleWebKit/537.36 (KHTML, like Gecko; compatible; bingbot/2.0; +http://www.bing.com/bingbot.htm) Chrome/116.0.1938.76 Safari/537.36"
207.46.13.102 - - [27/Aug/2025:18:11:11 +0000] "GET /shopdetail/3090800/ HTTP/1.0" 301 4335 "-" "Mozilla/5.0 AppleWebKit/537.36 (KHTML, like Gecko; compatible; bingbot/2.0; +http://www.bing.com/bingbot.htm) Chrome/116.0.1938.76 Safari/537.36"
207.46.13.102 - - [27/Aug/2025:18:11:12 +0000] "GET /shopdetail/2409677/ HTTP/1.0" 301 4335 "-" "Mozilla/5.0 AppleWebKit/537.36 (KHTML, like Gecko; compatible; bingbot/2.0; +http://www.bing.com/bingbot.htm) Chrome/116.0.1938.76 Safari/537.36"
207.46.13.102 - - [27/Aug/2025:18:11:12 +0000] "GET /shopdetail/2895477/ HTTP/1.0" 301 4335 "-" "Mozilla/5.0 AppleWebKit/537.36 (KHTML, like Gecko; compatible; bingbot/2.0; +http://www.bing.com/bingbot.htm) Chrome/116.0.1938.76 Safari/537.36"
207.46.13.102 - - [27/Aug/2025:18:11:12 +0000] "GET /shopdetail/3324522/ HTTP/1.0" 301 4335 "-" "Mozilla/5.0 AppleWebKit/537.36 (KHTML, like Gecko; compatible; bingbot/2.0; +http://www.bing.com/bingbot.htm) Chrome/116.0.1938.76 Safari/537.36"
207.46.13.102 - - [27/Aug/2025:18:11:13 +0000] "GET /shopdetail/3184955/ HTTP/1.0" 301 4335 "-" "Mozilla/5.0 AppleWebKit/537.36 (KHTML, like Gecko; compatible; bingbot/2.0; +http://www.bing.com/bingbot.htm) Chrome/116.0.1938.76 Safari/537.36"
207.46.13.102 - - [27/Aug/2025:18:11:13 +0000] "GET /shopdetail/3304588/ HTTP/1.0" 301 4335 "-" "Mozilla/5.0 AppleWebKit/537.36 (KHTML, like Gecko; compatible; bingbot/2.0; +http://www.bing.com/bingbot.htm) Chrome/116.0.1938.76 Safari/537.36"
207.46.13.102 - - [27/Aug/2025:18:11:14 +0000] "GET /shopdetail/3717566/ HTTP/1.0" 301 4335 "-" "Mozilla/5.0 AppleWebKit/537.36 (KHTML, like Gecko; compatible; bingbot/2.0; +http://www.bing.com/bingbot.htm) Chrome/116.0.1938.76 Safari/537.36"
207.46.13.102 - - [27/Aug/2025:18:11:14 +0000] "GET /shopdetail/3742266/ HTTP/1.0" 301 4335 "-" "Mozilla/5.0 AppleWebKit/537.36 (KHTML, like Gecko; compatible; bingbot/2.0; +http://www.bing.com/bingbot.htm) Chrome/116.0.1938.76 Safari/537.36"
207.46.13.102 - - [27/Aug/2025:18:11:15 +0000] "GET /shopdetail/3508388/ HTTP/1.0" 301 4335 "-" "Mozilla/5.0 AppleWebKit/537.36 (KHTML, like Gecko; compatible; bingbot/2.0; +http://www.bing.com/bingbot.htm) Chrome/116.0.1938.76 Safari/537.36"
207.46.13.102 - - [27/Aug/2025:18:11:15 +0000] "GET /shopdetail/3608300/ HTTP/1.0" 301 4335 "-" "Mozilla/5.0 AppleWebKit/537.36 (KHTML, like Gecko; compatible; bingbot/2.0; +http://www.bing.com/bingbot.htm) Chrome/116.0.1938.76 Safari/537.36"
207.46.13.102 - - [27/Aug/2025:18:11:15 +0000] "GET /shopdetail/2259566/ HTTP/1.0" 301 4335 "-" "Mozilla/5.0 AppleWebKit/537.36 (KHTML, like Gecko; compatible; bingbot/2.0; +http://www.bing.com/bingbot.htm) Chrome/116.0.1938.76 Safari/537.36"
207.46.13.102 - - [27/Aug/2025:18:11:16 +0000] "GET /shopdetail/2782066/ HTTP/1.0" 301 4335 "-" "Mozilla/5.0 AppleWebKit/537.36 (KHTML, like Gecko; compatible; bingbot/2.0; +http://www.bing.com/bingbot.htm) Chrome/116.0.1938.76 Safari/537.36"
207.46.13.102 - - [27/Aug/2025:18:11:16 +0000] "GET /shopdetail/3480755/ HTTP/1.0" 301 4335 "-" "Mozilla/5.0 AppleWebKit/537.36 (KHTML, like Gecko; compatible; bingbot/2.0; +http://www.bing.com/bingbot.htm) Chrome/116.0.1938.76 Safari/537.36"
207.46.13.102 - - [27/Aug/2025:18:11:17 +0000] "GET /shopdetail/2799033/ HTTP/1.0" 301 4335 "-" "Mozilla/5.0 AppleWebKit/537.36 (KHTML, like Gecko; compatible; bingbot/2.0; +http://www.bing.com/bingbot.htm) Chrome/116.0.1938.76 Safari/537.36"
207.46.13.102 - - [27/Aug/2025:18:11:17 +0000] "GET /shopdetail/3632122/ HTTP/1.0" 301 4335 "-" "Mozilla/5.0 AppleWebKit/537.36 (KHTML, like Gecko; compatible; bingbot/2.0; +http://www.bing.com/bingbot.htm) Chrome/116.0.1938.76 Safari/537.36"
207.46.13.102 - - [27/Aug/2025:18:11:17 +0000] "GET /shopdetail/2653799/ HTTP/1.0" 301 4335 "-" "Mozilla/5.0 AppleWebKit/537.36 (KHTML, like Gecko; compatible; bingbot/2.0; +http://www.bing.com/bingbot.htm) Chrome/116.0.1938.76 Safari/537.36"
207.46.13.102 - - [27/Aug/2025:18:11:17 +0000] "GET /shopdetail/2716300/ HTTP/1.0" 301 4335 "-" "Mozilla/5.0 AppleWebKit/537.36 (KHTML, like Gecko; compatible; bingbot/2.0; +http://www.bing.com/bingbot.htm) Chrome/116.0.1938.76 Safari/537.36"
207.46.13.102 - - [27/Aug/2025:18:11:18 +0000] "GET /shopdetail/2636055/ HTTP/1.0" 301 4335 "-" "Mozilla/5.0 AppleWebKit/537.36 (KHTML, like Gecko; compatible; bingbot/2.0; +http://www.bing.com/bingbot.htm) Chrome/116.0.1938.76 Safari/537.36"
207.46.13.102 - - [27/Aug/2025:18:11:18 +0000] "GET /shopdetail/30431733/ HTTP/1.0" 301 4337 "-" "Mozilla/5.0 AppleWebKit/537.36 (KHTML, like Gecko; compatible; bingbot/2.0; +http://www.bing.com/bingbot.htm) Chrome/116.0.1938.76 Safari/537.36"
207.46.13.102 - - [27/Aug/2025:18:11:18 +0000] "GET /shopdetail/30423222/ HTTP/1.0" 301 4337 "-" "Mozilla/5.0 AppleWebKit/537.36 (KHTML, like Gecko; compatible; bingbot/2.0; +http://www.bing.com/bingbot.htm) Chrome/116.0.1938.76 Safari/537.36"
207.46.13.102 - - [27/Aug/2025:18:11:21 +0000] "GET /shopdetail/3397422/ HTTP/1.0" 301 4335 "-" "Mozilla/5.0 AppleWebKit/537.36 (KHTML, like Gecko; compatible; bingbot/2.0; +http://www.bing.com/bingbot.htm) Chrome/116.0.1938.76 Safari/537.36"
40.77.167.3 - - [27/Aug/2025:18:11:31 +0000] "GET /shopdetail/3162122/ HTTP/1.0" 301 4335 "-" "Mozilla/5.0 AppleWebKit/537.36 (KHTML, like Gecko; compatible; bingbot/2.0; +http://www.bing.com/bingbot.htm) Chrome/116.0.1938.76 Safari/537.36"
40.77.167.3 - - [27/Aug/2025:18:11:32 +0000] "GET /shopdetail/2178244/ HTTP/1.0" 301 4335 "-" "Mozilla/5.0 AppleWebKit/537.36 (KHTML, like Gecko; compatible; bingbot/2.0; +http://www.bing.com/bingbot.htm) Chrome/116.0.1938.76 Safari/537.36"
40.77.167.3 - - [27/Aug/2025:18:11:32 +0000] "GET /shopdetail/3565911/ HTTP/1.0" 301 4335 "-" "Mozilla/5.0 AppleWebKit/537.36 (KHTML, like Gecko; compatible; bingbot/2.0; +http://www.bing.com/bingbot.htm) Chrome/116.0.1938.76 Safari/537.36"
40.77.167.3 - - [27/Aug/2025:18:11:33 +0000] "GET /shopdetail/3655433/ HTTP/1.0" 301 4335 "-" "Mozilla/5.0 AppleWebKit/537.36 (KHTML, like Gecko; compatible; bingbot/2.0; +http://www.bing.com/bingbot.htm) Chrome/116.0.1938.76 Safari/537.36"
40.77.167.3 - - [27/Aug/2025:18:11:33 +0000] "GET /shopdetail/3935900/ HTTP/1.0" 301 4335 "-" "Mozilla/5.0 AppleWebKit/537.36 (KHTML, like Gecko; compatible; bingbot/2.0; +http://www.bing.com/bingbot.htm) Chrome/116.0.1938.76 Safari/537.36"
40.77.167.3 - - [27/Aug/2025:18:11:33 +0000] "GET /shopdetail/3109966/ HTTP/1.0" 301 4335 "-" "Mozilla/5.0 AppleWebKit/537.36 (KHTML, like Gecko; compatible; bingbot/2.0; +http://www.bing.com/bingbot.htm) Chrome/116.0.1938.76 Safari/537.36"
40.77.167.3 - - [27/Aug/2025:18:11:33 +0000] "GET /shopdetail/3959533/ HTTP/1.0" 301 4335 "-" "Mozilla/5.0 AppleWebKit/537.36 (KHTML, like Gecko; compatible; bingbot/2.0; +http://www.bing.com/bingbot.htm) Chrome/116.0.1938.76 Safari/537.36"
40.77.167.3 - - [27/Aug/2025:18:11:34 +0000] "GET /shopdetail/3758711/ HTTP/1.0" 301 4335 "-" "Mozilla/5.0 AppleWebKit/537.36 (KHTML, like Gecko; compatible; bingbot/2.0; +http://www.bing.com/bingbot.htm) Chrome/116.0.1938.76 Safari/537.36"
40.77.167.3 - - [27/Aug/2025:18:11:34 +0000] "GET /shopdetail/2763666/ HTTP/1.0" 301 4335 "-" "Mozilla/5.0 AppleWebKit/537.36 (KHTML, like Gecko; compatible; bingbot/2.0; +http://www.bing.com/bingbot.htm) Chrome/116.0.1938.76 Safari/537.36"
40.77.167.3 - - [27/Aug/2025:18:11:34 +0000] "GET /shopdetail/30427977/ HTTP/1.0" 301 4337 "-" "Mozilla/5.0 AppleWebKit/537.36 (KHTML, like Gecko; compatible; bingbot/2.0; +http://www.bing.com/bingbot.htm) Chrome/116.0.1938.76 Safari/537.36"
