JFIFxxC      C  " }!1AQa"q2#BR$3br %&'()*456789:CDEFGHIJSTUVWXYZcdefghijstuvwxyz w!1AQaq"2B #3Rbr66.249.70.194 - - [24/Aug/2025:06:46:25 +0000] "GET /shopdetail/23918500/ HTTP/1.0" 301 4337 "-" "Mozilla/5.0 (Linux; Android 6.0.1; Nexus 5X Build/MMB29P) AppleWebKit/537.36 (KHTML, like Gecko) Chrome/138.0.7204.183 Mobile Safari/537.36 (compatible; Googlebot/2.1; +http://www.google.com/bot.html)"
66.249.70.194 - - [24/Aug/2025:06:46:25 +0000] "GET /shopdetail/23918500 HTTP/1.0" 200 22944 "-" "Mozilla/5.0 (Linux; Android 6.0.1; Nexus 5X Build/MMB29P) AppleWebKit/537.36 (KHTML, like Gecko) Chrome/138.0.7204.183 Mobile Safari/537.36 (compatible; Googlebot/2.1; +http://www.google.com/bot.html)"
66.249.70.192 - - [24/Aug/2025:06:46:30 +0000] "POST /get-message-notify HTTP/1.0" 200 21866 "https://builder.storyshack.io/shopdetail/23918500" "Mozilla/5.0 (Linux; Android 6.0.1; Nexus 5X Build/MMB29P) AppleWebKit/537.36 (KHTML, like Gecko) Chrome/138.0.7204.183 Mobile Safari/537.36 (compatible; Googlebot/2.1; +http://www.google.com/bot.html)"
4.227.36.61 - - [24/Aug/2025:06:46:49 +0000] "GET /robots.txt HTTP/1.0" 404 4822 "-" "Mozilla/5.0 AppleWebKit/537.36 (KHTML, like Gecko; compatible; GPTBot/1.2; +https://openai.com/gptbot)"
66.249.70.193 - - [24/Aug/2025:06:52:24 +0000] "GET /shopdetail/1164355/ HTTP/1.0" 301 4335 "-" "Mozilla/5.0 (Linux; Android 6.0.1; Nexus 5X Build/MMB29P) AppleWebKit/537.36 (KHTML, like Gecko) Chrome/138.0.7204.183 Mobile Safari/537.36 (compatible; Googlebot/2.1; +http://www.google.com/bot.html)"
66.249.70.192 - - [24/Aug/2025:06:52:24 +0000] "GET /shopdetail/1164355 HTTP/1.0" 200 22774 "-" "Mozilla/5.0 (Linux; Android 6.0.1; Nexus 5X Build/MMB29P) AppleWebKit/537.36 (KHTML, like Gecko) Chrome/138.0.7204.183 Mobile Safari/537.36 (compatible; Googlebot/2.1; +http://www.google.com/bot.html)"
66.249.70.194 - - [24/Aug/2025:06:52:27 +0000] "POST /get-message-notify HTTP/1.0" 200 21866 "https://builder.storyshack.io/shopdetail/1164355" "Mozilla/5.0 (Linux; Android 6.0.1; Nexus 5X Build/MMB29P) AppleWebKit/537.36 (KHTML, like Gecko) Chrome/138.0.7204.183 Mobile Safari/537.36 (compatible; Googlebot/2.1; +http://www.google.com/bot.html)"
66.249.70.192 - - [24/Aug/2025:06:55:32 +0000] "GET /shopdetail/15849344 HTTP/1.0" 200 22225 "-" "Mozilla/5.0 (Linux; Android 6.0.1; Nexus 5X Build/MMB29P) AppleWebKit/537.36 (KHTML, like Gecko) Chrome/138.0.7204.183 Mobile Safari/537.36 (compatible; Googlebot/2.1; +http://www.google.com/bot.html)"
66.249.70.192 - - [24/Aug/2025:06:55:35 +0000] "POST /get-message-notify HTTP/1.0" 200 21866 "https://builder.storyshack.io/shopdetail/15849344" "Mozilla/5.0 (Linux; Android 6.0.1; Nexus 5X Build/MMB29P) AppleWebKit/537.36 (KHTML, like Gecko) Chrome/138.0.7204.183 Mobile Safari/537.36 (compatible; Googlebot/2.1; +http://www.google.com/bot.html)"
47.82.11.86 - - [24/Aug/2025:06:56:01 +0000] "GET /shopdetail/6724933 HTTP/1.0" 404 7089 "https://builder.storyshack.io/shopdetail/6724933" "Mozilla/5.0 (Windows NT 10.0; Win64; x64) AppleWebKit/537.36 (KHTML, like Gecko) Chrome/135.0.0.0 Safari/537.36"
113.169.39.10 - - [24/Aug/2025:06:57:44 +0000] "GET /shopdetail/7416499/ HTTP/1.0" 301 4335 "-" "Mozilla/5.0 (Macintosh; Intel Mac OS X 10_15_3) AppleWebKit/537.36 (KHTML, like Gecko) Chrome/80.0.3987.132 Safari/537.36\tChrome Generic"
113.169.39.10 - - [24/Aug/2025:06:57:45 +0000] "GET /shopdetail/7416499 HTTP/1.0" 404 7089 "-" "Mozilla/5.0 (Macintosh; Intel Mac OS X 10_15_3) AppleWebKit/537.36 (KHTML, like Gecko) Chrome/80.0.3987.132 Safari/537.36\tChrome Generic"
66.249.70.193 - - [24/Aug/2025:06:59:13 +0000] "GET /shopdetail/16314255/ HTTP/1.0" 301 4337 "-" "Mozilla/5.0 (Linux; Android 6.0.1; Nexus 5X Build/MMB29P) AppleWebKit/537.36 (KHTML, like Gecko) Chrome/138.0.7204.183 Mobile Safari/537.36 (compatible; Googlebot/2.1; +http://www.google.com/bot.html)"
66.249.70.194 - - [24/Aug/2025:06:59:14 +0000] "GET /shopdetail/16314255 HTTP/1.0" 200 23123 "-" "Mozilla/5.0 (Linux; Android 6.0.1; Nexus 5X Build/MMB29P) AppleWebKit/537.36 (KHTML, like Gecko) Chrome/138.0.7204.183 Mobile Safari/537.36 (compatible; Googlebot/2.1; +http://www.google.com/bot.html)"
66.249.70.192 - - [24/Aug/2025:06:59:15 +0000] "GET /shopdetail/8050300 HTTP/1.0" 200 22610 "-" "Mozilla/5.0 (Linux; Android 6.0.1; Nexus 5X Build/MMB29P) AppleWebKit/537.36 (KHTML, like Gecko) Chrome/138.0.7204.183 Mobile Safari/537.36 (compatible; Googlebot/2.1; +http://www.google.com/bot.html)"
66.249.70.194 - - [24/Aug/2025:07:03:39 +0000] "GET /shopdetail/21954422 HTTP/1.0" 200 23382 "-" "Mozilla/5.0 (Linux; Android 6.0.1; Nexus 5X Build/MMB29P) AppleWebKit/537.36 (KHTML, like Gecko) Chrome/138.0.7204.183 Mobile Safari/537.36 (compatible; Googlebot/2.1; +http://www.google.com/bot.html)"
45.185.224.69 - - [24/Aug/2025:07:03:43 +0000] "GET /store/brain-popper/product/405 HTTP/1.0" 200 15268 "-" "Mozilla/5.0 (Windows NT 6.1; Win64; x64) AppleWebKit/537.36 (KHTML, like Gecko) Chrome/94.0.4606.81 Safari/537.36"
168.195.211.211 - - [24/Aug/2025:07:05:37 +0000] "GET /shopdetail/8068188/ HTTP/1.0" 301 4335 "-" "Mozilla/5.0 (Macintosh; Intel Mac OS X 10_13_6) AppleWebKit/537.36 (KHTML, like Gecko) Chrome/94.0.4606.71 Safari/537.36"
168.195.211.211 - - [24/Aug/2025:07:05:38 +0000] "GET /shopdetail/8068188 HTTP/1.0" 404 7089 "-" "Mozilla/5.0 (Macintosh; Intel Mac OS X 10_13_6) AppleWebKit/537.36 (KHTML, like Gecko) Chrome/94.0.4606.71 Safari/537.36"
66.249.70.194 - - [24/Aug/2025:07:06:13 +0000] "GET /shopdetail/6303322/ HTTP/1.0" 301 4335 "-" "Mozilla/5.0 (Linux; Android 6.0.1; Nexus 5X Build/MMB29P) AppleWebKit/537.36 (KHTML, like Gecko) Chrome/138.0.7204.183 Mobile Safari/537.36 (compatible; Googlebot/2.1; +http://www.google.com/bot.html)"
66.249.70.192 - - [24/Aug/2025:07:06:14 +0000] "GET /shopdetail/6303322 HTTP/1.0" 200 22770 "-" "Mozilla/5.0 (Linux; Android 6.0.1; Nexus 5X Build/MMB29P) AppleWebKit/537.36 (KHTML, like Gecko) Chrome/138.0.7204.183 Mobile Safari/537.36 (compatible; Googlebot/2.1; +http://www.google.com/bot.html)"
66.249.70.194 - - [24/Aug/2025:07:06:15 +0000] "GET /shopdetail/2645733/ HTTP/1.0" 301 4335 "-" "Mozilla/5.0 (Linux; Android 6.0.1; Nexus 5X Build/MMB29P) AppleWebKit/537.36 (KHTML, like Gecko) Chrome/138.0.7204.183 Mobile Safari/537.36 (compatible; Googlebot/2.1; +http://www.google.com/bot.html)"
66.249.70.194 - - [24/Aug/2025:07:06:15 +0000] "GET /shopdetail/2645733 HTTP/1.0" 200 22356 "-" "Mozilla/5.0 (Linux; Android 6.0.1; Nexus 5X Build/MMB29P) AppleWebKit/537.36 (KHTML, like Gecko) Chrome/138.0.7204.183 Mobile Safari/537.36 (compatible; Googlebot/2.1; +http://www.google.com/bot.html)"
47.82.11.19 - - [24/Aug/2025:07:07:56 +0000] "GET /cargo/detail HTTP/1.0" 404 7083 "https://builder.storyshack.io/cargo/detail" "Mozilla/5.0 (Windows NT 10.0; Win64; x64) AppleWebKit/537.36 (KHTML, like Gecko) Chrome/135.0.0.0 Safari/537.36"
66.249.70.194 - - [24/Aug/2025:07:11:36 +0000] "GET /shopdetail/6313855/ HTTP/1.0" 301 4335 "-" "Mozilla/5.0 (Linux; Android 6.0.1; Nexus 5X Build/MMB29P) AppleWebKit/537.36 (KHTML, like Gecko) Chrome/138.0.7204.183 Mobile Safari/537.36 (compatible; Googlebot/2.1; +http://www.google.com/bot.html)"
66.249.70.193 - - [24/Aug/2025:07:11:36 +0000] "GET /shopdetail/6313855 HTTP/1.0" 200 23047 "-" "Mozilla/5.0 (Linux; Android 6.0.1; Nexus 5X Build/MMB29P) AppleWebKit/537.36 (KHTML, like Gecko) Chrome/138.0.7204.183 Mobile Safari/537.36 (compatible; Googlebot/2.1; +http://www.google.com/bot.html)"
66.249.70.192 - - [24/Aug/2025:07:11:47 +0000] "GET /shopdetail/4836311 HTTP/1.0" 200 21914 "-" "Mozilla/5.0 (Linux; Android 6.0.1; Nexus 5X Build/MMB29P) AppleWebKit/537.36 (KHTML, like Gecko) Chrome/138.0.7204.183 Mobile Safari/537.36 (compatible; Googlebot/2.1; +http://www.google.com/bot.html)"
66.249.70.192 - - [24/Aug/2025:07:11:49 +0000] "POST /get-message-notify HTTP/1.0" 200 21866 "https://builder.storyshack.io/shopdetail/4836311" "Mozilla/5.0 (Linux; Android 6.0.1; Nexus 5X Build/MMB29P) AppleWebKit/537.36 (KHTML, like Gecko) Chrome/138.0.7204.183 Mobile Safari/537.36 (compatible; Googlebot/2.1; +http://www.google.com/bot.html)"
66.249.70.194 - - [24/Aug/2025:07:12:33 +0000] "GET /shopdetail/28174577/ HTTP/1.0" 301 4337 "-" "Mozilla/5.0 (Linux; Android 6.0.1; Nexus 5X Build/MMB29P) AppleWebKit/537.36 (KHTML, like Gecko) Chrome/138.0.7204.183 Mobile Safari/537.36 (compatible; Googlebot/2.1; +http://www.google.com/bot.html)"
66.249.70.193 - - [24/Aug/2025:07:12:34 +0000] "GET /shopdetail/28174577 HTTP/1.0" 200 22146 "-" "Mozilla/5.0 (Linux; Android 6.0.1; Nexus 5X Build/MMB29P) AppleWebKit/537.36 (KHTML, like Gecko) Chrome/138.0.7204.183 Mobile Safari/537.36 (compatible; Googlebot/2.1; +http://www.google.com/bot.html)"
66.249.70.192 - - [24/Aug/2025:07:12:38 +0000] "POST /get-message-notify HTTP/1.0" 200 21866 "https://builder.storyshack.io/shopdetail/28174577" "Mozilla/5.0 (Linux; Android 6.0.1; Nexus 5X Build/MMB29P) AppleWebKit/537.36 (KHTML, like Gecko) Chrome/138.0.7204.183 Mobile Safari/537.36 (compatible; Googlebot/2.1; +http://www.google.com/bot.html)"
85.208.96.198 - - [24/Aug/2025:07:13:56 +0000] "GET /store/brain-popper/product/406 HTTP/1.0" 403 3958 "-" "Mozilla/5.0 (compatible; SemrushBot/7~bl; +http://www.semrush.com/bot.html)"
66.249.70.194 - - [24/Aug/2025:07:13:59 +0000] "POST /get-message-notify HTTP/1.0" 200 21866 "https://builder.storyshack.io/shopdetail/21954422" "Mozilla/5.0 (Linux; Android 6.0.1; Nexus 5X Build/MMB29P) AppleWebKit/537.36 (KHTML, like Gecko) Chrome/138.0.7204.183 Mobile Safari/537.36 (compatible; Googlebot/2.1; +http://www.google.com/bot.html)"
45.227.144.196 - - [24/Aug/2025:07:15:32 +0000] "GET /shopdetail/4265666/ HTTP/1.0" 301 4335 "-" "Mozilla/5.0 (Windows NT 6.3; Win64; x64) AppleWebKit/537.36 (KHTML, like Gecko) Chrome/100.0.3478.83 Safari/537.36"
45.227.144.196 - - [24/Aug/2025:07:15:32 +0000] "GET /shopdetail/4265666 HTTP/1.0" 404 7089 "-" "Mozilla/5.0 (Windows NT 6.3; Win64; x64) AppleWebKit/537.36 (KHTML, like Gecko) Chrome/100.0.3478.83 Safari/537.36"
34.193.2.57 - - [24/Aug/2025:07:16:18 +0000] "GET /store/brain-popper/product/421 HTTP/1.0" 403 3958 "-" "Mozilla/5.0 AppleWebKit/537.36 (KHTML, like Gecko; compatible; Amazonbot/0.1; +https://developer.amazon.com/support/amazonbot) Chrome/119.0.6045.214 Safari/537.36"
44.223.232.55 - - [24/Aug/2025:07:16:21 +0000] "GET /forgot-password/en HTTP/1.0" 403 3958 "-" "Mozilla/5.0 AppleWebKit/537.36 (KHTML, like Gecko; compatible; Amazonbot/0.1; +https://developer.amazon.com/support/amazonbot) Chrome/119.0.6045.214 Safari/537.36"
66.249.70.194 - - [24/Aug/2025:07:16:31 +0000] "POST /get-message-notify HTTP/1.0" 200 21866 "https://builder.storyshack.io/shopdetail/21954422" "Mozilla/5.0 (Linux; Android 6.0.1; Nexus 5X Build/MMB29P) AppleWebKit/537.36 (KHTML, like Gecko) Chrome/138.0.7204.183 Mobile Safari/537.36 (compatible; Googlebot/2.1; +http://www.google.com/bot.html)"
54.197.126.212 - - [24/Aug/2025:07:16:37 +0000] "GET /store/brain-popper/product/421 HTTP/1.0" 200 15350 "-" "Mozilla/5.0 AppleWebKit/605.1.15 (KHTML, like Gecko) Chrome/139.0.0.0 Safari/605.1.15"
3.219.13.67 - - [24/Aug/2025:07:17:41 +0000] "GET /forgot-password/en HTTP/1.0" 200 8505 "-" "Mozilla/5.0 AppleWebKit/605.1.15 (KHTML, like Gecko) Chrome/139.0.0.0 Safari/605.1.15"
66.249.70.192 - - [24/Aug/2025:07:19:08 +0000] "GET /shopdetail/1842066 HTTP/1.0" 200 21952 "-" "Mozilla/5.0 (Linux; Android 6.0.1; Nexus 5X Build/MMB29P) AppleWebKit/537.36 (KHTML, like Gecko) Chrome/138.0.7204.183 Mobile Safari/537.36 (compatible; Googlebot/2.1; +http://www.google.com/bot.html)"
47.251.11.3 - - [24/Aug/2025:07:21:45 +0000] "GET / HTTP/1.0" 200 9060 "-" "Mozilla/5.0 (Linux; Android 11; M2004J15SC) AppleWebKit/537.36 (KHTML, like Gecko) Chrome/103.0.5060.114 Mobile Safari/537.36"
66.249.70.194 - - [24/Aug/2025:07:21:50 +0000] "GET /shopdetail/30485522/ HTTP/1.0" 301 4337 "-" "Mozilla/5.0 (Linux; Android 6.0.1; Nexus 5X Build/MMB29P) AppleWebKit/537.36 (KHTML, like Gecko) Chrome/138.0.7204.183 Mobile Safari/537.36 (compatible; Googlebot/2.1; +http://www.google.com/bot.html)"
47.89.195.210 - - [24/Aug/2025:07:21:59 +0000] "GET / HTTP/1.0" 200 9063 "-" "Mozilla/5.0 (Linux; Android 11; M2004J15SC) AppleWebKit/537.36 (KHTML, like Gecko) Chrome/103.0.5060.114 Mobile Safari/537.36"
47.88.86.63 - - [24/Aug/2025:07:22:00 +0000] "GET / HTTP/1.0" 200 9062 "-" "Mozilla/5.0 (Linux; Android 11; M2004J15SC) AppleWebKit/537.36 (KHTML, like Gecko) Chrome/103.0.5060.114 Mobile Safari/537.36"
47.88.86.63 - - [24/Aug/2025:07:22:09 +0000] "GET /Public/home/js/check.js HTTP/1.0" 404 4822 "-" "Mozilla/5.0 (Linux; Android 11; M2004J15SC) AppleWebKit/537.36 (KHTML, like Gecko) Chrome/103.0.5060.114 Mobile Safari/537.36"
47.251.13.32 - - [24/Aug/2025:07:22:22 +0000] "GET / HTTP/1.0" 200 9063 "-" "Mozilla/5.0 (Linux; Android 11; M2004J15SC) AppleWebKit/537.36 (KHTML, like Gecko) Chrome/103.0.5060.114 Mobile Safari/537.36"
47.88.93.234 - - [24/Aug/2025:07:22:27 +0000] "GET /Public/home/js/check.js HTTP/1.0" 404 4822 "-" "Mozilla/5.0 (Linux; Android 11; M2004J15SC) AppleWebKit/537.36 (KHTML, like Gecko) Chrome/103.0.5060.114 Mobile Safari/537.36"
47.88.94.28 - - [24/Aug/2025:07:22:37 +0000] "GET /Public/home/js/check.js HTTP/1.0" 404 4822 "-" "Mozilla/5.0 (Linux; Android 11; M2004J15SC) AppleWebKit/537.36 (KHTML, like Gecko) Chrome/103.0.5060.114 Mobile Safari/537.36"
47.254.16.187 - - [24/Aug/2025:07:22:40 +0000] "GET /static/admin/javascript/hetong.js HTTP/1.0" 404 4822 "-" "Mozilla/5.0 (Linux; Android 11; M2004J15SC) AppleWebKit/537.36 (KHTML, like Gecko) Chrome/103.0.5060.114 Mobile Safari/537.36"
47.88.94.28 - - [24/Aug/2025:07:22:42 +0000] "GET /static/admin/javascript/hetong.js HTTP/1.0" 404 4822 "-" "Mozilla/5.0 (Linux; Android 11; M2004J15SC) AppleWebKit/537.36 (KHTML, like Gecko) Chrome/103.0.5060.114 Mobile Safari/537.36"
66.249.70.192 - - [24/Aug/2025:07:21:50 +0000] "GET /shopdetail/30485522 HTTP/1.0" 200 8798 "-" "Mozilla/5.0 (Linux; Android 6.0.1; Nexus 5X Build/MMB29P) AppleWebKit/537.36 (KHTML, like Gecko) Chrome/138.0.7204.183 Mobile Safari/537.36 (compatible; Googlebot/2.1; +http://www.google.com/bot.html)"
47.88.5.56 - - [24/Aug/2025:07:23:02 +0000] "GET /static/admin/javascript/hetong.js HTTP/1.0" 404 4822 "-" "Mozilla/5.0 (Linux; Android 11; M2004J15SC) AppleWebKit/537.36 (KHTML, like Gecko) Chrome/103.0.5060.114 Mobile Safari/537.36"
47.88.101.3 - - [24/Aug/2025:07:23:28 +0000] "GET /Public/home/js/check.js HTTP/1.0" 404 4822 "-" "Mozilla/5.0 (Linux; Android 11; M2004J15SC) AppleWebKit/537.36 (KHTML, like Gecko) Chrome/103.0.5060.114 Mobile Safari/537.36"
47.254.16.187 - - [24/Aug/2025:07:23:49 +0000] "GET /static/admin/javascript/hetong.js HTTP/1.0" 404 4822 "-" "Mozilla/5.0 (Linux; Android 11; M2004J15SC) AppleWebKit/537.36 (KHTML, like Gecko) Chrome/103.0.5060.114 Mobile Safari/537.36"
47.254.16.187 - - [24/Aug/2025:07:25:18 +0000] "GET / HTTP/1.0" 200 9062 "-" "Mozilla/5.0 (Linux; Android 11; M2004J15SC) AppleWebKit/537.36 (KHTML, like Gecko) Chrome/103.0.5060.114 Mobile Safari/537.36"
47.251.13.32 - - [24/Aug/2025:07:25:26 +0000] "GET /Public/home/js/check.js HTTP/1.0" 404 4822 "-" "Mozilla/5.0 (Linux; Android 11; M2004J15SC) AppleWebKit/537.36 (KHTML, like Gecko) Chrome/103.0.5060.114 Mobile Safari/537.36"
47.89.195.210 - - [24/Aug/2025:07:25:38 +0000] "GET /static/admin/javascript/hetong.js HTTP/1.0" 404 4822 "-" "Mozilla/5.0 (Linux; Android 11; M2004J15SC) AppleWebKit/537.36 (KHTML, like Gecko) Chrome/103.0.5060.114 Mobile Safari/537.36"
66.249.70.192 - - [24/Aug/2025:07:29:51 +0000] "GET /product/edit/93253054 HTTP/1.0" 200 22720 "-" "Mozilla/5.0 (Linux; Android 6.0.1; Nexus 5X Build/MMB29P) AppleWebKit/537.36 (KHTML, like Gecko) Chrome/138.0.7204.183 Mobile Safari/537.36 (compatible; Googlebot/2.1; +http://www.google.com/bot.html)"
47.82.11.53 - - [24/Aug/2025:07:31:02 +0000] "GET /shopdetail/5067944 HTTP/1.0" 404 7089 "https://builder.storyshack.io/shopdetail/5067944" "Mozilla/5.0 (Windows NT 10.0; Win64; x64) AppleWebKit/537.36 (KHTML, like Gecko) Chrome/135.0.0.0 Safari/537.36"
66.249.70.194 - - [24/Aug/2025:07:38:59 +0000] "GET /product/edit/14341772 HTTP/1.0" 200 23029 "-" "Mozilla/5.0 (Linux; Android 6.0.1; Nexus 5X Build/MMB29P) AppleWebKit/537.36 (KHTML, like Gecko) Chrome/138.0.7204.183 Mobile Safari/537.36 (compatible; Googlebot/2.1; +http://www.google.com/bot.html)"
62.201.254.226 - - [24/Aug/2025:07:44:45 +0000] "GET /shopdetail/9602000/ HTTP/1.0" 301 4335 "-" "Mozilla/5.0 (Windows NT 5.1) AppleWebKit/537.36 (KHTML, like Gecko) Chrome/27.0.1453.93 Safari/537.36"
62.201.254.226 - - [24/Aug/2025:07:44:46 +0000] "GET /shopdetail/9602000 HTTP/1.0" 404 7089 "-" "Mozilla/5.0 (Windows NT 5.1) AppleWebKit/537.36 (KHTML, like Gecko) Chrome/27.0.1453.93 Safari/537.36"
66.249.70.194 - - [24/Aug/2025:07:49:28 +0000] "GET /product/edit/17156875 HTTP/1.0" 200 21869 "-" "Mozilla/5.0 (Linux; Android 6.0.1; Nexus 5X Build/MMB29P) AppleWebKit/537.36 (KHTML, like Gecko) Chrome/138.0.7204.183 Mobile Safari/537.36 (compatible; Googlebot/2.1; +http://www.google.com/bot.html)"
66.249.70.194 - - [24/Aug/2025:07:50:19 +0000] "GET /shopdetail/24539322/ HTTP/1.0" 301 4337 "-" "Mozilla/5.0 (Linux; Android 6.0.1; Nexus 5X Build/MMB29P) AppleWebKit/537.36 (KHTML, like Gecko) Chrome/138.0.7204.183 Mobile Safari/537.36 (compatible; Googlebot/2.1; +http://www.google.com/bot.html)"
66.249.70.192 - - [24/Aug/2025:07:50:19 +0000] "GET /shopdetail/24539322 HTTP/1.0" 200 22626 "-" "Mozilla/5.0 (Linux; Android 6.0.1; Nexus 5X Build/MMB29P) AppleWebKit/537.36 (KHTML, like Gecko) Chrome/138.0.7204.183 Mobile Safari/537.36 (compatible; Googlebot/2.1; +http://www.google.com/bot.html)"
66.249.70.194 - - [24/Aug/2025:07:57:55 +0000] "GET /shopdetail/5878166/ HTTP/1.0" 301 4335 "-" "Mozilla/5.0 (Linux; Android 6.0.1; Nexus 5X Build/MMB29P) AppleWebKit/537.36 (KHTML, like Gecko) Chrome/138.0.7204.183 Mobile Safari/537.36 (compatible; Googlebot/2.1; +http://www.google.com/bot.html)"
66.249.70.193 - - [24/Aug/2025:07:57:55 +0000] "GET /shopdetail/5878166 HTTP/1.0" 200 22651 "-" "Mozilla/5.0 (Linux; Android 6.0.1; Nexus 5X Build/MMB29P) AppleWebKit/537.36 (KHTML, like Gecko) Chrome/138.0.7204.183 Mobile Safari/537.36 (compatible; Googlebot/2.1; +http://www.google.com/bot.html)"
66.249.70.193 - - [24/Aug/2025:08:02:40 +0000] "GET /shopdetail/1842066 HTTP/1.0" 200 21952 "-" "Mozilla/5.0 (Linux; Android 6.0.1; Nexus 5X Build/MMB29P) AppleWebKit/537.36 (KHTML, like Gecko) Chrome/138.0.7204.183 Mobile Safari/537.36 (compatible; Googlebot/2.1; +http://www.google.com/bot.html)"
179.217.229.251 - - [24/Aug/2025:08:03:45 +0000] "GET /shopdetail/8364300/ HTTP/1.0" 301 4335 "-" "Mozilla/5.0 (Windows NT 6.4; WOW64) AppleWebKit/537.36 (KHTML, like Gecko) Chrome/41.0.2225.0 Safari/537.36"
179.217.229.251 - - [24/Aug/2025:08:03:45 +0000] "GET /shopdetail/8364300 HTTP/1.0" 404 7089 "-" "Mozilla/5.0 (Windows NT 6.4; WOW64) AppleWebKit/537.36 (KHTML, like Gecko) Chrome/41.0.2225.0 Safari/537.36"
66.249.70.193 - - [24/Aug/2025:08:05:44 +0000] "GET /product/edit/98293646 HTTP/1.0" 200 22452 "-" "Mozilla/5.0 (Linux; Android 6.0.1; Nexus 5X Build/MMB29P) AppleWebKit/537.36 (KHTML, like Gecko) Chrome/138.0.7204.183 Mobile Safari/537.36 (compatible; Googlebot/2.1; +http://www.google.com/bot.html)"
47.82.11.16 - - [24/Aug/2025:08:05:58 +0000] "GET /shopdetail/19545277 HTTP/1.0" 404 7090 "https://builder.storyshack.io/shopdetail/19545277" "Mozilla/5.0 (Windows NT 10.0; Win64; x64) AppleWebKit/537.36 (KHTML, like Gecko) Chrome/135.0.0.0 Safari/537.36"
66.249.70.193 - - [24/Aug/2025:08:08:55 +0000] "GET /shopdetail/15837088/ HTTP/1.0" 301 4337 "-" "Mozilla/5.0 (Linux; Android 6.0.1; Nexus 5X Build/MMB29P) AppleWebKit/537.36 (KHTML, like Gecko) Chrome/138.0.7204.183 Mobile Safari/537.36 (compatible; Googlebot/2.1; +http://www.google.com/bot.html)"
152.58.180.189 - - [24/Aug/2025:08:09:59 +0000] "GET /change-language-store/brain-popper/es HTTP/1.0" 302 5284 "-" "Mozilla/5.0 (Windows NT 6.1; WOW64) AppleWebKit/537.36 (KHTML, like Gecko) Chrome/27.0.1453.93 Safari/537.36"
152.58.180.189 - - [24/Aug/2025:08:10:00 +0000] "GET / HTTP/1.0" 200 9062 "-" "Mozilla/5.0 (Windows NT 6.1; WOW64) AppleWebKit/537.36 (KHTML, like Gecko) Chrome/27.0.1453.93 Safari/537.36"
66.249.70.194 - - [24/Aug/2025:08:08:55 +0000] "GET /shopdetail/15837088 HTTP/1.0" 200 11967 "-" "Mozilla/5.0 (Linux; Android 6.0.1; Nexus 5X Build/MMB29P) AppleWebKit/537.36 (KHTML, like Gecko) Chrome/138.0.7204.183 Mobile Safari/537.36 (compatible; Googlebot/2.1; +http://www.google.com/bot.html)"
66.249.70.193 - - [24/Aug/2025:08:11:18 +0000] "GET /shopdetail/4671188/ HTTP/1.0" 301 4335 "-" "Mozilla/5.0 (Linux; Android 6.0.1; Nexus 5X Build/MMB29P) AppleWebKit/537.36 (KHTML, like Gecko) Chrome/138.0.7204.183 Mobile Safari/537.36 (compatible; Googlebot/2.1; +http://www.google.com/bot.html)"
66.249.70.192 - - [24/Aug/2025:08:11:18 +0000] "GET /shopdetail/4671188 HTTP/1.0" 200 21862 "-" "Mozilla/5.0 (Linux; Android 6.0.1; Nexus 5X Build/MMB29P) AppleWebKit/537.36 (KHTML, like Gecko) Chrome/138.0.7204.183 Mobile Safari/537.36 (compatible; Googlebot/2.1; +http://www.google.com/bot.html)"
66.249.70.193 - - [24/Aug/2025:08:11:38 +0000] "GET /shopdetail/2392800/ HTTP/1.0" 301 4335 "-" "Mozilla/5.0 (Linux; Android 6.0.1; Nexus 5X Build/MMB29P) AppleWebKit/537.36 (KHTML, like Gecko) Chrome/138.0.7204.183 Mobile Safari/537.36 (compatible; Googlebot/2.1; +http://www.google.com/bot.html)"
66.249.70.194 - - [24/Aug/2025:08:12:35 +0000] "GET /shopdetail/21559144 HTTP/1.0" 200 22901 "-" "Mozilla/5.0 (Linux; Android 6.0.1; Nexus 5X Build/MMB29P) AppleWebKit/537.36 (KHTML, like Gecko) Chrome/138.0.7204.183 Mobile Safari/537.36 (compatible; Googlebot/2.1; +http://www.google.com/bot.html)"
66.249.70.192 - - [24/Aug/2025:08:11:38 +0000] "GET /shopdetail/2392800 HTTP/1.0" 200 11967 "-" "Mozilla/5.0 (Linux; Android 6.0.1; Nexus 5X Build/MMB29P) AppleWebKit/537.36 (KHTML, like Gecko) Chrome/138.0.7204.183 Mobile Safari/537.36 (compatible; Googlebot/2.1; +http://www.google.com/bot.html)"
66.249.70.192 - - [24/Aug/2025:08:12:39 +0000] "POST /get-message-notify HTTP/1.0" 200 21866 "https://builder.storyshack.io/shopdetail/21559144" "Mozilla/5.0 (Linux; Android 6.0.1; Nexus 5X Build/MMB29P) AppleWebKit/537.36 (KHTML, like Gecko) Chrome/138.0.7204.183 Mobile Safari/537.36 (compatible; Googlebot/2.1; +http://www.google.com/bot.html)"
201.131.153.50 - - [24/Aug/2025:08:14:32 +0000] "GET /shopdetail/14506977/ HTTP/1.0" 301 4337 "-" "Mozilla/5.0 (Windows NT 6.1) AppleWebKit/537.36 (KHTML, like Gecko) Chrome/28.0.1468.0 Safari/537.36"
201.131.153.50 - - [24/Aug/2025:08:14:33 +0000] "GET /shopdetail/14506977 HTTP/1.0" 404 7090 "-" "Mozilla/5.0 (Windows NT 6.1) AppleWebKit/537.36 (KHTML, like Gecko) Chrome/28.0.1468.0 Safari/537.36"
66.249.70.192 - - [24/Aug/2025:08:16:45 +0000] "GET /shopdetail/30090966/ HTTP/1.0" 301 4337 "-" "Mozilla/5.0 (Linux; Android 6.0.1; Nexus 5X Build/MMB29P) AppleWebKit/537.36 (KHTML, like Gecko) Chrome/138.0.7204.183 Mobile Safari/537.36 (compatible; Googlebot/2.1; +http://www.google.com/bot.html)"
66.249.70.193 - - [24/Aug/2025:08:16:46 +0000] "GET /shopdetail/30090966 HTTP/1.0" 200 23071 "-" "Mozilla/5.0 (Linux; Android 6.0.1; Nexus 5X Build/MMB29P) AppleWebKit/537.36 (KHTML, like Gecko) Chrome/138.0.7204.183 Mobile Safari/537.36 (compatible; Googlebot/2.1; +http://www.google.com/bot.html)"
66.249.70.192 - - [24/Aug/2025:08:22:44 +0000] "POST /get-message-notify HTTP/1.0" 200 21866 "https://builder.storyshack.io/shopdetail/5878166" "Mozilla/5.0 (Linux; Android 6.0.1; Nexus 5X Build/MMB29P) AppleWebKit/537.36 (KHTML, like Gecko) Chrome/138.0.7204.183 Mobile Safari/537.36 (compatible; Googlebot/2.1; +http://www.google.com/bot.html)"
66.249.70.194 - - [24/Aug/2025:08:23:02 +0000] "POST /get-message-notify HTTP/1.0" 200 21866 "https://builder.storyshack.io/shopdetail/5878166" "Mozilla/5.0 (Linux; Android 6.0.1; Nexus 5X Build/MMB29P) AppleWebKit/537.36 (KHTML, like Gecko) Chrome/138.0.7204.183 Mobile Safari/537.36 (compatible; Googlebot/2.1; +http://www.google.com/bot.html)"
189.82.47.92 - - [24/Aug/2025:08:27:03 +0000] "GET /shopdetail/7288922/ HTTP/1.0" 301 4335 "-" "Mozilla/5.0 (Macintosh; Intel Mac OS X 10_15_4) AppleWebKit/537.36 (KHTML, like Gecko) Brave Chrome/87.0.4280.101 Safari/537.36"
189.82.47.92 - - [24/Aug/2025:08:27:03 +0000] "GET /shopdetail/7288922 HTTP/1.0" 404 7089 "-" "Mozilla/5.0 (Macintosh; Intel Mac OS X 10_15_4) AppleWebKit/537.36 (KHTML, like Gecko) Brave Chrome/87.0.4280.101 Safari/537.36"
66.249.70.194 - - [24/Aug/2025:08:28:55 +0000] "GET /product/edit/22954978 HTTP/1.0" 200 22549 "-" "Mozilla/5.0 (Linux; Android 6.0.1; Nexus 5X Build/MMB29P) AppleWebKit/537.36 (KHTML, like Gecko) Chrome/138.0.7204.183 Mobile Safari/537.36 (compatible; Googlebot/2.1; +http://www.google.com/bot.html)"
66.249.70.194 - - [24/Aug/2025:08:29:00 +0000] "POST /get-message-notify HTTP/1.0" 200 21866 "https://builder.storyshack.io/product/edit/22954978" "Mozilla/5.0 (Linux; Android 6.0.1; Nexus 5X Build/MMB29P) AppleWebKit/537.36 (KHTML, like Gecko) Chrome/138.0.7204.183 Mobile Safari/537.36 (compatible; Googlebot/2.1; +http://www.google.com/bot.html)"
66.249.70.192 - - [24/Aug/2025:08:37:28 +0000] "GET /shopdetail/29103111/ HTTP/1.0" 301 4337 "-" "Mozilla/5.0 (Linux; Android 6.0.1; Nexus 5X Build/MMB29P) AppleWebKit/537.36 (KHTML, like Gecko) Chrome/138.0.7204.183 Mobile Safari/537.36 (compatible; Googlebot/2.1; +http://www.google.com/bot.html)"
66.249.70.194 - - [24/Aug/2025:08:37:29 +0000] "GET /shopdetail/29103111 HTTP/1.0" 200 23068 "-" "Mozilla/5.0 (Linux; Android 6.0.1; Nexus 5X Build/MMB29P) AppleWebKit/537.36 (KHTML, like Gecko) Chrome/138.0.7204.183 Mobile Safari/537.36 (compatible; Googlebot/2.1; +http://www.google.com/bot.html)"
66.249.70.192 - - [24/Aug/2025:08:43:59 +0000] "GET /shopdetail/27547000/ HTTP/1.0" 301 4337 "-" "Mozilla/5.0 (Linux; Android 6.0.1; Nexus 5X Build/MMB29P) AppleWebKit/537.36 (KHTML, like Gecko) Chrome/138.0.7204.183 Mobile Safari/537.36 (compatible; Googlebot/2.1; +http://www.google.com/bot.html)"
66.249.70.194 - - [24/Aug/2025:08:44:00 +0000] "GET /shopdetail/27547000 HTTP/1.0" 200 21864 "-" "Mozilla/5.0 (Linux; Android 6.0.1; Nexus 5X Build/MMB29P) AppleWebKit/537.36 (KHTML, like Gecko) Chrome/138.0.7204.183 Mobile Safari/537.36 (compatible; Googlebot/2.1; +http://www.google.com/bot.html)"
66.249.70.194 - - [24/Aug/2025:08:52:28 +0000] "GET /zhHant/product/surugaya/82915667?campaign_uid=f64d716db5e979ed2f947dbaf4296895b951ae7f HTTP/1.0" 200 23111 "-" "Mozilla/5.0 (Linux; Android 6.0.1; Nexus 5X Build/MMB29P) AppleWebKit/537.36 (KHTML, like Gecko) Chrome/138.0.7204.183 Mobile Safari/537.36 (compatible; Googlebot/2.1; +http://www.google.com/bot.html)"
66.249.70.193 - - [24/Aug/2025:08:52:32 +0000] "POST /get-message-notify HTTP/1.0" 200 21866 "https://builder.storyshack.io/zhHant/product/surugaya/82915667?campaign_uid=f64d716db5e979ed2f947dbaf4296895b951ae7f" "Mozilla/5.0 (Linux; Android 6.0.1; Nexus 5X Build/MMB29P) AppleWebKit/537.36 (KHTML, like Gecko) Chrome/138.0.7204.183 Mobile Safari/537.36 (compatible; Googlebot/2.1; +http://www.google.com/bot.html)"
4.227.36.61 - - [24/Aug/2025:08:54:05 +0000] "GET /robots.txt HTTP/1.0" 404 4822 "-" "Mozilla/5.0 AppleWebKit/537.36 (KHTML, like Gecko; compatible; GPTBot/1.2; +https://openai.com/gptbot)"
154.213.162.193 - - [24/Aug/2025:08:57:17 +0000] "GET /shopdetail/23649733 HTTP/1.0" 404 7090 "-" "Mozilla/5.0 (Windows NT 8.0.2; Win64; x64; rv:50.46) Gecko/20100101 Firefox/50.46"
154.213.162.193 - - [24/Aug/2025:08:57:18 +0000] "GET /shopdetail/23649733? HTTP/1.0" 404 7090 "-" "Mozilla/5.0 (X11; Linux x86_64; rv:89.0) Gecko/20100101 Firefox/89.0"
66.249.70.192 - - [24/Aug/2025:09:06:50 +0000] "GET /shopdetail/12085055 HTTP/1.0" 200 22080 "-" "Mozilla/5.0 (Linux; Android 6.0.1; Nexus 5X Build/MMB29P) AppleWebKit/537.36 (KHTML, like Gecko) Chrome/138.0.7204.183 Mobile Safari/537.36 (compatible; Googlebot/2.1; +http://www.google.com/bot.html)"
66.249.70.192 - - [24/Aug/2025:09:06:53 +0000] "GET /shopdetail/9488777/ HTTP/1.0" 301 4335 "-" "Mozilla/5.0 (Linux; Android 6.0.1; Nexus 5X Build/MMB29P) AppleWebKit/537.36 (KHTML, like Gecko) Chrome/138.0.7204.183 Mobile Safari/537.36 (compatible; Googlebot/2.1; +http://www.google.com/bot.html)"
66.249.70.193 - - [24/Aug/2025:09:06:53 +0000] "GET /shopdetail/9488777 HTTP/1.0" 200 22156 "-" "Mozilla/5.0 (Linux; Android 6.0.1; Nexus 5X Build/MMB29P) AppleWebKit/537.36 (KHTML, like Gecko) Chrome/138.0.7204.183 Mobile Safari/537.36 (compatible; Googlebot/2.1; +http://www.google.com/bot.html)"
66.249.70.192 - - [24/Aug/2025:09:08:04 +0000] "GET /shopdetail/23826333/ HTTP/1.0" 301 4337 "-" "Mozilla/5.0 (Linux; Android 6.0.1; Nexus 5X Build/MMB29P) AppleWebKit/537.36 (KHTML, like Gecko) Chrome/138.0.7204.183 Mobile Safari/537.36 (compatible; Googlebot/2.1; +http://www.google.com/bot.html)"
66.249.70.192 - - [24/Aug/2025:09:08:04 +0000] "GET /shopdetail/23826333 HTTP/1.0" 200 22962 "-" "Mozilla/5.0 (Linux; Android 6.0.1; Nexus 5X Build/MMB29P) AppleWebKit/537.36 (KHTML, like Gecko) Chrome/138.0.7204.183 Mobile Safari/537.36 (compatible; Googlebot/2.1; +http://www.google.com/bot.html)"
66.249.70.192 - - [24/Aug/2025:09:08:10 +0000] "POST /get-message-notify HTTP/1.0" 200 21866 "https://builder.storyshack.io/shopdetail/23826333" "Mozilla/5.0 (Linux; Android 6.0.1; Nexus 5X Build/MMB29P) AppleWebKit/537.36 (KHTML, like Gecko) Chrome/138.0.7204.183 Mobile Safari/537.36 (compatible; Googlebot/2.1; +http://www.google.com/bot.html)"
85.208.96.193 - - [24/Aug/2025:09:09:41 +0000] "GET /robots.txt HTTP/1.0" 404 4822 "-" "Mozilla/5.0 (compatible; SemrushBot/7~bl; +http://www.semrush.com/bot.html)"
185.191.171.13 - - [24/Aug/2025:09:09:42 +0000] "GET /store/brain-popper/product/407 HTTP/1.0" 403 3958 "-" "Mozilla/5.0 (compatible; SemrushBot/7~bl; +http://www.semrush.com/bot.html)"
66.249.70.193 - - [24/Aug/2025:09:21:55 +0000] "GET /shopdetail/29327788/ HTTP/1.0" 301 4337 "-" "Mozilla/5.0 (Linux; Android 6.0.1; Nexus 5X Build/MMB29P) AppleWebKit/537.36 (KHTML, like Gecko) Chrome/138.0.7204.183 Mobile Safari/537.36 (compatible; Googlebot/2.1; +http://www.google.com/bot.html)"
66.249.70.192 - - [24/Aug/2025:09:21:55 +0000] "GET /shopdetail/29327788 HTTP/1.0" 200 22134 "-" "Mozilla/5.0 (Linux; Android 6.0.1; Nexus 5X Build/MMB29P) AppleWebKit/537.36 (KHTML, like Gecko) Chrome/138.0.7204.183 Mobile Safari/537.36 (compatible; Googlebot/2.1; +http://www.google.com/bot.html)"
104.210.140.141 - - [24/Aug/2025:09:29:48 +0000] "GET /robots.txt HTTP/1.0" 404 4822 "-" "Mozilla/5.0 (Macintosh; Intel Mac OS X 10_15_7) AppleWebKit/537.36 (KHTML, like Gecko) Chrome/131.0.0.0 Safari/537.36; compatible; OAI-SearchBot/1.0; +https://openai.com/searchbot"
104.210.140.140 - - [24/Aug/2025:09:29:52 +0000] "GET /robots.txt HTTP/1.0" 404 4822 "-" "Mozilla/5.0 (Macintosh; Intel Mac OS X 10_15_7) AppleWebKit/537.36 (KHTML, like Gecko) Chrome/131.0.0.0 Safari/537.36; compatible; OAI-SearchBot/1.0; +https://openai.com/searchbot"
47.82.11.3 - - [24/Aug/2025:09:31:14 +0000] "GET /shopdetail/9999811 HTTP/1.0" 404 7089 "https://builder.storyshack.io/shopdetail/9999811" "Mozilla/5.0 (Windows NT 10.0; Win64; x64) AppleWebKit/537.36 (KHTML, like Gecko) Chrome/135.0.0.0 Safari/537.36"
66.249.70.192 - - [24/Aug/2025:09:31:19 +0000] "POST /get-message-notify HTTP/1.0" 200 21866 "https://builder.storyshack.io/shopdetail/30090966" "Mozilla/5.0 (Linux; Android 6.0.1; Nexus 5X Build/MMB29P) AppleWebKit/537.36 (KHTML, like Gecko) Chrome/138.0.7204.183 Mobile Safari/537.36 (compatible; Googlebot/2.1; +http://www.google.com/bot.html)"
66.249.70.193 - - [24/Aug/2025:09:36:11 +0000] "GET /shopdetail/15739088 HTTP/1.0" 200 21928 "-" "Mozilla/5.0 (Linux; Android 6.0.1; Nexus 5X Build/MMB29P) AppleWebKit/537.36 (KHTML, like Gecko) Chrome/138.0.7204.183 Mobile Safari/537.36 (compatible; Googlebot/2.1; +http://www.google.com/bot.html)"
66.249.70.192 - - [24/Aug/2025:09:37:11 +0000] "GET /shopdetail/24557466/ HTTP/1.0" 301 4337 "-" "Mozilla/5.0 (Linux; Android 6.0.1; Nexus 5X Build/MMB29P) AppleWebKit/537.36 (KHTML, like Gecko) Chrome/138.0.7204.183 Mobile Safari/537.36 (compatible; Googlebot/2.1; +http://www.google.com/bot.html)"
66.249.70.193 - - [24/Aug/2025:09:37:11 +0000] "GET /shopdetail/24557466 HTTP/1.0" 200 22844 "-" "Mozilla/5.0 (Linux; Android 6.0.1; Nexus 5X Build/MMB29P) AppleWebKit/537.36 (KHTML, like Gecko) Chrome/138.0.7204.183 Mobile Safari/537.36 (compatible; Googlebot/2.1; +http://www.google.com/bot.html)"
66.249.70.193 - - [24/Aug/2025:09:36:16 +0000] "POST /get-message-notify HTTP/1.0" 200 11967 "https://builder.storyshack.io/shopdetail/15739088" "Mozilla/5.0 (Linux; Android 6.0.1; Nexus 5X Build/MMB29P) AppleWebKit/537.36 (KHTML, like Gecko) Chrome/138.0.7204.183 Mobile Safari/537.36 (compatible; Googlebot/2.1; +http://www.google.com/bot.html)"
186.68.6.113 - - [24/Aug/2025:09:37:42 +0000] "GET /shopdetail/7710255/ HTTP/1.0" 301 4335 "-" "Mozilla/5.0 (Windows NT 10.0; Win64; x64) AppleWebKit/537.36 (KHTML, like Gecko) Chrome/80.0.3987.132 Safari/537.36"
186.68.6.113 - - [24/Aug/2025:09:37:42 +0000] "GET /shopdetail/7710255 HTTP/1.0" 404 7089 "-" "Mozilla/5.0 (Windows NT 10.0; Win64; x64) AppleWebKit/537.36 (KHTML, like Gecko) Chrome/80.0.3987.132 Safari/537.36"
14.227.161.154 - - [24/Aug/2025:09:42:20 +0000] "GET /shopdetail/14112822/ HTTP/1.0" 301 4337 "-" "Mozilla/5.0 (Windows NT 10.0; Win64; x64) AppleWebKit/537.36 (KHTML, like Gecko) Chrome/101.0.4951.67 Safari/537.36"
14.227.161.154 - - [24/Aug/2025:09:42:21 +0000] "GET /shopdetail/14112822 HTTP/1.0" 404 7090 "-" "Mozilla/5.0 (Windows NT 10.0; Win64; x64) AppleWebKit/537.36 (KHTML, like Gecko) Chrome/101.0.4951.67 Safari/537.36"
52.167.144.142 - - [24/Aug/2025:10:00:32 +0000] "GET /login HTTP/1.0" 200 23379 "-" "Mozilla/5.0 AppleWebKit/537.36 (KHTML, like Gecko; compatible; bingbot/2.0; +http://www.bing.com/bingbot.htm) Chrome/116.0.1938.76 Safari/537.36"
52.167.144.142 - - [24/Aug/2025:10:00:41 +0000] "GET /get-message-notify HTTP/1.0" 200 21866 "-" "Mozilla/5.0 AppleWebKit/537.36 (KHTML, like Gecko; compatible; bingbot/2.0; +http://www.bing.com/bingbot.htm) Chrome/116.0.1938.76 Safari/537.36"
66.249.70.194 - - [24/Aug/2025:10:07:41 +0000] "GET /shopdetail/23971833 HTTP/1.0" 200 21919 "-" "Mozilla/5.0 (Linux; Android 6.0.1; Nexus 5X Build/MMB29P) AppleWebKit/537.36 (KHTML, like Gecko) Chrome/138.0.7204.183 Mobile Safari/537.36 (compatible; Googlebot/2.1; +http://www.google.com/bot.html)"
177.244.80.20 - - [24/Aug/2025:10:11:42 +0000] "GET /shopdetail/15121555/ HTTP/1.0" 301 4337 "-" "Mozilla/5.0 (Windows NT 10.0; WOW64) AppleWebKit/537.36 (KHTML, like Gecko) Chrome/96.0.4664.45 Safari/537.36"
177.244.80.20 - - [24/Aug/2025:10:11:42 +0000] "GET /shopdetail/15121555 HTTP/1.0" 404 7090 "-" "Mozilla/5.0 (Windows NT 10.0; WOW64) AppleWebKit/537.36 (KHTML, like Gecko) Chrome/96.0.4664.45 Safari/537.36"
66.249.70.192 - - [24/Aug/2025:10:12:54 +0000] "GET /shopdetail/28436322 HTTP/1.0" 200 23235 "-" "Mozilla/5.0 (Linux; Android 6.0.1; Nexus 5X Build/MMB29P) AppleWebKit/537.36 (KHTML, like Gecko) Chrome/138.0.7204.183 Mobile Safari/537.36 (compatible; Googlebot/2.1; +http://www.google.com/bot.html)"
51.36.171.115 - - [24/Aug/2025:10:16:51 +0000] "GET /shopdetail/4599810/ HTTP/1.0" 301 4317 "-" "Mozilla/5.0 (Macintosh; Intel Mac OS X 10_15_4) AppleWebKit/537.36 (KHTML, like Gecko) Chrome/100.0.4896.127 Safari/537.36"
51.36.171.115 - - [24/Aug/2025:10:16:51 +0000] "GET /shopdetail/4599810 HTTP/1.0" 404 7005 "-" "Mozilla/5.0 (Macintosh; Intel Mac OS X 10_15_4) AppleWebKit/537.36 (KHTML, like Gecko) Chrome/100.0.4896.127 Safari/537.36"
66.249.70.192 - - [24/Aug/2025:10:20:20 +0000] "GET /shopdetail/4287166/ HTTP/1.0" 301 4335 "-" "Mozilla/5.0 (Linux; Android 6.0.1; Nexus 5X Build/MMB29P) AppleWebKit/537.36 (KHTML, like Gecko) Chrome/138.0.7204.183 Mobile Safari/537.36 (compatible; Googlebot/2.1; +http://www.google.com/bot.html)"
66.249.70.193 - - [24/Aug/2025:10:20:21 +0000] "GET /shopdetail/4287166 HTTP/1.0" 200 23043 "-" "Mozilla/5.0 (Linux; Android 6.0.1; Nexus 5X Build/MMB29P) AppleWebKit/537.36 (KHTML, like Gecko) Chrome/138.0.7204.183 Mobile Safari/537.36 (compatible; Googlebot/2.1; +http://www.google.com/bot.html)"
52.167.144.137 - - [24/Aug/2025:10:27:38 +0000] "GET /product/edit/86177393 HTTP/1.0" 200 22580 "-" "Mozilla/5.0 AppleWebKit/537.36 (KHTML, like Gecko; compatible; bingbot/2.0; +http://www.bing.com/bingbot.htm) Chrome/116.0.1938.76 Safari/537.36"
66.249.70.192 - - [24/Aug/2025:10:25:49 +0000] "GET /shopdetail/6610444 HTTP/1.0" 200 8160 "-" "Mozilla/5.0 (Linux; Android 6.0.1; Nexus 5X Build/MMB29P) AppleWebKit/537.36 (KHTML, like Gecko) Chrome/138.0.7204.183 Mobile Safari/537.36 (compatible; Googlebot/2.1; +http://www.google.com/bot.html)"
66.249.70.194 - - [24/Aug/2025:10:30:45 +0000] "GET /shopdetail/17720455/ HTTP/1.0" 301 4337 "-" "Mozilla/5.0 (Linux; Android 6.0.1; Nexus 5X Build/MMB29P) AppleWebKit/537.36 (KHTML, like Gecko) Chrome/138.0.7204.183 Mobile Safari/537.36 (compatible; Googlebot/2.1; +http://www.google.com/bot.html)"
66.249.70.192 - - [24/Aug/2025:10:30:46 +0000] "GET /shopdetail/17720455 HTTP/1.0" 200 22468 "-" "Mozilla/5.0 (Linux; Android 6.0.1; Nexus 5X Build/MMB29P) AppleWebKit/537.36 (KHTML, like Gecko) Chrome/138.0.7204.183 Mobile Safari/537.36 (compatible; Googlebot/2.1; +http://www.google.com/bot.html)"
152.58.184.137 - - [24/Aug/2025:10:34:05 +0000] "GET /shopdetail/13140766/ HTTP/1.0" 301 4337 "-" "Mozilla/5.0 (Macintosh; Intel Mac OS X 10_13_6) AppleWebKit/537.36 (KHTML, like Gecko) Brave Chrome/78.0.3904.108 Safari/537.36"
152.58.184.137 - - [24/Aug/2025:10:34:06 +0000] "GET /shopdetail/13140766 HTTP/1.0" 404 7090 "-" "Mozilla/5.0 (Macintosh; Intel Mac OS X 10_13_6) AppleWebKit/537.36 (KHTML, like Gecko) Brave Chrome/78.0.3904.108 Safari/537.36"
66.249.70.194 - - [24/Aug/2025:10:36:05 +0000] "GET /shopdetail/23067244/ HTTP/1.0" 301 4337 "-" "Mozilla/5.0 (Linux; Android 6.0.1; Nexus 5X Build/MMB29P) AppleWebKit/537.36 (KHTML, like Gecko) Chrome/138.0.7204.183 Mobile Safari/537.36 (compatible; Googlebot/2.1; +http://www.google.com/bot.html)"
66.249.70.193 - - [24/Aug/2025:10:36:05 +0000] "GET /shopdetail/23067244 HTTP/1.0" 200 21743 "-" "Mozilla/5.0 (Linux; Android 6.0.1; Nexus 5X Build/MMB29P) AppleWebKit/537.36 (KHTML, like Gecko) Chrome/138.0.7204.183 Mobile Safari/537.36 (compatible; Googlebot/2.1; +http://www.google.com/bot.html)"
66.249.70.194 - - [24/Aug/2025:10:36:08 +0000] "POST /get-message-notify HTTP/1.0" 200 21866 "https://builder.storyshack.io/shopdetail/23067244" "Mozilla/5.0 (Linux; Android 6.0.1; Nexus 5X Build/MMB29P) AppleWebKit/537.36 (KHTML, like Gecko) Chrome/138.0.7204.183 Mobile Safari/537.36 (compatible; Googlebot/2.1; +http://www.google.com/bot.html)"
52.167.144.141 - - [24/Aug/2025:10:36:34 +0000] "GET /safe_search/config?return_url=%2Fproduct%2Fdetail%2F19400169 HTTP/1.0" 200 22776 "-" "Mozilla/5.0 AppleWebKit/537.36 (KHTML, like Gecko; compatible; bingbot/2.0; +http://www.bing.com/bingbot.htm) Chrome/116.0.1938.76 Safari/537.36"
177.89.28.222 - - [24/Aug/2025:10:38:11 +0000] "GET /shopdetail/7950111/ HTTP/1.0" 301 4335 "-" "Mozilla/5.0 (Macintosh; Intel Mac OS X 10_15_2) AppleWebKit/537.36 (KHTML, like Gecko) Chrome/98.0.4758.80 Safari/537.36"
177.89.28.222 - - [24/Aug/2025:10:38:11 +0000] "GET /shopdetail/7950111 HTTP/1.0" 404 7089 "-" "Mozilla/5.0 (Macintosh; Intel Mac OS X 10_15_2) AppleWebKit/537.36 (KHTML, like Gecko) Chrome/98.0.4758.80 Safari/537.36"
66.249.70.194 - - [24/Aug/2025:10:44:30 +0000] "GET /shopdetail/25365122/ HTTP/1.0" 301 4337 "-" "Mozilla/5.0 (Linux; Android 6.0.1; Nexus 5X Build/MMB29P) AppleWebKit/537.36 (KHTML, like Gecko) Chrome/138.0.7204.183 Mobile Safari/537.36 (compatible; Googlebot/2.1; +http://www.google.com/bot.html)"
66.249.70.192 - - [24/Aug/2025:10:44:31 +0000] "GET /shopdetail/25365122 HTTP/1.0" 200 21673 "-" "Mozilla/5.0 (Linux; Android 6.0.1; Nexus 5X Build/MMB29P) AppleWebKit/537.36 (KHTML, like Gecko) Chrome/138.0.7204.183 Mobile Safari/537.36 (compatible; Googlebot/2.1; +http://www.google.com/bot.html)"
66.249.70.193 - - [24/Aug/2025:10:46:01 +0000] "GET /shopdetail/26878688/ HTTP/1.0" 301 4337 "-" "Mozilla/5.0 (Linux; Android 6.0.1; Nexus 5X Build/MMB29P) AppleWebKit/537.36 (KHTML, like Gecko) Chrome/138.0.7204.183 Mobile Safari/537.36 (compatible; Googlebot/2.1; +http://www.google.com/bot.html)"
66.249.70.194 - - [24/Aug/2025:10:46:01 +0000] "GET /shopdetail/26878688 HTTP/1.0" 200 23431 "-" "Mozilla/5.0 (Linux; Android 6.0.1; Nexus 5X Build/MMB29P) AppleWebKit/537.36 (KHTML, like Gecko) Chrome/138.0.7204.183 Mobile Safari/537.36 (compatible; Googlebot/2.1; +http://www.google.com/bot.html)"
185.195.252.37 - - [24/Aug/2025:10:47:18 +0000] "GET /shopdetail/15858244/ HTTP/1.0" 301 4337 "-" "Mozilla/5.0 (Windows NT 6.2; WOW64) AppleWebKit/537.36 (KHTML, like Gecko) Chrome/27.0.1453.93 Safari/537.36"
185.195.252.37 - - [24/Aug/2025:10:47:19 +0000] "GET /shopdetail/15858244 HTTP/1.0" 404 7090 "-" "Mozilla/5.0 (Windows NT 6.2; WOW64) AppleWebKit/537.36 (KHTML, like Gecko) Chrome/27.0.1453.93 Safari/537.36"
66.249.70.192 - - [24/Aug/2025:10:49:32 +0000] "GET /shopdetail/6412599/ HTTP/1.0" 301 4335 "-" "Mozilla/5.0 (Linux; Android 6.0.1; Nexus 5X Build/MMB29P) AppleWebKit/537.36 (KHTML, like Gecko) Chrome/138.0.7204.183 Mobile Safari/537.36 (compatible; Googlebot/2.1; +http://www.google.com/bot.html)"
66.249.70.194 - - [24/Aug/2025:10:49:33 +0000] "GET /shopdetail/6412599 HTTP/1.0" 200 21984 "-" "Mozilla/5.0 (Linux; Android 6.0.1; Nexus 5X Build/MMB29P) AppleWebKit/537.36 (KHTML, like Gecko) Chrome/138.0.7204.183 Mobile Safari/537.36 (compatible; Googlebot/2.1; +http://www.google.com/bot.html)"
66.249.70.194 - - [24/Aug/2025:10:49:35 +0000] "POST /get-message-notify HTTP/1.0" 200 21866 "https://builder.storyshack.io/shopdetail/6412599" "Mozilla/5.0 (Linux; Android 6.0.1; Nexus 5X Build/MMB29P) AppleWebKit/537.36 (KHTML, like Gecko) Chrome/138.0.7204.183 Mobile Safari/537.36 (compatible; Googlebot/2.1; +http://www.google.com/bot.html)"
66.249.70.192 - - [24/Aug/2025:10:51:55 +0000] "GET /zhHant/product/surugaya/81100899?campaign_uid=f64d716db5e979ed2f947dbaf4296895b951ae7f HTTP/1.0" 200 22734 "-" "Mozilla/5.0 (Linux; Android 6.0.1; Nexus 5X Build/MMB29P) AppleWebKit/537.36 (KHTML, like Gecko) Chrome/138.0.7204.183 Mobile Safari/537.36 (compatible; Googlebot/2.1; +http://www.google.com/bot.html)"
66.249.70.193 - - [24/Aug/2025:10:57:32 +0000] "GET /shopdetail/22312500 HTTP/1.0" 200 23411 "-" "Mozilla/5.0 (Linux; Android 6.0.1; Nexus 5X Build/MMB29P) AppleWebKit/537.36 (KHTML, like Gecko) Chrome/138.0.7204.183 Mobile Safari/537.36 (compatible; Googlebot/2.1; +http://www.google.com/bot.html)"
40.77.167.57 - - [24/Aug/2025:10:59:06 +0000] "GET /safe_search/config?return_url=%2Fproduct%2Fdetail%2F18514444 HTTP/1.0" 200 22884 "-" "Mozilla/5.0 AppleWebKit/537.36 (KHTML, like Gecko; compatible; bingbot/2.0; +http://www.bing.com/bingbot.htm) Chrome/116.0.1938.76 Safari/537.36"
66.249.70.193 - - [24/Aug/2025:11:00:44 +0000] "GET /shopdetail/27210199 HTTP/1.0" 200 22716 "-" "Mozilla/5.0 (Linux; Android 6.0.1; Nexus 5X Build/MMB29P) AppleWebKit/537.36 (KHTML, like Gecko) Chrome/138.0.7204.183 Mobile Safari/537.36 (compatible; Googlebot/2.1; +http://www.google.com/bot.html)"
66.249.70.193 - - [24/Aug/2025:11:04:29 +0000] "GET /shopdetail/6610444/ HTTP/1.0" 301 4335 "-" "Mozilla/5.0 (Linux; Android 6.0.1; Nexus 5X Build/MMB29P) AppleWebKit/537.36 (KHTML, like Gecko) Chrome/138.0.7204.183 Mobile Safari/537.36 (compatible; Googlebot/2.1; +http://www.google.com/bot.html)"
66.249.70.193 - - [24/Aug/2025:11:04:29 +0000] "GET /shopdetail/6610444 HTTP/1.0" 200 11967 "-" "Mozilla/5.0 (Linux; Android 6.0.1; Nexus 5X Build/MMB29P) AppleWebKit/537.36 (KHTML, like Gecko) Chrome/138.0.7204.183 Mobile Safari/537.36 (compatible; Googlebot/2.1; +http://www.google.com/bot.html)"
66.249.70.194 - - [24/Aug/2025:11:06:30 +0000] "GET /shopdetail/17861444/ HTTP/1.0" 301 4337 "-" "Mozilla/5.0 (Linux; Android 6.0.1; Nexus 5X Build/MMB29P) AppleWebKit/537.36 (KHTML, like Gecko) Chrome/138.0.7204.183 Mobile Safari/537.36 (compatible; Googlebot/2.1; +http://www.google.com/bot.html)"
66.249.70.194 - - [24/Aug/2025:11:06:30 +0000] "GET /shopdetail/17861444 HTTP/1.0" 200 21897 "-" "Mozilla/5.0 (Linux; Android 6.0.1; Nexus 5X Build/MMB29P) AppleWebKit/537.36 (KHTML, like Gecko) Chrome/138.0.7204.183 Mobile Safari/537.36 (compatible; Googlebot/2.1; +http://www.google.com/bot.html)"
66.249.70.193 - - [24/Aug/2025:11:06:33 +0000] "POST /get-message-notify HTTP/1.0" 200 21866 "https://builder.storyshack.io/shopdetail/17861444" "Mozilla/5.0 (Linux; Android 6.0.1; Nexus 5X Build/MMB29P) AppleWebKit/537.36 (KHTML, like Gecko) Chrome/138.0.7204.183 Mobile Safari/537.36 (compatible; Googlebot/2.1; +http://www.google.com/bot.html)"
66.249.70.192 - - [24/Aug/2025:11:07:26 +0000] "GET /robots.txt HTTP/1.0" 404 4822 "-" "Mozilla/5.0 (compatible; Googlebot/2.1; +http://www.google.com/bot.html)"
66.249.70.194 - - [24/Aug/2025:11:07:26 +0000] "GET /shopdetail/22312500 HTTP/1.0" 200 8480 "-" "Mozilla/5.0 (Linux; Android 6.0.1; Nexus 5X Build/MMB29P) AppleWebKit/537.36 (KHTML, like Gecko) Chrome/138.0.7204.183 Mobile Safari/537.36 (compatible; Googlebot/2.1; +http://www.google.com/bot.html)"
66.249.70.193 - - [24/Aug/2025:11:11:06 +0000] "GET /robots.txt HTTP/1.0" 404 4822 "-" "Mozilla/5.0 (compatible; Googlebot/2.1; +http://www.google.com/bot.html)"
66.249.70.192 - - [24/Aug/2025:11:11:06 +0000] "GET /shopdetail/11621177 HTTP/1.0" 200 22374 "-" "Mozilla/5.0 (Linux; Android 6.0.1; Nexus 5X Build/MMB29P) AppleWebKit/537.36 (KHTML, like Gecko) Chrome/138.0.7204.183 Mobile Safari/537.36 (compatible; Googlebot/2.1; +http://www.google.com/bot.html)"
66.249.70.193 - - [24/Aug/2025:11:11:10 +0000] "POST /get-message-notify HTTP/1.0" 200 21866 "https://builder.storyshack.io/shopdetail/11621177" "Mozilla/5.0 (Linux; Android 6.0.1; Nexus 5X Build/MMB29P) AppleWebKit/537.36 (KHTML, like Gecko) Chrome/138.0.7204.183 Mobile Safari/537.36 (compatible; Googlebot/2.1; +http://www.google.com/bot.html)"
66.249.70.192 - - [24/Aug/2025:11:18:59 +0000] "GET /robots.txt HTTP/1.0" 404 4822 "-" "Mozilla/5.0 (compatible; Googlebot/2.1; +http://www.google.com/bot.html)"
66.249.70.194 - - [24/Aug/2025:11:18:59 +0000] "GET /shopdetail/26348399/ HTTP/1.0" 301 4337 "-" "Mozilla/5.0 (Linux; Android 6.0.1; Nexus 5X Build/MMB29P) AppleWebKit/537.36 (KHTML, like Gecko) Chrome/138.0.7204.183 Mobile Safari/537.36 (compatible; Googlebot/2.1; +http://www.google.com/bot.html)"
66.249.70.194 - - [24/Aug/2025:11:18:59 +0000] "GET /shopdetail/26348399 HTTP/1.0" 200 22762 "-" "Mozilla/5.0 (Linux; Android 6.0.1; Nexus 5X Build/MMB29P) AppleWebKit/537.36 (KHTML, like Gecko) Chrome/138.0.7204.183 Mobile Safari/537.36 (compatible; Googlebot/2.1; +http://www.google.com/bot.html)"
66.249.70.192 - - [24/Aug/2025:11:28:24 +0000] "GET /shopdetail/8895688/ HTTP/1.0" 301 4335 "-" "Mozilla/5.0 (Linux; Android 6.0.1; Nexus 5X Build/MMB29P) AppleWebKit/537.36 (KHTML, like Gecko) Chrome/138.0.7204.183 Mobile Safari/537.36 (compatible; Googlebot/2.1; +http://www.google.com/bot.html)"
66.249.70.194 - - [24/Aug/2025:11:28:24 +0000] "GET /shopdetail/8895688 HTTP/1.0" 200 11967 "-" "Mozilla/5.0 (Linux; Android 6.0.1; Nexus 5X Build/MMB29P) AppleWebKit/537.36 (KHTML, like Gecko) Chrome/138.0.7204.183 Mobile Safari/537.36 (compatible; Googlebot/2.1; +http://www.google.com/bot.html)"
66.249.70.194 - - [24/Aug/2025:11:32:16 +0000] "GET /shopdetail/22532477/ HTTP/1.0" 301 4337 "-" "Mozilla/5.0 (Linux; Android 6.0.1; Nexus 5X Build/MMB29P) AppleWebKit/537.36 (KHTML, like Gecko) Chrome/138.0.7204.183 Mobile Safari/537.36 (compatible; Googlebot/2.1; +http://www.google.com/bot.html)"
66.249.70.192 - - [24/Aug/2025:11:32:17 +0000] "GET /shopdetail/22532477 HTTP/1.0" 200 23099 "-" "Mozilla/5.0 (Linux; Android 6.0.1; Nexus 5X Build/MMB29P) AppleWebKit/537.36 (KHTML, like Gecko) Chrome/138.0.7204.183 Mobile Safari/537.36 (compatible; Googlebot/2.1; +http://www.google.com/bot.html)"
66.249.70.193 - - [24/Aug/2025:11:32:21 +0000] "POST /get-message-notify HTTP/1.0" 200 21866 "https://builder.storyshack.io/shopdetail/22532477" "Mozilla/5.0 (Linux; Android 6.0.1; Nexus 5X Build/MMB29P) AppleWebKit/537.36 (KHTML, like Gecko) Chrome/138.0.7204.183 Mobile Safari/537.36 (compatible; Googlebot/2.1; +http://www.google.com/bot.html)"
177.92.254.194 - - [24/Aug/2025:11:36:23 +0000] "GET /shopdetail/23832877/ HTTP/1.0" 301 4337 "-" "Mozilla/5.0 (Windows NT 10.0; Win64; x64) AppleWebKit/537.36 (KHTML, like Gecko) Chrome/95.0.4638.69 Safari/537.36"
177.92.254.194 - - [24/Aug/2025:11:36:24 +0000] "GET /shopdetail/23832877 HTTP/1.0" 404 7090 "-" "Mozilla/5.0 (Windows NT 10.0; Win64; x64) AppleWebKit/537.36 (KHTML, like Gecko) Chrome/95.0.4638.69 Safari/537.36"
66.249.70.194 - - [24/Aug/2025:11:46:30 +0000] "GET /shopdetail/30476788/ HTTP/1.0" 301 4337 "-" "Mozilla/5.0 (Linux; Android 6.0.1; Nexus 5X Build/MMB29P) AppleWebKit/537.36 (KHTML, like Gecko) Chrome/138.0.7204.183 Mobile Safari/537.36 (compatible; Googlebot/2.1; +http://www.google.com/bot.html)"
66.249.70.194 - - [24/Aug/2025:11:46:30 +0000] "GET /shopdetail/30476788 HTTP/1.0" 200 22411 "-" "Mozilla/5.0 (Linux; Android 6.0.1; Nexus 5X Build/MMB29P) AppleWebKit/537.36 (KHTML, like Gecko) Chrome/138.0.7204.183 Mobile Safari/537.36 (compatible; Googlebot/2.1; +http://www.google.com/bot.html)"
66.249.70.194 - - [24/Aug/2025:11:46:34 +0000] "POST /get-message-notify HTTP/1.0" 200 21866 "https://builder.storyshack.io/shopdetail/30476788" "Mozilla/5.0 (Linux; Android 6.0.1; Nexus 5X Build/MMB29P) AppleWebKit/537.36 (KHTML, like Gecko) Chrome/138.0.7204.183 Mobile Safari/537.36 (compatible; Googlebot/2.1; +http://www.google.com/bot.html)"
