71.81.207.135 - - [25/Aug/2025:14:46:25 +0000] "GET /shopdetail/8662811 HTTP/1.0" 404 7089 "-" "Mozilla/5.0 (Windows NT 6.1; Win64; x64) AppleWebKit/537.36 (KHTML, like Gecko) Chrome/86.0.4240.75 Safari/537.36"
103.111.225.95 - - [25/Aug/2025:14:46:36 +0000] "GET /shopdetail/8383811/ HTTP/1.0" 301 4335 "-" "Mozilla/5.0 (Macintosh; Intel Mac OS X 11_1_0) AppleWebKit/537.36 (KHTML, like Gecko) Brave Chrome/89.0.4389.105 Safari/537.36"
103.111.225.95 - - [25/Aug/2025:14:46:37 +0000] "GET /shopdetail/8383811 HTTP/1.0" 404 7089 "-" "Mozilla/5.0 (Macintosh; Intel Mac OS X 11_1_0) AppleWebKit/537.36 (KHTML, like Gecko) Brave Chrome/89.0.4389.105 Safari/537.36"
23.180.120.243 - - [25/Aug/2025:14:50:52 +0000] "GET /Modules/LandingPage/Resources/assets/js/plugins/feather.min.js HTTP/1.0" 200 4053 "-" "Mozilla/5.0 (Windows NT 10.0; Win64; x64) AppleWebKit/537.36 Chrome/121.0.0.0"
104.210.140.130 - - [25/Aug/2025:14:56:41 +0000] "GET /robots.txt HTTP/1.0" 404 4822 "-" "Mozilla/5.0 (Macintosh; Intel Mac OS X 10_15_7) AppleWebKit/537.36 (KHTML, like Gecko) Chrome/131.0.0.0 Safari/537.36; compatible; OAI-SearchBot/1.0; +https://openai.com/searchbot"
104.210.140.131 - - [25/Aug/2025:14:56:42 +0000] "GET /robots.txt HTTP/1.0" 404 4822 "-" "Mozilla/5.0 (Macintosh; Intel Mac OS X 10_15_7) AppleWebKit/537.36 (KHTML, like Gecko) Chrome/131.0.0.0 Safari/537.36; compatible; OAI-SearchBot/1.0; +https://openai.com/searchbot"
66.249.70.192 - - [25/Aug/2025:14:59:20 +0000] "GET /shopdetail/25393700/ HTTP/1.0" 301 4337 "-" "Mozilla/5.0 (Linux; Android 6.0.1; Nexus 5X Build/MMB29P) AppleWebKit/537.36 (KHTML, like Gecko) Chrome/138.0.7204.183 Mobile Safari/537.36 (compatible; Googlebot/2.1; +http://www.google.com/bot.html)"
66.249.70.193 - - [25/Aug/2025:14:59:20 +0000] "GET /shopdetail/25393700 HTTP/1.0" 200 21915 "-" "Mozilla/5.0 (Linux; Android 6.0.1; Nexus 5X Build/MMB29P) AppleWebKit/537.36 (KHTML, like Gecko) Chrome/138.0.7204.183 Mobile Safari/537.36 (compatible; Googlebot/2.1; +http://www.google.com/bot.html)"
103.109.57.106 - - [25/Aug/2025:15:03:56 +0000] "GET /shopdetail/15445400/ HTTP/1.0" 301 4337 "-" "Mozilla/5.0 (Macintosh; Intel Mac OS X 10_15_7) AppleWebKit/537.36 (KHTML, like Gecko) Chrome/92.0.4515.107 Safari/537.36"
103.109.57.106 - - [25/Aug/2025:15:03:57 +0000] "GET /shopdetail/15445400 HTTP/1.0" 404 7090 "-" "Mozilla/5.0 (Macintosh; Intel Mac OS X 10_15_7) AppleWebKit/537.36 (KHTML, like Gecko) Chrome/92.0.4515.107 Safari/537.36"
74.7.36.89 - - [25/Aug/2025:15:05:31 +0000] "GET /shopdetail/29066466 HTTP/1.0" 404 7090 "-" "Mozilla/5.0 AppleWebKit/537.36 (KHTML, like Gecko); compatible; ChatGPT-User/1.0; +https://openai.com/bot"
74.7.36.89 - - [25/Aug/2025:15:05:36 +0000] "GET / HTTP/1.0" 200 9062 "-" "Mozilla/5.0 AppleWebKit/537.36 (KHTML, like Gecko); compatible; ChatGPT-User/1.0; +https://openai.com/bot"
66.249.70.193 - - [25/Aug/2025:15:11:22 +0000] "GET /product/edit/80751610 HTTP/1.0" 200 22701 "-" "Mozilla/5.0 (Linux; Android 6.0.1; Nexus 5X Build/MMB29P) AppleWebKit/537.36 (KHTML, like Gecko) Chrome/138.0.7204.183 Mobile Safari/537.36 (compatible; Googlebot/2.1; +http://www.google.com/bot.html)"
66.249.70.194 - - [25/Aug/2025:15:22:21 +0000] "GET /shopdetail/11565622/ HTTP/1.0" 301 4337 "-" "Mozilla/5.0 (Linux; Android 6.0.1; Nexus 5X Build/MMB29P) AppleWebKit/537.36 (KHTML, like Gecko) Chrome/138.0.7204.183 Mobile Safari/537.36 (compatible; Googlebot/2.1; +http://www.google.com/bot.html)"
66.249.70.194 - - [25/Aug/2025:15:22:21 +0000] "GET /shopdetail/11565622 HTTP/1.0" 200 22537 "-" "Mozilla/5.0 (Linux; Android 6.0.1; Nexus 5X Build/MMB29P) AppleWebKit/537.36 (KHTML, like Gecko) Chrome/138.0.7204.183 Mobile Safari/537.36 (compatible; Googlebot/2.1; +http://www.google.com/bot.html)"
86.221.46.219 - - [25/Aug/2025:15:24:17 +0000] "GET /shopdetail/16295211/ HTTP/1.0" 301 4337 "-" "Mozilla/5.0 (Macintosh; Intel Mac OS X 10_14_6) AppleWebKit/537.36 (KHTML, like Gecko) Chrome/76.0.3809.100 Safari/537.36"
86.221.46.219 - - [25/Aug/2025:15:24:17 +0000] "GET /shopdetail/16295211 HTTP/1.0" 404 7090 "-" "Mozilla/5.0 (Macintosh; Intel Mac OS X 10_14_6) AppleWebKit/537.36 (KHTML, like Gecko) Chrome/76.0.3809.100 Safari/537.36"
66.249.70.192 - - [25/Aug/2025:15:25:23 +0000] "GET /shopdetail/25638899/ HTTP/1.0" 301 4337 "-" "Mozilla/5.0 (Linux; Android 6.0.1; Nexus 5X Build/MMB29P) AppleWebKit/537.36 (KHTML, like Gecko) Chrome/138.0.7204.183 Mobile Safari/537.36 (compatible; Googlebot/2.1; +http://www.google.com/bot.html)"
66.249.70.193 - - [25/Aug/2025:15:25:23 +0000] "GET /shopdetail/25638899 HTTP/1.0" 200 22960 "-" "Mozilla/5.0 (Linux; Android 6.0.1; Nexus 5X Build/MMB29P) AppleWebKit/537.36 (KHTML, like Gecko) Chrome/138.0.7204.183 Mobile Safari/537.36 (compatible; Googlebot/2.1; +http://www.google.com/bot.html)"
189.126.230.118 - - [25/Aug/2025:15:28:29 +0000] "GET /shopdetail/5057522/ HTTP/1.0" 301 4335 "-" "Mozilla/5.0 (Macintosh; Intel Mac OS X 11_1_0) AppleWebKit/537.36 (KHTML, like Gecko) Brave Chrome/88.0.4324.96 Safari/537.36"
189.126.230.118 - - [25/Aug/2025:15:28:30 +0000] "GET /shopdetail/5057522 HTTP/1.0" 404 7089 "-" "Mozilla/5.0 (Macintosh; Intel Mac OS X 11_1_0) AppleWebKit/537.36 (KHTML, like Gecko) Brave Chrome/88.0.4324.96 Safari/537.36"
3.212.219.113 - - [25/Aug/2025:15:32:28 +0000] "GET /store-blog/brain-popper HTTP/1.0" 403 3958 "-" "Mozilla/5.0 AppleWebKit/537.36 (KHTML, like Gecko; compatible; Amazonbot/0.1; +https://developer.amazon.com/support/amazonbot) Chrome/119.0.6045.214 Safari/537.36"
174.129.161.174 - - [25/Aug/2025:15:34:27 +0000] "GET /store-blog/brain-popper HTTP/1.0" 200 11177 "-" "Mozilla/5.0 AppleWebKit/605.1.15 (KHTML, like Gecko) Chrome/139.0.0.0 Safari/605.1.15"
191.217.143.202 - - [25/Aug/2025:15:38:15 +0000] "GET /shopdetail/17465833/ HTTP/1.0" 301 4337 "-" "Mozilla/5.0 (Macintosh; Intel Mac OS X 10_12_6) AppleWebKit/537.36 (KHTML, like Gecko) Chrome/97.0.4692.71 Safari/537.36"
191.217.143.202 - - [25/Aug/2025:15:38:16 +0000] "GET /shopdetail/17465833 HTTP/1.0" 404 7090 "-" "Mozilla/5.0 (Macintosh; Intel Mac OS X 10_12_6) AppleWebKit/537.36 (KHTML, like Gecko) Chrome/97.0.4692.71 Safari/537.36"
40.77.167.23 - - [25/Aug/2025:15:42:46 +0000] "GET /product/edit/85871256 HTTP/1.0" 200 22055 "-" "Mozilla/5.0 AppleWebKit/537.36 (KHTML, like Gecko; compatible; bingbot/2.0; +http://www.bing.com/bingbot.htm) Chrome/116.0.1938.76 Safari/537.36"
40.77.167.23 - - [25/Aug/2025:15:43:18 +0000] "GET /safe_search/config?return_url=%2Fproduct%2Fdetail%2F70413910 HTTP/1.0" 200 22639 "-" "Mozilla/5.0 AppleWebKit/537.36 (KHTML, like Gecko; compatible; bingbot/2.0; +http://www.bing.com/bingbot.htm) Chrome/116.0.1938.76 Safari/537.36"
66.249.70.194 - - [25/Aug/2025:15:44:25 +0000] "GET /shopdetail/18415466 HTTP/1.0" 200 22734 "-" "Mozilla/5.0 (Linux; Android 6.0.1; Nexus 5X Build/MMB29P) AppleWebKit/537.36 (KHTML, like Gecko) Chrome/138.0.7204.183 Mobile Safari/537.36 (compatible; Googlebot/2.1; +http://www.google.com/bot.html)"
104.210.140.133 - - [25/Aug/2025:15:57:25 +0000] "GET /robots.txt HTTP/1.0" 404 4822 "-" "Mozilla/5.0 (Macintosh; Intel Mac OS X 10_15_7) AppleWebKit/537.36 (KHTML, like Gecko) Chrome/131.0.0.0 Safari/537.36; compatible; OAI-SearchBot/1.0; +https://openai.com/searchbot"
104.210.140.133 - - [25/Aug/2025:15:57:28 +0000] "GET /robots.txt HTTP/1.0" 404 4822 "-" "Mozilla/5.0 (Macintosh; Intel Mac OS X 10_15_7) AppleWebKit/537.36 (KHTML, like Gecko) Chrome/131.0.0.0 Safari/537.36; compatible; OAI-SearchBot/1.0; +https://openai.com/searchbot"
66.249.70.192 - - [25/Aug/2025:15:59:21 +0000] "GET /shopdetail/20766766/ HTTP/1.0" 301 4337 "-" "Mozilla/5.0 (Linux; Android 6.0.1; Nexus 5X Build/MMB29P) AppleWebKit/537.36 (KHTML, like Gecko) Chrome/138.0.7204.183 Mobile Safari/537.36 (compatible; Googlebot/2.1; +http://www.google.com/bot.html)"
66.249.70.194 - - [25/Aug/2025:15:59:21 +0000] "GET /shopdetail/20766766 HTTP/1.0" 200 22715 "-" "Mozilla/5.0 (Linux; Android 6.0.1; Nexus 5X Build/MMB29P) AppleWebKit/537.36 (KHTML, like Gecko) Chrome/138.0.7204.183 Mobile Safari/537.36 (compatible; Googlebot/2.1; +http://www.google.com/bot.html)"
66.249.70.194 - - [25/Aug/2025:16:14:23 +0000] "GET /shopdetail/21048322/ HTTP/1.0" 301 4337 "-" "Mozilla/5.0 (Linux; Android 6.0.1; Nexus 5X Build/MMB29P) AppleWebKit/537.36 (KHTML, like Gecko) Chrome/138.0.7204.183 Mobile Safari/537.36 (compatible; Googlebot/2.1; +http://www.google.com/bot.html)"
66.249.70.193 - - [25/Aug/2025:16:14:24 +0000] "GET /shopdetail/21048322 HTTP/1.0" 200 22617 "-" "Mozilla/5.0 (Linux; Android 6.0.1; Nexus 5X Build/MMB29P) AppleWebKit/537.36 (KHTML, like Gecko) Chrome/138.0.7204.183 Mobile Safari/537.36 (compatible; Googlebot/2.1; +http://www.google.com/bot.html)"
66.249.70.194 - - [25/Aug/2025:16:14:27 +0000] "POST /get-message-notify HTTP/1.0" 200 21866 "https://builder.storyshack.io/shopdetail/21048322" "Mozilla/5.0 (Linux; Android 6.0.1; Nexus 5X Build/MMB29P) AppleWebKit/537.36 (KHTML, like Gecko) Chrome/138.0.7204.183 Mobile Safari/537.36 (compatible; Googlebot/2.1; +http://www.google.com/bot.html)"
192.141.254.25 - - [25/Aug/2025:16:16:40 +0000] "GET /shopdetail/16466722 HTTP/1.0" 404 7090 "-" "Mozilla/5.0 (Macintosh; Intel Mac OS X 10_14_6) AppleWebKit/537.36 (KHTML, like Gecko) Brave Chrome/89.0.4389.114 Safari/537.36"
66.249.70.193 - - [25/Aug/2025:16:22:22 +0000] "GET /shopdetail/19401399/ HTTP/1.0" 301 4337 "-" "Mozilla/5.0 (Linux; Android 6.0.1; Nexus 5X Build/MMB29P) AppleWebKit/537.36 (KHTML, like Gecko) Chrome/138.0.7204.183 Mobile Safari/537.36 (compatible; Googlebot/2.1; +http://www.google.com/bot.html)"
66.249.70.194 - - [25/Aug/2025:16:22:22 +0000] "GET /shopdetail/19401399 HTTP/1.0" 200 22322 "-" "Mozilla/5.0 (Linux; Android 6.0.1; Nexus 5X Build/MMB29P) AppleWebKit/537.36 (KHTML, like Gecko) Chrome/138.0.7204.183 Mobile Safari/537.36 (compatible; Googlebot/2.1; +http://www.google.com/bot.html)"
66.249.70.193 - - [25/Aug/2025:16:22:25 +0000] "POST /get-message-notify HTTP/1.0" 200 21866 "https://builder.storyshack.io/shopdetail/19401399" "Mozilla/5.0 (Linux; Android 6.0.1; Nexus 5X Build/MMB29P) AppleWebKit/537.36 (KHTML, like Gecko) Chrome/138.0.7204.183 Mobile Safari/537.36 (compatible; Googlebot/2.1; +http://www.google.com/bot.html)"
66.249.70.193 - - [25/Aug/2025:16:28:24 +0000] "GET /shopdetail/1436488 HTTP/1.0" 200 23045 "-" "Mozilla/5.0 (Linux; Android 6.0.1; Nexus 5X Build/MMB29P) AppleWebKit/537.36 (KHTML, like Gecko) Chrome/138.0.7204.183 Mobile Safari/537.36 (compatible; Googlebot/2.1; +http://www.google.com/bot.html)"
66.249.70.192 - - [25/Aug/2025:16:28:28 +0000] "POST /get-message-notify HTTP/1.0" 200 21866 "https://builder.storyshack.io/shopdetail/1436488" "Mozilla/5.0 (Linux; Android 6.0.1; Nexus 5X Build/MMB29P) AppleWebKit/537.36 (KHTML, like Gecko) Chrome/138.0.7204.183 Mobile Safari/537.36 (compatible; Googlebot/2.1; +http://www.google.com/bot.html)"
66.249.70.193 - - [25/Aug/2025:16:29:25 +0000] "GET /shopdetail/21644611/ HTTP/1.0" 301 4337 "-" "Mozilla/5.0 (Linux; Android 6.0.1; Nexus 5X Build/MMB29P) AppleWebKit/537.36 (KHTML, like Gecko) Chrome/138.0.7204.183 Mobile Safari/537.36 (compatible; Googlebot/2.1; +http://www.google.com/bot.html)"
66.249.70.194 - - [25/Aug/2025:16:29:25 +0000] "GET /shopdetail/21644611 HTTP/1.0" 200 21889 "-" "Mozilla/5.0 (Linux; Android 6.0.1; Nexus 5X Build/MMB29P) AppleWebKit/537.36 (KHTML, like Gecko) Chrome/138.0.7204.183 Mobile Safari/537.36 (compatible; Googlebot/2.1; +http://www.google.com/bot.html)"
66.249.70.192 - - [25/Aug/2025:16:37:26 +0000] "GET /shopdetail/12542000/ HTTP/1.0" 301 4337 "-" "Mozilla/5.0 (Linux; Android 6.0.1; Nexus 5X Build/MMB29P) AppleWebKit/537.36 (KHTML, like Gecko) Chrome/138.0.7204.183 Mobile Safari/537.36 (compatible; Googlebot/2.1; +http://www.google.com/bot.html)"
66.249.70.193 - - [25/Aug/2025:16:37:27 +0000] "GET /shopdetail/12542000 HTTP/1.0" 200 22034 "-" "Mozilla/5.0 (Linux; Android 6.0.1; Nexus 5X Build/MMB29P) AppleWebKit/537.36 (KHTML, like Gecko) Chrome/138.0.7204.183 Mobile Safari/537.36 (compatible; Googlebot/2.1; +http://www.google.com/bot.html)"
52.167.144.194 - - [25/Aug/2025:16:45:10 +0000] "GET /safe_search/config?return_url=%2Fproduct%2Fdetail%2F54625413 HTTP/1.0" 200 22563 "-" "Mozilla/5.0 AppleWebKit/537.36 (KHTML, like Gecko; compatible; bingbot/2.0; +http://www.bing.com/bingbot.htm) Chrome/116.0.1938.76 Safari/537.36"
4.227.36.61 - - [25/Aug/2025:16:47:55 +0000] "GET /robots.txt HTTP/1.0" 404 4822 "-" "Mozilla/5.0 AppleWebKit/537.36 (KHTML, like Gecko; compatible; GPTBot/1.2; +https://openai.com/gptbot)"
99.38.230.112 - - [25/Aug/2025:16:51:53 +0000] "GET /shopdetail/17692355/ HTTP/1.0" 301 4337 "-" "Mozilla/5.0 (Windows NT 6.1; WOW64) AppleWebKit/537.36 (KHTML, like Gecko) Chrome/100.0.4896.75 Safari/537.36"
99.38.230.112 - - [25/Aug/2025:16:51:53 +0000] "GET /shopdetail/17692355 HTTP/1.0" 404 7090 "-" "Mozilla/5.0 (Windows NT 6.1; WOW64) AppleWebKit/537.36 (KHTML, like Gecko) Chrome/100.0.4896.75 Safari/537.36"
66.249.70.194 - - [25/Aug/2025:16:52:23 +0000] "GET /zhHant/product/surugaya/19876166?campaign_uid=f64d716db5e979ed2f947dbaf4296895b951ae7f HTTP/1.0" 200 23500 "-" "Mozilla/5.0 (Linux; Android 6.0.1; Nexus 5X Build/MMB29P) AppleWebKit/537.36 (KHTML, like Gecko) Chrome/138.0.7204.183 Mobile Safari/537.36 (compatible; Googlebot/2.1; +http://www.google.com/bot.html)"
177.75.55.198 - - [25/Aug/2025:16:53:16 +0000] "GET /shopdetail/9251166/ HTTP/1.0" 301 4335 "-" "Mozilla/5.0 (Windows NT 5.1) AppleWebKit/537.36 (KHTML, like Gecko) Chrome/35.0.2117.157 Safari/537.36"
177.75.55.198 - - [25/Aug/2025:16:53:17 +0000] "GET /shopdetail/9251166 HTTP/1.0" 404 7089 "-" "Mozilla/5.0 (Windows NT 5.1) AppleWebKit/537.36 (KHTML, like Gecko) Chrome/35.0.2117.157 Safari/537.36"
85.208.96.202 - - [25/Aug/2025:17:01:18 +0000] "GET /robots.txt HTTP/1.0" 404 4822 "-" "Mozilla/5.0 (compatible; SemrushBot/7~bl; +http://www.semrush.com/bot.html)"
85.208.96.195 - - [25/Aug/2025:17:01:19 +0000] "GET /store/brain-popper/product/409 HTTP/1.0" 403 3958 "-" "Mozilla/5.0 (compatible; SemrushBot/7~bl; +http://www.semrush.com/bot.html)"
185.191.171.16 - - [25/Aug/2025:17:03:05 +0000] "GET /page/privacy-policy HTTP/1.0" 403 3958 "-" "Mozilla/5.0 (compatible; SemrushBot/7~bl; +http://www.semrush.com/bot.html)"
66.249.70.192 - - [25/Aug/2025:17:07:25 +0000] "GET /shopdetail/9808544/ HTTP/1.0" 301 4335 "-" "Mozilla/5.0 (Linux; Android 6.0.1; Nexus 5X Build/MMB29P) AppleWebKit/537.36 (KHTML, like Gecko) Chrome/138.0.7204.183 Mobile Safari/537.36 (compatible; Googlebot/2.1; +http://www.google.com/bot.html)"
66.249.70.193 - - [25/Aug/2025:17:07:25 +0000] "GET /shopdetail/9808544 HTTP/1.0" 200 23172 "-" "Mozilla/5.0 (Linux; Android 6.0.1; Nexus 5X Build/MMB29P) AppleWebKit/537.36 (KHTML, like Gecko) Chrome/138.0.7204.183 Mobile Safari/537.36 (compatible; Googlebot/2.1; +http://www.google.com/bot.html)"
66.249.70.193 - - [25/Aug/2025:17:10:26 +0000] "GET /shopdetail/26921900/ HTTP/1.0" 301 4337 "-" "Mozilla/5.0 (Linux; Android 6.0.1; Nexus 5X Build/MMB29P) AppleWebKit/537.36 (KHTML, like Gecko) Chrome/138.0.7204.183 Mobile Safari/537.36 (compatible; Googlebot/2.1; +http://www.google.com/bot.html)"
66.249.70.193 - - [25/Aug/2025:17:10:26 +0000] "GET /shopdetail/26921900 HTTP/1.0" 200 21811 "-" "Mozilla/5.0 (Linux; Android 6.0.1; Nexus 5X Build/MMB29P) AppleWebKit/537.36 (KHTML, like Gecko) Chrome/138.0.7204.183 Mobile Safari/537.36 (compatible; Googlebot/2.1; +http://www.google.com/bot.html)"
66.249.70.194 - - [25/Aug/2025:17:22:23 +0000] "GET /shopdetail/28321366/ HTTP/1.0" 301 4337 "-" "Mozilla/5.0 (Linux; Android 6.0.1; Nexus 5X Build/MMB29P) AppleWebKit/537.36 (KHTML, like Gecko) Chrome/138.0.7204.183 Mobile Safari/537.36 (compatible; Googlebot/2.1; +http://www.google.com/bot.html)"
66.249.70.193 - - [25/Aug/2025:17:22:24 +0000] "GET /shopdetail/28321366 HTTP/1.0" 200 22441 "-" "Mozilla/5.0 (Linux; Android 6.0.1; Nexus 5X Build/MMB29P) AppleWebKit/537.36 (KHTML, like Gecko) Chrome/138.0.7204.183 Mobile Safari/537.36 (compatible; Googlebot/2.1; +http://www.google.com/bot.html)"
199.45.155.102 - - [25/Aug/2025:17:28:26 +0000] "GET / HTTP/1.0" 403 3958 "-" "Mozilla/5.0 (compatible; CensysInspect/1.1; +https://about.censys.io/)"
168.194.189.238 - - [25/Aug/2025:17:28:36 +0000] "GET /shopdetail/17246622/ HTTP/1.0" 301 4337 "-" "Mozilla/5.0 (Macintosh; Intel Mac OS X 10_15_7) AppleWebKit/537.36 (KHTML, like Gecko) Brave Chrome/83.0.4103.116 Safari/537.36"
168.194.189.238 - - [25/Aug/2025:17:28:37 +0000] "GET /shopdetail/17246622 HTTP/1.0" 404 7090 "-" "Mozilla/5.0 (Macintosh; Intel Mac OS X 10_15_7) AppleWebKit/537.36 (KHTML, like Gecko) Brave Chrome/83.0.4103.116 Safari/537.36"
199.45.155.102 - - [25/Aug/2025:17:28:56 +0000] "GET /wiki HTTP/1.0" 403 3958 "-" "Mozilla/5.0 (compatible; CensysInspect/1.1; +https://about.censys.io/)"
66.249.70.192 - - [25/Aug/2025:17:29:25 +0000] "GET /shopdetail/26224011/ HTTP/1.0" 301 4337 "-" "Mozilla/5.0 (Linux; Android 6.0.1; Nexus 5X Build/MMB29P) AppleWebKit/537.36 (KHTML, like Gecko) Chrome/138.0.7204.183 Mobile Safari/537.36 (compatible; Googlebot/2.1; +http://www.google.com/bot.html)"
66.249.70.193 - - [25/Aug/2025:17:29:26 +0000] "GET /shopdetail/26224011 HTTP/1.0" 200 22840 "-" "Mozilla/5.0 (Linux; Android 6.0.1; Nexus 5X Build/MMB29P) AppleWebKit/537.36 (KHTML, like Gecko) Chrome/138.0.7204.183 Mobile Safari/537.36 (compatible; Googlebot/2.1; +http://www.google.com/bot.html)"
103.129.236.19 - - [25/Aug/2025:17:31:11 +0000] "GET /shopdetail/8583722/ HTTP/1.0" 301 4335 "-" "Mozilla/5.0 (Windows NT 6.3; WOW64) AppleWebKit/537.36 (KHTML, like Gecko) Chrome/81.0.4044.129 Safari/537.36"
103.129.236.19 - - [25/Aug/2025:17:31:12 +0000] "GET /shopdetail/8583722 HTTP/1.0" 404 7089 "-" "Mozilla/5.0 (Windows NT 6.3; WOW64) AppleWebKit/537.36 (KHTML, like Gecko) Chrome/81.0.4044.129 Safari/537.36"
189.217.98.154 - - [25/Aug/2025:17:31:47 +0000] "GET /shopdetail/14226766/ HTTP/1.0" 301 4337 "-" "Mozilla/5.0 (Macintosh; Intel Mac OS X 10_15_7) AppleWebKit/537.36 (KHTML, like Gecko) Chrome/93.0.4577.63 Safari/537.36"
189.217.98.154 - - [25/Aug/2025:17:31:47 +0000] "GET /shopdetail/14226766 HTTP/1.0" 404 7090 "-" "Mozilla/5.0 (Macintosh; Intel Mac OS X 10_15_7) AppleWebKit/537.36 (KHTML, like Gecko) Chrome/93.0.4577.63 Safari/537.36"
152.59.14.209 - - [25/Aug/2025:17:34:04 +0000] "GET /zhHant/product/surugaya/98227033?campaign_uid=f64d716db5e979ed2f947dbaf4296895b951ae7f HTTP/1.0" 404 7103 "-" "Mozilla/5.0 (Macintosh; Intel Mac OS X 10_13_6) AppleWebKit/537.36 (KHTML, like Gecko) Brave Chrome/80.0.3987.162 Safari/537.36"
47.82.11.15 - - [25/Aug/2025:17:37:05 +0000] "GET /shopdetail/3807699 HTTP/1.0" 404 7089 "https://builder.storyshack.io/" "Mozilla/5.0 (Macintosh; Intel Mac OS X 10_15_7) AppleWebKit/537.36 (KHTML, like Gecko) Chrome/135.0.0.0 Safari/537.36"
66.249.70.194 - - [25/Aug/2025:17:37:27 +0000] "GET /shopdetail/8174344/ HTTP/1.0" 301 4335 "-" "Mozilla/5.0 (Linux; Android 6.0.1; Nexus 5X Build/MMB29P) AppleWebKit/537.36 (KHTML, like Gecko) Chrome/138.0.7204.183 Mobile Safari/537.36 (compatible; Googlebot/2.1; +http://www.google.com/bot.html)"
66.249.70.192 - - [25/Aug/2025:17:37:27 +0000] "GET /shopdetail/9785500 HTTP/1.0" 200 22594 "-" "Mozilla/5.0 (Linux; Android 6.0.1; Nexus 5X Build/MMB29P) AppleWebKit/537.36 (KHTML, like Gecko) Chrome/138.0.7204.183 Mobile Safari/537.36 (compatible; Googlebot/2.1; +http://www.google.com/bot.html)"
66.249.70.194 - - [25/Aug/2025:17:37:27 +0000] "GET /shopdetail/8174344 HTTP/1.0" 200 23202 "-" "Mozilla/5.0 (Linux; Android 6.0.1; Nexus 5X Build/MMB29P) AppleWebKit/537.36 (KHTML, like Gecko) Chrome/138.0.7204.183 Mobile Safari/537.36 (compatible; Googlebot/2.1; +http://www.google.com/bot.html)"
66.249.70.193 - - [25/Aug/2025:17:37:28 +0000] "GET /shopdetail/27376811/ HTTP/1.0" 301 4337 "-" "Mozilla/5.0 (Linux; Android 6.0.1; Nexus 5X Build/MMB29P) AppleWebKit/537.36 (KHTML, like Gecko) Chrome/138.0.7204.183 Mobile Safari/537.36 (compatible; Googlebot/2.1; +http://www.google.com/bot.html)"
66.249.70.193 - - [25/Aug/2025:17:37:28 +0000] "GET /shopdetail/27376811 HTTP/1.0" 200 23014 "-" "Mozilla/5.0 (Linux; Android 6.0.1; Nexus 5X Build/MMB29P) AppleWebKit/537.36 (KHTML, like Gecko) Chrome/138.0.7204.183 Mobile Safari/537.36 (compatible; Googlebot/2.1; +http://www.google.com/bot.html)"
66.249.70.192 - - [25/Aug/2025:17:37:30 +0000] "POST /get-message-notify HTTP/1.0" 200 21866 "https://builder.storyshack.io/shopdetail/9785500" "Mozilla/5.0 (Linux; Android 6.0.1; Nexus 5X Build/MMB29P) AppleWebKit/537.36 (KHTML, like Gecko) Chrome/138.0.7204.183 Mobile Safari/537.36 (compatible; Googlebot/2.1; +http://www.google.com/bot.html)"
66.249.70.193 - - [25/Aug/2025:17:37:30 +0000] "POST /get-message-notify HTTP/1.0" 200 21866 "https://builder.storyshack.io/shopdetail/8174344" "Mozilla/5.0 (Linux; Android 6.0.1; Nexus 5X Build/MMB29P) AppleWebKit/537.36 (KHTML, like Gecko) Chrome/138.0.7204.183 Mobile Safari/537.36 (compatible; Googlebot/2.1; +http://www.google.com/bot.html)"
66.249.70.193 - - [25/Aug/2025:17:37:31 +0000] "POST /get-message-notify HTTP/1.0" 200 21866 "https://builder.storyshack.io/shopdetail/27376811" "Mozilla/5.0 (Linux; Android 6.0.1; Nexus 5X Build/MMB29P) AppleWebKit/537.36 (KHTML, like Gecko) Chrome/138.0.7204.183 Mobile Safari/537.36 (compatible; Googlebot/2.1; +http://www.google.com/bot.html)"
66.249.70.193 - - [25/Aug/2025:17:38:29 +0000] "GET /shopdetail/15146766 HTTP/1.0" 200 22604 "-" "Mozilla/5.0 (Linux; Android 6.0.1; Nexus 5X Build/MMB29P) AppleWebKit/537.36 (KHTML, like Gecko) Chrome/138.0.7204.183 Mobile Safari/537.36 (compatible; Googlebot/2.1; +http://www.google.com/bot.html)"
66.249.70.194 - - [25/Aug/2025:17:47:34 +0000] "GET /safe_search/config?return_url=%2Fproduct%2Fdetail%2F94878123 HTTP/1.0" 200 11967 "-" "Mozilla/5.0 (Linux; Android 6.0.1; Nexus 5X Build/MMB29P) AppleWebKit/537.36 (KHTML, like Gecko) Chrome/139.0.7258.138 Mobile Safari/537.36 (compatible; Googlebot/2.1; +http://www.google.com/bot.html)"
103.96.235.188 - - [25/Aug/2025:17:49:32 +0000] "GET /shopdetail/15387633/ HTTP/1.0" 301 4337 "-" "Mozilla/5.0 (Macintosh; Intel Mac OS X 10_15_7) AppleWebKit/537.36 (KHTML, like Gecko) Chrome/98.0.4758.80 Safari/537.36"
103.96.235.188 - - [25/Aug/2025:17:49:33 +0000] "GET /shopdetail/15387633 HTTP/1.0" 404 7090 "-" "Mozilla/5.0 (Macintosh; Intel Mac OS X 10_15_7) AppleWebKit/537.36 (KHTML, like Gecko) Chrome/98.0.4758.80 Safari/537.36"
66.249.70.194 - - [25/Aug/2025:17:49:33 +0000] "GET /product/edit/70217736 HTTP/1.0" 200 23101 "-" "Mozilla/5.0 (Linux; Android 6.0.1; Nexus 5X Build/MMB29P) AppleWebKit/537.36 (KHTML, like Gecko) Chrome/139.0.7258.138 Mobile Safari/537.36 (compatible; Googlebot/2.1; +http://www.google.com/bot.html)"
66.249.70.193 - - [25/Aug/2025:17:54:34 +0000] "GET /product/edit/86293760 HTTP/1.0" 200 22068 "-" "Mozilla/5.0 (Linux; Android 6.0.1; Nexus 5X Build/MMB29P) AppleWebKit/537.36 (KHTML, like Gecko) Chrome/139.0.7258.138 Mobile Safari/537.36 (compatible; Googlebot/2.1; +http://www.google.com/bot.html)"
66.249.70.194 - - [25/Aug/2025:18:05:23 +0000] "GET /shopdetail/1761588 HTTP/1.0" 200 22226 "-" "Mozilla/5.0 (Linux; Android 6.0.1; Nexus 5X Build/MMB29P) AppleWebKit/537.36 (KHTML, like Gecko) Chrome/138.0.7204.183 Mobile Safari/537.36 (compatible; Googlebot/2.1; +http://www.google.com/bot.html)"
54.36.148.173 - - [25/Aug/2025:18:25:57 +0000] "GET /shopdetail/13729699 HTTP/1.0" 403 3958 "-" "Mozilla/5.0 (compatible; AhrefsBot/7.0; +http://ahrefs.com/robot/)"
66.249.70.194 - - [25/Aug/2025:18:33:28 +0000] "GET /shopdetail/27751899/ HTTP/1.0" 301 4337 "-" "Mozilla/5.0 (Linux; Android 6.0.1; Nexus 5X Build/MMB29P) AppleWebKit/537.36 (KHTML, like Gecko) Chrome/138.0.7204.183 Mobile Safari/537.36 (compatible; Googlebot/2.1; +http://www.google.com/bot.html)"
66.249.70.194 - - [25/Aug/2025:18:33:28 +0000] "GET /shopdetail/27751899 HTTP/1.0" 200 11967 "-" "Mozilla/5.0 (Linux; Android 6.0.1; Nexus 5X Build/MMB29P) AppleWebKit/537.36 (KHTML, like Gecko) Chrome/138.0.7204.183 Mobile Safari/537.36 (compatible; Googlebot/2.1; +http://www.google.com/bot.html)"
3.223.134.5 - - [25/Aug/2025:18:36:00 +0000] "GET /store/brain-popper/product/415 HTTP/1.0" 403 3958 "-" "Mozilla/5.0 AppleWebKit/537.36 (KHTML, like Gecko; compatible; Amazonbot/0.1; +https://developer.amazon.com/support/amazonbot) Chrome/119.0.6045.214 Safari/537.36"
3.231.61.176 - - [25/Aug/2025:18:36:36 +0000] "GET /store/brain-popper/product/415 HTTP/1.0" 200 15351 "-" "Mozilla/5.0 AppleWebKit/605.1.15 (KHTML, like Gecko) Chrome/139.0.0.0 Safari/605.1.15"
66.249.70.192 - - [25/Aug/2025:18:40:37 +0000] "GET /shopdetail/19178688/ HTTP/1.0" 301 4337 "-" "Mozilla/5.0 (Linux; Android 6.0.1; Nexus 5X Build/MMB29P) AppleWebKit/537.36 (KHTML, like Gecko) Chrome/138.0.7204.183 Mobile Safari/537.36 (compatible; Googlebot/2.1; +http://www.google.com/bot.html)"
66.249.70.192 - - [25/Aug/2025:18:40:37 +0000] "GET /shopdetail/19178688 HTTP/1.0" 200 22973 "-" "Mozilla/5.0 (Linux; Android 6.0.1; Nexus 5X Build/MMB29P) AppleWebKit/537.36 (KHTML, like Gecko) Chrome/138.0.7204.183 Mobile Safari/537.36 (compatible; Googlebot/2.1; +http://www.google.com/bot.html)"
216.73.216.125 - - [25/Aug/2025:18:41:06 +0000] "GET /robots.txt HTTP/1.0" 404 4822 "-" "Mozilla/5.0 AppleWebKit/537.36 (KHTML, like Gecko; compatible; ClaudeBot/1.0; +claudebot@anthropic.com)"
216.73.216.125 - - [25/Aug/2025:18:41:07 +0000] "GET /login HTTP/1.0" 200 8769 "-" "Mozilla/5.0 AppleWebKit/537.36 (KHTML, like Gecko; compatible; ClaudeBot/1.0; +claudebot@anthropic.com)"
66.249.70.192 - - [25/Aug/2025:18:46:38 +0000] "GET /shopdetail/24603833/ HTTP/1.0" 301 4337 "-" "Mozilla/5.0 (Linux; Android 6.0.1; Nexus 5X Build/MMB29P) AppleWebKit/537.36 (KHTML, like Gecko) Chrome/138.0.7204.183 Mobile Safari/537.36 (compatible; Googlebot/2.1; +http://www.google.com/bot.html)"
66.249.70.192 - - [25/Aug/2025:18:46:38 +0000] "GET /shopdetail/24603833 HTTP/1.0" 200 23021 "-" "Mozilla/5.0 (Linux; Android 6.0.1; Nexus 5X Build/MMB29P) AppleWebKit/537.36 (KHTML, like Gecko) Chrome/138.0.7204.183 Mobile Safari/537.36 (compatible; Googlebot/2.1; +http://www.google.com/bot.html)"
66.249.70.194 - - [25/Aug/2025:18:47:40 +0000] "GET /shopdetail/6059044/ HTTP/1.0" 301 4335 "-" "Mozilla/5.0 (Linux; Android 6.0.1; Nexus 5X Build/MMB29P) AppleWebKit/537.36 (KHTML, like Gecko) Chrome/138.0.7204.183 Mobile Safari/537.36 (compatible; Googlebot/2.1; +http://www.google.com/bot.html)"
66.249.70.192 - - [25/Aug/2025:18:47:40 +0000] "GET /shopdetail/6059044 HTTP/1.0" 200 22126 "-" "Mozilla/5.0 (Linux; Android 6.0.1; Nexus 5X Build/MMB29P) AppleWebKit/537.36 (KHTML, like Gecko) Chrome/138.0.7204.183 Mobile Safari/537.36 (compatible; Googlebot/2.1; +http://www.google.com/bot.html)"
66.249.70.193 - - [25/Aug/2025:18:48:34 +0000] "GET /shopdetail/16400700/ HTTP/1.0" 301 4337 "-" "Mozilla/5.0 (Linux; Android 6.0.1; Nexus 5X Build/MMB29P) AppleWebKit/537.36 (KHTML, like Gecko) Chrome/139.0.7258.138 Mobile Safari/537.36 (compatible; Googlebot/2.1; +http://www.google.com/bot.html)"
66.249.70.194 - - [25/Aug/2025:18:48:34 +0000] "GET /shopdetail/22532988/ HTTP/1.0" 301 4337 "-" "Mozilla/5.0 (Linux; Android 6.0.1; Nexus 5X Build/MMB29P) AppleWebKit/537.36 (KHTML, like Gecko) Chrome/139.0.7258.138 Mobile Safari/537.36 (compatible; Googlebot/2.1; +http://www.google.com/bot.html)"
66.249.70.194 - - [25/Aug/2025:18:48:34 +0000] "GET /shopdetail/16400700 HTTP/1.0" 200 22176 "-" "Mozilla/5.0 (Linux; Android 6.0.1; Nexus 5X Build/MMB29P) AppleWebKit/537.36 (KHTML, like Gecko) Chrome/139.0.7258.138 Mobile Safari/537.36 (compatible; Googlebot/2.1; +http://www.google.com/bot.html)"
66.249.70.194 - - [25/Aug/2025:18:48:34 +0000] "GET /shopdetail/22532988 HTTP/1.0" 200 21953 "-" "Mozilla/5.0 (Linux; Android 6.0.1; Nexus 5X Build/MMB29P) AppleWebKit/537.36 (KHTML, like Gecko) Chrome/139.0.7258.138 Mobile Safari/537.36 (compatible; Googlebot/2.1; +http://www.google.com/bot.html)"
66.249.70.193 - - [25/Aug/2025:18:48:35 +0000] "GET /shopdetail/4535833/ HTTP/1.0" 301 4335 "-" "Mozilla/5.0 (Linux; Android 6.0.1; Nexus 5X Build/MMB29P) AppleWebKit/537.36 (KHTML, like Gecko) Chrome/139.0.7258.138 Mobile Safari/537.36 (compatible; Googlebot/2.1; +http://www.google.com/bot.html)"
66.249.70.193 - - [25/Aug/2025:18:48:35 +0000] "GET /shopdetail/4535833 HTTP/1.0" 200 23274 "-" "Mozilla/5.0 (Linux; Android 6.0.1; Nexus 5X Build/MMB29P) AppleWebKit/537.36 (KHTML, like Gecko) Chrome/139.0.7258.138 Mobile Safari/537.36 (compatible; Googlebot/2.1; +http://www.google.com/bot.html)"
66.249.70.192 - - [25/Aug/2025:18:48:41 +0000] "GET /shopdetail/21276000/ HTTP/1.0" 301 4337 "-" "Mozilla/5.0 (Linux; Android 6.0.1; Nexus 5X Build/MMB29P) AppleWebKit/537.36 (KHTML, like Gecko) Chrome/138.0.7204.183 Mobile Safari/537.36 (compatible; Googlebot/2.1; +http://www.google.com/bot.html)"
66.249.70.192 - - [25/Aug/2025:18:48:41 +0000] "GET /shopdetail/21276000 HTTP/1.0" 200 22565 "-" "Mozilla/5.0 (Linux; Android 6.0.1; Nexus 5X Build/MMB29P) AppleWebKit/537.36 (KHTML, like Gecko) Chrome/138.0.7204.183 Mobile Safari/537.36 (compatible; Googlebot/2.1; +http://www.google.com/bot.html)"
66.249.70.193 - - [25/Aug/2025:18:48:44 +0000] "POST /get-message-notify HTTP/1.0" 200 21866 "https://builder.storyshack.io/shopdetail/21276000" "Mozilla/5.0 (Linux; Android 6.0.1; Nexus 5X Build/MMB29P) AppleWebKit/537.36 (KHTML, like Gecko) Chrome/138.0.7204.183 Mobile Safari/537.36 (compatible; Googlebot/2.1; +http://www.google.com/bot.html)"
66.249.70.194 - - [25/Aug/2025:18:49:27 +0000] "GET /shopdetail/29702977/ HTTP/1.0" 301 4337 "-" "Mozilla/5.0 (Linux; Android 6.0.1; Nexus 5X Build/MMB29P) AppleWebKit/537.36 (KHTML, like Gecko) Chrome/138.0.7204.183 Mobile Safari/537.36 (compatible; Googlebot/2.1; +http://www.google.com/bot.html)"
66.249.70.193 - - [25/Aug/2025:18:49:27 +0000] "GET /shopdetail/29702977 HTTP/1.0" 200 22024 "-" "Mozilla/5.0 (Linux; Android 6.0.1; Nexus 5X Build/MMB29P) AppleWebKit/537.36 (KHTML, like Gecko) Chrome/138.0.7204.183 Mobile Safari/537.36 (compatible; Googlebot/2.1; +http://www.google.com/bot.html)"
66.249.70.194 - - [25/Aug/2025:18:50:33 +0000] "GET /shopdetail/22000477/ HTTP/1.0" 301 4337 "-" "Mozilla/5.0 (Linux; Android 6.0.1; Nexus 5X Build/MMB29P) AppleWebKit/537.36 (KHTML, like Gecko) Chrome/139.0.7258.138 Mobile Safari/537.36 (compatible; Googlebot/2.1; +http://www.google.com/bot.html)"
66.249.70.194 - - [25/Aug/2025:18:50:33 +0000] "GET /shopdetail/22000477 HTTP/1.0" 200 22794 "-" "Mozilla/5.0 (Linux; Android 6.0.1; Nexus 5X Build/MMB29P) AppleWebKit/537.36 (KHTML, like Gecko) Chrome/139.0.7258.138 Mobile Safari/537.36 (compatible; Googlebot/2.1; +http://www.google.com/bot.html)"
66.249.70.193 - - [25/Aug/2025:18:50:35 +0000] "GET /pcmypage?callback=/product%2Fdetail%2F11144224 HTTP/1.0" 200 23528 "-" "Mozilla/5.0 (Linux; Android 6.0.1; Nexus 5X Build/MMB29P) AppleWebKit/537.36 (KHTML, like Gecko) Chrome/139.0.7258.138 Mobile Safari/537.36 (compatible; Googlebot/2.1; +http://www.google.com/bot.html)"
66.249.70.193 - - [25/Aug/2025:18:50:35 +0000] "GET /pcmypage?callback=/product%2Fdetail%2F14782910 HTTP/1.0" 200 23209 "-" "Mozilla/5.0 (Linux; Android 6.0.1; Nexus 5X Build/MMB29P) AppleWebKit/537.36 (KHTML, like Gecko) Chrome/139.0.7258.138 Mobile Safari/537.36 (compatible; Googlebot/2.1; +http://www.google.com/bot.html)"
66.249.70.192 - - [25/Aug/2025:18:54:28 +0000] "GET /shopdetail/26962499/ HTTP/1.0" 301 4337 "-" "Mozilla/5.0 (Linux; Android 6.0.1; Nexus 5X Build/MMB29P) AppleWebKit/537.36 (KHTML, like Gecko) Chrome/138.0.7204.183 Mobile Safari/537.36 (compatible; Googlebot/2.1; +http://www.google.com/bot.html)"
66.249.70.192 - - [25/Aug/2025:18:54:28 +0000] "GET /shopdetail/26962499 HTTP/1.0" 200 22672 "-" "Mozilla/5.0 (Linux; Android 6.0.1; Nexus 5X Build/MMB29P) AppleWebKit/537.36 (KHTML, like Gecko) Chrome/138.0.7204.183 Mobile Safari/537.36 (compatible; Googlebot/2.1; +http://www.google.com/bot.html)"
66.249.70.192 - - [25/Aug/2025:18:58:34 +0000] "GET /shopdetail/30499977/ HTTP/1.0" 301 4337 "-" "Mozilla/5.0 (Linux; Android 6.0.1; Nexus 5X Build/MMB29P) AppleWebKit/537.36 (KHTML, like Gecko) Chrome/139.0.7258.138 Mobile Safari/537.36 (compatible; Googlebot/2.1; +http://www.google.com/bot.html)"
66.249.70.194 - - [25/Aug/2025:18:58:34 +0000] "GET /pcmypage?callback=/product%2Fdetail%2F96267578 HTTP/1.0" 200 22073 "-" "Mozilla/5.0 (Linux; Android 6.0.1; Nexus 5X Build/MMB29P) AppleWebKit/537.36 (KHTML, like Gecko) Chrome/139.0.7258.138 Mobile Safari/537.36 (compatible; Googlebot/2.1; +http://www.google.com/bot.html)"
66.249.70.192 - - [25/Aug/2025:18:58:34 +0000] "GET /shopdetail/30499977 HTTP/1.0" 200 21873 "-" "Mozilla/5.0 (Linux; Android 6.0.1; Nexus 5X Build/MMB29P) AppleWebKit/537.36 (KHTML, like Gecko) Chrome/139.0.7258.138 Mobile Safari/537.36 (compatible; Googlebot/2.1; +http://www.google.com/bot.html)"
66.249.70.194 - - [25/Aug/2025:18:58:34 +0000] "GET /pcmypage?callback=product/review/49043563 HTTP/1.0" 200 22410 "-" "Mozilla/5.0 (Linux; Android 6.0.1; Nexus 5X Build/MMB29P) AppleWebKit/537.36 (KHTML, like Gecko) Chrome/139.0.7258.138 Mobile Safari/537.36 (compatible; Googlebot/2.1; +http://www.google.com/bot.html)"
66.249.70.192 - - [25/Aug/2025:19:02:29 +0000] "GET /shopdetail/7236000/ HTTP/1.0" 301 4335 "-" "Mozilla/5.0 (Linux; Android 6.0.1; Nexus 5X Build/MMB29P) AppleWebKit/537.36 (KHTML, like Gecko) Chrome/138.0.7204.183 Mobile Safari/537.36 (compatible; Googlebot/2.1; +http://www.google.com/bot.html)"
66.249.70.194 - - [25/Aug/2025:19:02:29 +0000] "GET /product/edit/64168267 HTTP/1.0" 200 22375 "-" "Mozilla/5.0 (Linux; Android 6.0.1; Nexus 5X Build/MMB29P) AppleWebKit/537.36 (KHTML, like Gecko) Chrome/138.0.7204.183 Mobile Safari/537.36 (compatible; Googlebot/2.1; +http://www.google.com/bot.html)"
66.249.70.193 - - [25/Aug/2025:19:02:30 +0000] "GET /shopdetail/7236000 HTTP/1.0" 200 21868 "-" "Mozilla/5.0 (Linux; Android 6.0.1; Nexus 5X Build/MMB29P) AppleWebKit/537.36 (KHTML, like Gecko) Chrome/138.0.7204.183 Mobile Safari/537.36 (compatible; Googlebot/2.1; +http://www.google.com/bot.html)"
66.249.70.194 - - [25/Aug/2025:19:05:35 +0000] "GET /pcmypage?callback=product%2Fdetail%2F30998960 HTTP/1.0" 200 22287 "-" "Mozilla/5.0 (Linux; Android 6.0.1; Nexus 5X Build/MMB29P) AppleWebKit/537.36 (KHTML, like Gecko) Chrome/139.0.7258.138 Mobile Safari/537.36 (compatible; Googlebot/2.1; +http://www.google.com/bot.html)"
4.227.36.61 - - [25/Aug/2025:19:06:34 +0000] "GET /robots.txt HTTP/1.0" 404 4822 "-" "Mozilla/5.0 AppleWebKit/537.36 (KHTML, like Gecko; compatible; GPTBot/1.2; +https://openai.com/gptbot)"
172.182.213.199 - - [25/Aug/2025:19:06:35 +0000] "GET /shopdetail/6568611 HTTP/1.0" 404 7089 "-" "Mozilla/5.0 (Macintosh; Intel Mac OS X 10_15_7) AppleWebKit/537.36 (KHTML, like Gecko) Chrome/131.0.0.0 Safari/537.36; compatible; OAI-SearchBot/1.0; +https://openai.com/searchbot"
66.249.70.193 - - [25/Aug/2025:19:09:33 +0000] "GET /pcmypage?callback=product/review/39087492 HTTP/1.0" 200 22748 "-" "Mozilla/5.0 (Linux; Android 6.0.1; Nexus 5X Build/MMB29P) AppleWebKit/537.36 (KHTML, like Gecko) Chrome/139.0.7258.138 Mobile Safari/537.36 (compatible; Googlebot/2.1; +http://www.google.com/bot.html)"
66.249.70.192 - - [25/Aug/2025:19:09:33 +0000] "GET /safe_search/config?return_url=%2Fproduct%2Fdetail%2F32086471 HTTP/1.0" 200 22562 "-" "Mozilla/5.0 (Linux; Android 6.0.1; Nexus 5X Build/MMB29P) AppleWebKit/537.36 (KHTML, like Gecko) Chrome/139.0.7258.138 Mobile Safari/537.36 (compatible; Googlebot/2.1; +http://www.google.com/bot.html)"
66.249.70.192 - - [25/Aug/2025:19:10:31 +0000] "GET /shopdetail/26577788/ HTTP/1.0" 301 4337 "-" "Mozilla/5.0 (Linux; Android 6.0.1; Nexus 5X Build/MMB29P) AppleWebKit/537.36 (KHTML, like Gecko) Chrome/138.0.7204.183 Mobile Safari/537.36 (compatible; Googlebot/2.1; +http://www.google.com/bot.html)"
66.249.70.193 - - [25/Aug/2025:19:10:31 +0000] "GET /shopdetail/26577788 HTTP/1.0" 200 22170 "-" "Mozilla/5.0 (Linux; Android 6.0.1; Nexus 5X Build/MMB29P) AppleWebKit/537.36 (KHTML, like Gecko) Chrome/138.0.7204.183 Mobile Safari/537.36 (compatible; Googlebot/2.1; +http://www.google.com/bot.html)"
66.249.70.193 - - [25/Aug/2025:19:10:33 +0000] "GET /shopdetail/10924144/ HTTP/1.0" 301 4337 "-" "Mozilla/5.0 (Linux; Android 6.0.1; Nexus 5X Build/MMB29P) AppleWebKit/537.36 (KHTML, like Gecko) Chrome/139.0.7258.138 Mobile Safari/537.36 (compatible; Googlebot/2.1; +http://www.google.com/bot.html)"
66.249.70.194 - - [25/Aug/2025:19:10:34 +0000] "GET /shopdetail/12505188/ HTTP/1.0" 301 4337 "-" "Mozilla/5.0 (Linux; Android 6.0.1; Nexus 5X Build/MMB29P) AppleWebKit/537.36 (KHTML, like Gecko) Chrome/139.0.7258.138 Mobile Safari/537.36 (compatible; Googlebot/2.1; +http://www.google.com/bot.html)"
66.249.70.194 - - [25/Aug/2025:19:10:33 +0000] "GET /shopdetail/10924144 HTTP/1.0" 200 22638 "-" "Mozilla/5.0 (Linux; Android 6.0.1; Nexus 5X Build/MMB29P) AppleWebKit/537.36 (KHTML, like Gecko) Chrome/139.0.7258.138 Mobile Safari/537.36 (compatible; Googlebot/2.1; +http://www.google.com/bot.html)"
66.249.70.193 - - [25/Aug/2025:19:10:34 +0000] "GET /shopdetail/12505188 HTTP/1.0" 200 22390 "-" "Mozilla/5.0 (Linux; Android 6.0.1; Nexus 5X Build/MMB29P) AppleWebKit/537.36 (KHTML, like Gecko) Chrome/139.0.7258.138 Mobile Safari/537.36 (compatible; Googlebot/2.1; +http://www.google.com/bot.html)"
66.249.70.193 - - [25/Aug/2025:19:11:33 +0000] "GET /shopdetail/27330244/ HTTP/1.0" 301 4337 "-" "Mozilla/5.0 (Linux; Android 6.0.1; Nexus 5X Build/MMB29P) AppleWebKit/537.36 (KHTML, like Gecko) Chrome/139.0.7258.138 Mobile Safari/537.36 (compatible; Googlebot/2.1; +http://www.google.com/bot.html)"
66.249.70.194 - - [25/Aug/2025:19:11:34 +0000] "GET /shopdetail/13644811/ HTTP/1.0" 301 4337 "-" "Mozilla/5.0 (Linux; Android 6.0.1; Nexus 5X Build/MMB29P) AppleWebKit/537.36 (KHTML, like Gecko) Chrome/139.0.7258.138 Mobile Safari/537.36 (compatible; Googlebot/2.1; +http://www.google.com/bot.html)"
66.249.70.192 - - [25/Aug/2025:19:11:34 +0000] "GET /shopdetail/27330244 HTTP/1.0" 200 23073 "-" "Mozilla/5.0 (Linux; Android 6.0.1; Nexus 5X Build/MMB29P) AppleWebKit/537.36 (KHTML, like Gecko) Chrome/139.0.7258.138 Mobile Safari/537.36 (compatible; Googlebot/2.1; +http://www.google.com/bot.html)"
66.249.70.194 - - [25/Aug/2025:19:11:34 +0000] "GET /shopdetail/28002400/ HTTP/1.0" 301 4337 "-" "Mozilla/5.0 (Linux; Android 6.0.1; Nexus 5X Build/MMB29P) AppleWebKit/537.36 (KHTML, like Gecko) Chrome/139.0.7258.138 Mobile Safari/537.36 (compatible; Googlebot/2.1; +http://www.google.com/bot.html)"
66.249.70.193 - - [25/Aug/2025:19:11:34 +0000] "GET /shopdetail/13644811 HTTP/1.0" 200 22803 "-" "Mozilla/5.0 (Linux; Android 6.0.1; Nexus 5X Build/MMB29P) AppleWebKit/537.36 (KHTML, like Gecko) Chrome/139.0.7258.138 Mobile Safari/537.36 (compatible; Googlebot/2.1; +http://www.google.com/bot.html)"
66.249.70.193 - - [25/Aug/2025:19:11:34 +0000] "GET /shopdetail/28002400 HTTP/1.0" 200 21801 "-" "Mozilla/5.0 (Linux; Android 6.0.1; Nexus 5X Build/MMB29P) AppleWebKit/537.36 (KHTML, like Gecko) Chrome/139.0.7258.138 Mobile Safari/537.36 (compatible; Googlebot/2.1; +http://www.google.com/bot.html)"
66.249.70.192 - - [25/Aug/2025:19:12:33 +0000] "GET /shopdetail/27743611/ HTTP/1.0" 301 4337 "-" "Mozilla/5.0 (Linux; Android 6.0.1; Nexus 5X Build/MMB29P) AppleWebKit/537.36 (KHTML, like Gecko) Chrome/139.0.7258.138 Mobile Safari/537.36 (compatible; Googlebot/2.1; +http://www.google.com/bot.html)"
66.249.70.194 - - [25/Aug/2025:19:12:33 +0000] "GET /shopdetail/27743611 HTTP/1.0" 200 22333 "-" "Mozilla/5.0 (Linux; Android 6.0.1; Nexus 5X Build/MMB29P) AppleWebKit/537.36 (KHTML, like Gecko) Chrome/139.0.7258.138 Mobile Safari/537.36 (compatible; Googlebot/2.1; +http://www.google.com/bot.html)"
66.249.70.192 - - [25/Aug/2025:19:15:34 +0000] "GET /safe_search/config?return_url=%2Fproduct%2Fdetail%2F88244762 HTTP/1.0" 200 23207 "-" "Mozilla/5.0 (Linux; Android 6.0.1; Nexus 5X Build/MMB29P) AppleWebKit/537.36 (KHTML, like Gecko) Chrome/139.0.7258.138 Mobile Safari/537.36 (compatible; Googlebot/2.1; +http://www.google.com/bot.html)"
66.249.70.192 - - [25/Aug/2025:19:18:32 +0000] "GET /shopdetail/27696822 HTTP/1.0" 200 21832 "-" "Mozilla/5.0 (Linux; Android 6.0.1; Nexus 5X Build/MMB29P) AppleWebKit/537.36 (KHTML, like Gecko) Chrome/138.0.7204.183 Mobile Safari/537.36 (compatible; Googlebot/2.1; +http://www.google.com/bot.html)"
66.249.70.194 - - [25/Aug/2025:19:19:25 +0000] "GET /shopdetail/9711000/ HTTP/1.0" 301 4335 "-" "Mozilla/5.0 (Linux; Android 6.0.1; Nexus 5X Build/MMB29P) AppleWebKit/537.36 (KHTML, like Gecko) Chrome/138.0.7204.183 Mobile Safari/537.36 (compatible; Googlebot/2.1; +http://www.google.com/bot.html)"
66.249.70.192 - - [25/Aug/2025:19:19:25 +0000] "GET /shopdetail/9711000 HTTP/1.0" 200 22297 "-" "Mozilla/5.0 (Linux; Android 6.0.1; Nexus 5X Build/MMB29P) AppleWebKit/537.36 (KHTML, like Gecko) Chrome/138.0.7204.183 Mobile Safari/537.36 (compatible; Googlebot/2.1; +http://www.google.com/bot.html)"
66.249.70.194 - - [25/Aug/2025:19:20:26 +0000] "GET /shopdetail/7165477/ HTTP/1.0" 301 4335 "-" "Mozilla/5.0 (Linux; Android 6.0.1; Nexus 5X Build/MMB29P) AppleWebKit/537.36 (KHTML, like Gecko) Chrome/138.0.7204.183 Mobile Safari/537.36 (compatible; Googlebot/2.1; +http://www.google.com/bot.html)"
66.249.70.194 - - [25/Aug/2025:19:20:26 +0000] "GET /shopdetail/7165477 HTTP/1.0" 200 22112 "-" "Mozilla/5.0 (Linux; Android 6.0.1; Nexus 5X Build/MMB29P) AppleWebKit/537.36 (KHTML, like Gecko) Chrome/138.0.7204.183 Mobile Safari/537.36 (compatible; Googlebot/2.1; +http://www.google.com/bot.html)"
66.249.70.192 - - [25/Aug/2025:19:23:27 +0000] "GET /shopdetail/18753600/ HTTP/1.0" 301 4337 "-" "Mozilla/5.0 (Linux; Android 6.0.1; Nexus 5X Build/MMB29P) AppleWebKit/537.36 (KHTML, like Gecko) Chrome/138.0.7204.183 Mobile Safari/537.36 (compatible; Googlebot/2.1; +http://www.google.com/bot.html)"
66.249.70.193 - - [25/Aug/2025:19:23:28 +0000] "GET /shopdetail/18753600 HTTP/1.0" 200 21917 "-" "Mozilla/5.0 (Linux; Android 6.0.1; Nexus 5X Build/MMB29P) AppleWebKit/537.36 (KHTML, like Gecko) Chrome/138.0.7204.183 Mobile Safari/537.36 (compatible; Googlebot/2.1; +http://www.google.com/bot.html)"
66.249.70.193 - - [25/Aug/2025:19:23:33 +0000] "POST /get-message-notify HTTP/1.0" 200 21866 "https://builder.storyshack.io/shopdetail/18753600" "Mozilla/5.0 (Linux; Android 6.0.1; Nexus 5X Build/MMB29P) AppleWebKit/537.36 (KHTML, like Gecko) Chrome/138.0.7204.183 Mobile Safari/537.36 (compatible; Googlebot/2.1; +http://www.google.com/bot.html)"
66.249.70.192 - - [25/Aug/2025:19:24:31 +0000] "GET /shopdetail/27696822 HTTP/1.0" 200 21832 "-" "Mozilla/5.0 (Linux; Android 6.0.1; Nexus 5X Build/MMB29P) AppleWebKit/537.36 (KHTML, like Gecko) Chrome/138.0.7204.183 Mobile Safari/537.36 (compatible; Googlebot/2.1; +http://www.google.com/bot.html)"
66.249.70.194 - - [25/Aug/2025:19:25:51 +0000] "POST /get-message-notify HTTP/1.0" 200 21866 "https://builder.storyshack.io/shopdetail/7165477" "Mozilla/5.0 (Linux; Android 6.0.1; Nexus 5X Build/MMB29P) AppleWebKit/537.36 (KHTML, like Gecko) Chrome/138.0.7204.183 Mobile Safari/537.36 (compatible; Googlebot/2.1; +http://www.google.com/bot.html)"
77.246.73.212 - - [25/Aug/2025:19:26:05 +0000] "GET /shopdetail/14699477/ HTTP/1.0" 301 4337 "-" "Mozilla/5.0 (Windows NT 6.1; Win64; x64) AppleWebKit/537.36 (KHTML, like Gecko) Brave Chrome/90.0.4430.72 Safari/537.36"
77.246.73.212 - - [25/Aug/2025:19:26:06 +0000] "GET /shopdetail/14699477 HTTP/1.0" 404 7090 "-" "Mozilla/5.0 (Windows NT 6.1; Win64; x64) AppleWebKit/537.36 (KHTML, like Gecko) Brave Chrome/90.0.4430.72 Safari/537.36"
66.249.70.193 - - [25/Aug/2025:19:27:32 +0000] "GET /shopdetail/14168999/ HTTP/1.0" 301 4337 "-" "Mozilla/5.0 (Linux; Android 6.0.1; Nexus 5X Build/MMB29P) AppleWebKit/537.36 (KHTML, like Gecko) Chrome/138.0.7204.183 Mobile Safari/537.36 (compatible; Googlebot/2.1; +http://www.google.com/bot.html)"
66.249.70.193 - - [25/Aug/2025:19:27:32 +0000] "GET /shopdetail/14168999 HTTP/1.0" 200 22131 "-" "Mozilla/5.0 (Linux; Android 6.0.1; Nexus 5X Build/MMB29P) AppleWebKit/537.36 (KHTML, like Gecko) Chrome/138.0.7204.183 Mobile Safari/537.36 (compatible; Googlebot/2.1; +http://www.google.com/bot.html)"
66.249.70.194 - - [25/Aug/2025:19:34:34 +0000] "GET /pcmypage?callback=product/review/49842616 HTTP/1.0" 200 22044 "-" "Mozilla/5.0 (Linux; Android 6.0.1; Nexus 5X Build/MMB29P) AppleWebKit/537.36 (KHTML, like Gecko) Chrome/139.0.7258.138 Mobile Safari/537.36 (compatible; Googlebot/2.1; +http://www.google.com/bot.html)"
128.201.197.89 - - [25/Aug/2025:19:40:13 +0000] "GET /shopdetail/7549033/ HTTP/1.0" 301 4335 "-" "Mozilla/5.0 (Macintosh; Intel Mac OS X 10_15_7) AppleWebKit/537.36 (KHTML, like Gecko) Chrome/88.0.4324.186 Safari/537.36"
128.201.197.89 - - [25/Aug/2025:19:40:13 +0000] "GET /shopdetail/7549033 HTTP/1.0" 404 7089 "-" "Mozilla/5.0 (Macintosh; Intel Mac OS X 10_15_7) AppleWebKit/537.36 (KHTML, like Gecko) Chrome/88.0.4324.186 Safari/537.36"
52.167.144.145 - - [25/Aug/2025:19:43:54 +0000] "GET /zhHant/product/surugaya/79759201?campaign_uid=f64d716db5e979ed2f947dbaf4296895b951ae7f HTTP/1.0" 200 22034 "-" "Mozilla/5.0 AppleWebKit/537.36 (KHTML, like Gecko; compatible; bingbot/2.0; +http://www.bing.com/bingbot.htm) Chrome/116.0.1938.76 Safari/537.36"
66.249.70.193 - - [25/Aug/2025:19:50:24 +0000] "GET /shopdetail/29602411/ HTTP/1.0" 301 4337 "-" "Mozilla/5.0 (Linux; Android 6.0.1; Nexus 5X Build/MMB29P) AppleWebKit/537.36 (KHTML, like Gecko) Chrome/138.0.7204.183 Mobile Safari/537.36 (compatible; Googlebot/2.1; +http://www.google.com/bot.html)"
66.249.70.193 - - [25/Aug/2025:19:50:25 +0000] "GET /shopdetail/2748122/ HTTP/1.0" 301 4335 "-" "Mozilla/5.0 (Linux; Android 6.0.1; Nexus 5X Build/MMB29P) AppleWebKit/537.36 (KHTML, like Gecko) Chrome/138.0.7204.183 Mobile Safari/537.36 (compatible; Googlebot/2.1; +http://www.google.com/bot.html)"
66.249.70.192 - - [25/Aug/2025:19:50:25 +0000] "GET /shopdetail/29602411 HTTP/1.0" 200 21789 "-" "Mozilla/5.0 (Linux; Android 6.0.1; Nexus 5X Build/MMB29P) AppleWebKit/537.36 (KHTML, like Gecko) Chrome/138.0.7204.183 Mobile Safari/537.36 (compatible; Googlebot/2.1; +http://www.google.com/bot.html)"
66.249.70.193 - - [25/Aug/2025:19:50:25 +0000] "GET /shopdetail/2748122 HTTP/1.0" 200 23384 "-" "Mozilla/5.0 (Linux; Android 6.0.1; Nexus 5X Build/MMB29P) AppleWebKit/537.36 (KHTML, like Gecko) Chrome/138.0.7204.183 Mobile Safari/537.36 (compatible; Googlebot/2.1; +http://www.google.com/bot.html)"
66.249.70.193 - - [25/Aug/2025:19:50:29 +0000] "POST /get-message-notify HTTP/1.0" 200 21866 "https://builder.storyshack.io/shopdetail/29602411" "Mozilla/5.0 (Linux; Android 6.0.1; Nexus 5X Build/MMB29P) AppleWebKit/537.36 (KHTML, like Gecko) Chrome/138.0.7204.183 Mobile Safari/537.36 (compatible; Googlebot/2.1; +http://www.google.com/bot.html)"
66.249.70.192 - - [25/Aug/2025:19:51:33 +0000] "GET /pcmypage?callback=/product%2Fdetail%2F74087866 HTTP/1.0" 200 23383 "-" "Mozilla/5.0 (Linux; Android 6.0.1; Nexus 5X Build/MMB29P) AppleWebKit/537.36 (KHTML, like Gecko) Chrome/139.0.7258.138 Mobile Safari/537.36 (compatible; Googlebot/2.1; +http://www.google.com/bot.html)"
66.249.70.192 - - [25/Aug/2025:19:55:00 +0000] "GET /shopdetail/2821800/ HTTP/1.0" 301 4335 "-" "Mozilla/5.0 (Linux; Android 6.0.1; Nexus 5X Build/MMB29P) AppleWebKit/537.36 (KHTML, like Gecko) Chrome/138.0.7204.183 Mobile Safari/537.36 (compatible; Googlebot/2.1; +http://www.google.com/bot.html)"
66.249.70.193 - - [25/Aug/2025:19:55:00 +0000] "GET /shopdetail/2821800 HTTP/1.0" 200 22024 "-" "Mozilla/5.0 (Linux; Android 6.0.1; Nexus 5X Build/MMB29P) AppleWebKit/537.36 (KHTML, like Gecko) Chrome/138.0.7204.183 Mobile Safari/537.36 (compatible; Googlebot/2.1; +http://www.google.com/bot.html)"
181.53.96.31 - - [25/Aug/2025:19:55:22 +0000] "GET /shopdetail/16362488/ HTTP/1.0" 301 4337 "-" "Mozilla/5.0 (Macintosh; Intel Mac OS X 11_1_0) AppleWebKit/537.36 (KHTML, like Gecko) Chrome/88.0.4324.96 Safari/537.36"
181.53.96.31 - - [25/Aug/2025:19:55:24 +0000] "GET /shopdetail/16362488 HTTP/1.0" 404 7090 "-" "Mozilla/5.0 (Macintosh; Intel Mac OS X 11_1_0) AppleWebKit/537.36 (KHTML, like Gecko) Chrome/88.0.4324.96 Safari/537.36"
52.167.144.182 - - [25/Aug/2025:20:00:18 +0000] "GET /shopdetail/26920922/ HTTP/1.0" 301 4337 "-" "Mozilla/5.0 AppleWebKit/537.36 (KHTML, like Gecko; compatible; bingbot/2.0; +http://www.bing.com/bingbot.htm) Chrome/116.0.1938.76 Safari/537.36"
201.71.200.65 - - [25/Aug/2025:20:01:53 +0000] "GET /shopdetail/26328500/ HTTP/1.0" 301 4337 "-" "Mozilla/5.0 (Macintosh; Intel Mac OS X 10_15_2) AppleWebKit/537.36 (KHTML, like Gecko) Brave Chrome/78.0.3904.97 Safari/537.36"
201.71.200.65 - - [25/Aug/2025:20:01:54 +0000] "GET /shopdetail/26328500 HTTP/1.0" 404 7090 "-" "Mozilla/5.0 (Macintosh; Intel Mac OS X 10_15_2) AppleWebKit/537.36 (KHTML, like Gecko) Brave Chrome/78.0.3904.97 Safari/537.36"
66.249.70.192 - - [25/Aug/2025:20:18:09 +0000] "GET /shopdetail/29416533/ HTTP/1.0" 301 4337 "-" "Mozilla/5.0 (Linux; Android 6.0.1; Nexus 5X Build/MMB29P) AppleWebKit/537.36 (KHTML, like Gecko) Chrome/138.0.7204.183 Mobile Safari/537.36 (compatible; Googlebot/2.1; +http://www.google.com/bot.html)"
66.249.70.193 - - [25/Aug/2025:20:18:09 +0000] "GET /shopdetail/29416533 HTTP/1.0" 200 23117 "-" "Mozilla/5.0 (Linux; Android 6.0.1; Nexus 5X Build/MMB29P) AppleWebKit/537.36 (KHTML, like Gecko) Chrome/138.0.7204.183 Mobile Safari/537.36 (compatible; Googlebot/2.1; +http://www.google.com/bot.html)"
47.82.11.33 - - [25/Aug/2025:20:22:11 +0000] "GET /shopdetail/16493800 HTTP/1.0" 404 7090 "https://builder.storyshack.io/" "Mozilla/5.0 (Windows NT 10.0; Win64; x64; rv:137.0) Gecko/20100101 Firefox/137.0"
