40.77.167.3 - - [27/Aug/2025:18:11:34 +0000] "GET /shopdetail/3909677/ HTTP/1.0" 301 4335 "-" "Mozilla/5.0 AppleWebKit/537.36 (KHTML, like Gecko; compatible; bingbot/2.0; +http://www.bing.com/bingbot.htm) Chrome/116.0.1938.76 Safari/537.36"
40.77.167.70 - - [27/Aug/2025:18:11:41 +0000] "GET /shopdetail/4098522/ HTTP/1.0" 301 4335 "-" "Mozilla/5.0 AppleWebKit/537.36 (KHTML, like Gecko; compatible; bingbot/2.0; +http://www.bing.com/bingbot.htm) Chrome/116.0.1938.76 Safari/537.36"
40.77.167.70 - - [27/Aug/2025:18:11:42 +0000] "GET /shopdetail/4018600/ HTTP/1.0" 301 4335 "-" "Mozilla/5.0 AppleWebKit/537.36 (KHTML, like Gecko; compatible; bingbot/2.0; +http://www.bing.com/bingbot.htm) Chrome/116.0.1938.76 Safari/537.36"
157.55.39.15 - - [27/Aug/2025:18:11:42 +0000] "GET /shopdetail/2504722/ HTTP/1.0" 301 4335 "-" "Mozilla/5.0 AppleWebKit/537.36 (KHTML, like Gecko; compatible; bingbot/2.0; +http://www.bing.com/bingbot.htm) Chrome/116.0.1938.76 Safari/537.36"
40.77.167.70 - - [27/Aug/2025:18:11:42 +0000] "GET /shopdetail/30426233/ HTTP/1.0" 301 4337 "-" "Mozilla/5.0 AppleWebKit/537.36 (KHTML, like Gecko; compatible; bingbot/2.0; +http://www.bing.com/bingbot.htm) Chrome/116.0.1938.76 Safari/537.36"
40.77.167.70 - - [27/Aug/2025:18:11:42 +0000] "GET /shopdetail/30395044/ HTTP/1.0" 301 4337 "-" "Mozilla/5.0 AppleWebKit/537.36 (KHTML, like Gecko; compatible; bingbot/2.0; +http://www.bing.com/bingbot.htm) Chrome/116.0.1938.76 Safari/537.36"
40.77.167.70 - - [27/Aug/2025:18:11:42 +0000] "GET /shopdetail/2832800/ HTTP/1.0" 301 4335 "-" "Mozilla/5.0 AppleWebKit/537.36 (KHTML, like Gecko; compatible; bingbot/2.0; +http://www.bing.com/bingbot.htm) Chrome/116.0.1938.76 Safari/537.36"
40.77.167.70 - - [27/Aug/2025:18:11:43 +0000] "GET /shopdetail/2610588/ HTTP/1.0" 301 4335 "-" "Mozilla/5.0 AppleWebKit/537.36 (KHTML, like Gecko; compatible; bingbot/2.0; +http://www.bing.com/bingbot.htm) Chrome/116.0.1938.76 Safari/537.36"
40.77.167.70 - - [27/Aug/2025:18:11:43 +0000] "GET /shopdetail/3333822/ HTTP/1.0" 301 4335 "-" "Mozilla/5.0 AppleWebKit/537.36 (KHTML, like Gecko; compatible; bingbot/2.0; +http://www.bing.com/bingbot.htm) Chrome/116.0.1938.76 Safari/537.36"
40.77.167.70 - - [27/Aug/2025:18:11:43 +0000] "GET /shopdetail/3208344/ HTTP/1.0" 301 4335 "-" "Mozilla/5.0 AppleWebKit/537.36 (KHTML, like Gecko; compatible; bingbot/2.0; +http://www.bing.com/bingbot.htm) Chrome/116.0.1938.76 Safari/537.36"
40.77.167.70 - - [27/Aug/2025:18:11:43 +0000] "GET /shopdetail/3240955/ HTTP/1.0" 301 4335 "-" "Mozilla/5.0 AppleWebKit/537.36 (KHTML, like Gecko; compatible; bingbot/2.0; +http://www.bing.com/bingbot.htm) Chrome/116.0.1938.76 Safari/537.36"
40.77.167.70 - - [27/Aug/2025:18:11:43 +0000] "GET /shopdetail/2275900/ HTTP/1.0" 301 4335 "-" "Mozilla/5.0 AppleWebKit/537.36 (KHTML, like Gecko; compatible; bingbot/2.0; +http://www.bing.com/bingbot.htm) Chrome/116.0.1938.76 Safari/537.36"
40.77.167.70 - - [27/Aug/2025:18:11:44 +0000] "GET /shopdetail/2332800/ HTTP/1.0" 301 4335 "-" "Mozilla/5.0 AppleWebKit/537.36 (KHTML, like Gecko; compatible; bingbot/2.0; +http://www.bing.com/bingbot.htm) Chrome/116.0.1938.76 Safari/537.36"
40.77.167.70 - - [27/Aug/2025:18:11:44 +0000] "GET /shopdetail/4164199/ HTTP/1.0" 301 4335 "-" "Mozilla/5.0 AppleWebKit/537.36 (KHTML, like Gecko; compatible; bingbot/2.0; +http://www.bing.com/bingbot.htm) Chrome/116.0.1938.76 Safari/537.36"
40.77.167.70 - - [27/Aug/2025:18:11:44 +0000] "GET /shopdetail/4010011/ HTTP/1.0" 301 4335 "-" "Mozilla/5.0 AppleWebKit/537.36 (KHTML, like Gecko; compatible; bingbot/2.0; +http://www.bing.com/bingbot.htm) Chrome/116.0.1938.76 Safari/537.36"
40.77.167.70 - - [27/Aug/2025:18:11:44 +0000] "GET /shopdetail/3857355/ HTTP/1.0" 301 4335 "-" "Mozilla/5.0 AppleWebKit/537.36 (KHTML, like Gecko; compatible; bingbot/2.0; +http://www.bing.com/bingbot.htm) Chrome/116.0.1938.76 Safari/537.36"
40.77.167.70 - - [27/Aug/2025:18:11:45 +0000] "GET /shopdetail/2441011/ HTTP/1.0" 301 4335 "-" "Mozilla/5.0 AppleWebKit/537.36 (KHTML, like Gecko; compatible; bingbot/2.0; +http://www.bing.com/bingbot.htm) Chrome/116.0.1938.76 Safari/537.36"
40.77.167.70 - - [27/Aug/2025:18:11:45 +0000] "GET /shopdetail/30397811/ HTTP/1.0" 301 4337 "-" "Mozilla/5.0 AppleWebKit/537.36 (KHTML, like Gecko; compatible; bingbot/2.0; +http://www.bing.com/bingbot.htm) Chrome/116.0.1938.76 Safari/537.36"
40.77.167.70 - - [27/Aug/2025:18:11:46 +0000] "GET /shopdetail/30430377/ HTTP/1.0" 301 4337 "-" "Mozilla/5.0 AppleWebKit/537.36 (KHTML, like Gecko; compatible; bingbot/2.0; +http://www.bing.com/bingbot.htm) Chrome/116.0.1938.76 Safari/537.36"
40.77.167.70 - - [27/Aug/2025:18:11:46 +0000] "GET /shopdetail/30413522/ HTTP/1.0" 301 4337 "-" "Mozilla/5.0 AppleWebKit/537.36 (KHTML, like Gecko; compatible; bingbot/2.0; +http://www.bing.com/bingbot.htm) Chrome/116.0.1938.76 Safari/537.36"
40.77.167.70 - - [27/Aug/2025:18:11:53 +0000] "GET /shopdetail/3666211/ HTTP/1.0" 301 4335 "-" "Mozilla/5.0 AppleWebKit/537.36 (KHTML, like Gecko; compatible; bingbot/2.0; +http://www.bing.com/bingbot.htm) Chrome/116.0.1938.76 Safari/537.36"
40.77.167.3 - - [27/Aug/2025:18:11:54 +0000] "GET /shopdetail/30400944/ HTTP/1.0" 301 4337 "-" "Mozilla/5.0 AppleWebKit/537.36 (KHTML, like Gecko; compatible; bingbot/2.0; +http://www.bing.com/bingbot.htm) Chrome/116.0.1938.76 Safari/537.36"
207.46.13.102 - - [27/Aug/2025:18:11:59 +0000] "GET /shopdetail/2321844/ HTTP/1.0" 301 4335 "-" "Mozilla/5.0 AppleWebKit/537.36 (KHTML, like Gecko; compatible; bingbot/2.0; +http://www.bing.com/bingbot.htm) Chrome/116.0.1938.76 Safari/537.36"
207.46.13.102 - - [27/Aug/2025:18:12:00 +0000] "GET /shopdetail/2967755/ HTTP/1.0" 301 4335 "-" "Mozilla/5.0 AppleWebKit/537.36 (KHTML, like Gecko; compatible; bingbot/2.0; +http://www.bing.com/bingbot.htm) Chrome/116.0.1938.76 Safari/537.36"
40.77.167.3 - - [27/Aug/2025:18:14:08 +0000] "GET /shopdetail/17551055/ HTTP/1.0" 301 4337 "-" "Mozilla/5.0 AppleWebKit/537.36 (KHTML, like Gecko; compatible; bingbot/2.0; +http://www.bing.com/bingbot.htm) Chrome/116.0.1938.76 Safari/537.36"
95.8.127.102 - - [27/Aug/2025:18:14:47 +0000] "GET /zhHant/product/surugaya/15469751?campaign_uid=f64d716db5e979ed2f947dbaf4296895b951ae7f HTTP/1.0" 404 7103 "-" "Mozilla/5.0 (Windows NT 10.0; Win64; x64) AppleWebKit/537.36 (KHTML, like Gecko) Chrome/80.0.3987.132 Safari/537.36"
66.249.70.192 - - [27/Aug/2025:18:14:59 +0000] "GET /shopdetail/20953388 HTTP/1.0" 200 22509 "-" "Mozilla/5.0 (Linux; Android 6.0.1; Nexus 5X Build/MMB29P) AppleWebKit/537.36 (KHTML, like Gecko) Chrome/138.0.7204.183 Mobile Safari/537.36 (compatible; Googlebot/2.1; +http://www.google.com/bot.html)"
66.249.70.194 - - [27/Aug/2025:18:15:01 +0000] "GET /zhHant/product/surugaya/71565801?campaign_uid=f64d716db5e979ed2f947dbaf4296895b951ae7f HTTP/1.0" 200 22265 "-" "Mozilla/5.0 (Linux; Android 6.0.1; Nexus 5X Build/MMB29P) AppleWebKit/537.36 (KHTML, like Gecko) Chrome/138.0.7204.183 Mobile Safari/537.36 (compatible; Googlebot/2.1; +http://www.google.com/bot.html)"
103.96.105.141 - - [27/Aug/2025:18:17:32 +0000] "GET /shopdetail/26501077/ HTTP/1.0" 301 4337 "-" "Mozilla/5.0 (Windows NT 10.0; WOW64) AppleWebKit/537.36 (KHTML, like Gecko) Chrome/67.0.3396.87 Safari/537.36"
103.96.105.141 - - [27/Aug/2025:18:17:33 +0000] "GET /shopdetail/26501077 HTTP/1.0" 404 7090 "-" "Mozilla/5.0 (Windows NT 10.0; WOW64) AppleWebKit/537.36 (KHTML, like Gecko) Chrome/67.0.3396.87 Safari/537.36"
66.249.70.194 - - [27/Aug/2025:18:24:42 +0000] "GET /shopdetail/5037933 HTTP/1.0" 200 22138 "-" "Mozilla/5.0 (Linux; Android 6.0.1; Nexus 5X Build/MMB29P) AppleWebKit/537.36 (KHTML, like Gecko) Chrome/138.0.7204.183 Mobile Safari/537.36 (compatible; Googlebot/2.1; +http://www.google.com/bot.html)"
66.249.70.194 - - [27/Aug/2025:18:24:43 +0000] "GET /shopdetail/21494944 HTTP/1.0" 200 22970 "-" "Mozilla/5.0 (Linux; Android 6.0.1; Nexus 5X Build/MMB29P) AppleWebKit/537.36 (KHTML, like Gecko) Chrome/138.0.7204.183 Mobile Safari/537.36 (compatible; Googlebot/2.1; +http://www.google.com/bot.html)"
66.249.70.194 - - [27/Aug/2025:18:24:45 +0000] "GET /shopdetail/12931977/ HTTP/1.0" 301 4337 "-" "Mozilla/5.0 (Linux; Android 6.0.1; Nexus 5X Build/MMB29P) AppleWebKit/537.36 (KHTML, like Gecko) Chrome/138.0.7204.183 Mobile Safari/537.36 (compatible; Googlebot/2.1; +http://www.google.com/bot.html)"
66.249.70.194 - - [27/Aug/2025:18:24:45 +0000] "GET /shopdetail/12931977 HTTP/1.0" 200 22439 "-" "Mozilla/5.0 (Linux; Android 6.0.1; Nexus 5X Build/MMB29P) AppleWebKit/537.36 (KHTML, like Gecko) Chrome/138.0.7204.183 Mobile Safari/537.36 (compatible; Googlebot/2.1; +http://www.google.com/bot.html)"
66.249.70.192 - - [27/Aug/2025:18:29:47 +0000] "GET /shopdetail/22170066 HTTP/1.0" 200 23156 "-" "Mozilla/5.0 (Linux; Android 6.0.1; Nexus 5X Build/MMB29P) AppleWebKit/537.36 (KHTML, like Gecko) Chrome/138.0.7204.183 Mobile Safari/537.36 (compatible; Googlebot/2.1; +http://www.google.com/bot.html)"
20.15.133.160 - - [27/Aug/2025:18:30:30 +0000] "GET /shopdetail/3046055/ HTTP/1.0" 301 4335 "-" "Mozilla/5.0 AppleWebKit/537.36 (KHTML, like Gecko; compatible; bingbot/2.0; +http://www.bing.com/bingbot.htm) Chrome/116.0.1938.76 Safari/537.36"
66.249.70.192 - - [27/Aug/2025:18:29:51 +0000] "POST /get-message-notify HTTP/1.0" 200 11967 "https://builder.storyshack.io/shopdetail/22170066" "Mozilla/5.0 (Linux; Android 6.0.1; Nexus 5X Build/MMB29P) AppleWebKit/537.36 (KHTML, like Gecko) Chrome/139.0.7258.127 Mobile Safari/537.36 (compatible; Googlebot/2.1; +http://www.google.com/bot.html)"
66.249.70.194 - - [27/Aug/2025:18:31:48 +0000] "GET /shopdetail/7599766/ HTTP/1.0" 301 4335 "-" "Mozilla/5.0 (Linux; Android 6.0.1; Nexus 5X Build/MMB29P) AppleWebKit/537.36 (KHTML, like Gecko) Chrome/138.0.7204.183 Mobile Safari/537.36 (compatible; Googlebot/2.1; +http://www.google.com/bot.html)"
66.249.70.193 - - [27/Aug/2025:18:31:49 +0000] "GET /shopdetail/7599766 HTTP/1.0" 200 22745 "-" "Mozilla/5.0 (Linux; Android 6.0.1; Nexus 5X Build/MMB29P) AppleWebKit/537.36 (KHTML, like Gecko) Chrome/138.0.7204.183 Mobile Safari/537.36 (compatible; Googlebot/2.1; +http://www.google.com/bot.html)"
66.249.70.194 - - [27/Aug/2025:18:32:04 +0000] "POST /get-message-notify HTTP/1.0" 200 21865 "https://builder.storyshack.io/shopdetail/7599766" "Mozilla/5.0 (Linux; Android 6.0.1; Nexus 5X Build/MMB29P) AppleWebKit/537.36 (KHTML, like Gecko) Chrome/139.0.7258.127 Mobile Safari/537.36 (compatible; Googlebot/2.1; +http://www.google.com/bot.html)"
66.249.70.194 - - [27/Aug/2025:18:33:50 +0000] "GET /shopdetail/3242522/ HTTP/1.0" 301 4335 "-" "Mozilla/5.0 (Linux; Android 6.0.1; Nexus 5X Build/MMB29P) AppleWebKit/537.36 (KHTML, like Gecko) Chrome/138.0.7204.183 Mobile Safari/537.36 (compatible; Googlebot/2.1; +http://www.google.com/bot.html)"
66.249.70.193 - - [27/Aug/2025:18:33:51 +0000] "GET /shopdetail/3242522 HTTP/1.0" 200 21866 "-" "Mozilla/5.0 (Linux; Android 6.0.1; Nexus 5X Build/MMB29P) AppleWebKit/537.36 (KHTML, like Gecko) Chrome/138.0.7204.183 Mobile Safari/537.36 (compatible; Googlebot/2.1; +http://www.google.com/bot.html)"
66.249.70.194 - - [27/Aug/2025:18:33:54 +0000] "POST /get-message-notify HTTP/1.0" 200 21865 "https://builder.storyshack.io/shopdetail/3242522" "Mozilla/5.0 (Linux; Android 6.0.1; Nexus 5X Build/MMB29P) AppleWebKit/537.36 (KHTML, like Gecko) Chrome/139.0.7258.127 Mobile Safari/537.36 (compatible; Googlebot/2.1; +http://www.google.com/bot.html)"
66.249.70.194 - - [27/Aug/2025:18:34:52 +0000] "GET /shopdetail/6221377/ HTTP/1.0" 301 4335 "-" "Mozilla/5.0 (Linux; Android 6.0.1; Nexus 5X Build/MMB29P) AppleWebKit/537.36 (KHTML, like Gecko) Chrome/138.0.7204.183 Mobile Safari/537.36 (compatible; Googlebot/2.1; +http://www.google.com/bot.html)"
66.249.70.193 - - [27/Aug/2025:18:34:52 +0000] "GET /shopdetail/6221377 HTTP/1.0" 200 11967 "-" "Mozilla/5.0 (Linux; Android 6.0.1; Nexus 5X Build/MMB29P) AppleWebKit/537.36 (KHTML, like Gecko) Chrome/138.0.7204.183 Mobile Safari/537.36 (compatible; Googlebot/2.1; +http://www.google.com/bot.html)"
66.249.70.194 - - [27/Aug/2025:18:37:03 +0000] "GET /shopdetail/8030944 HTTP/1.0" 200 22951 "-" "Mozilla/5.0 (Linux; Android 6.0.1; Nexus 5X Build/MMB29P) AppleWebKit/537.36 (KHTML, like Gecko) Chrome/138.0.7204.183 Mobile Safari/537.36 (compatible; Googlebot/2.1; +http://www.google.com/bot.html)"
66.249.70.193 - - [27/Aug/2025:18:38:04 +0000] "GET /shopdetail/3490466/ HTTP/1.0" 301 4335 "-" "Mozilla/5.0 (Linux; Android 6.0.1; Nexus 5X Build/MMB29P) AppleWebKit/537.36 (KHTML, like Gecko) Chrome/138.0.7204.183 Mobile Safari/537.36 (compatible; Googlebot/2.1; +http://www.google.com/bot.html)"
66.249.70.194 - - [27/Aug/2025:18:38:07 +0000] "GET /shopdetail/3490466 HTTP/1.0" 200 23217 "-" "Mozilla/5.0 (Linux; Android 6.0.1; Nexus 5X Build/MMB29P) AppleWebKit/537.36 (KHTML, like Gecko) Chrome/138.0.7204.183 Mobile Safari/537.36 (compatible; Googlebot/2.1; +http://www.google.com/bot.html)"
66.249.70.193 - - [27/Aug/2025:18:38:10 +0000] "GET /shopdetail/13530533/ HTTP/1.0" 301 4337 "-" "Mozilla/5.0 (Linux; Android 6.0.1; Nexus 5X Build/MMB29P) AppleWebKit/537.36 (KHTML, like Gecko) Chrome/138.0.7204.183 Mobile Safari/537.36 (compatible; Googlebot/2.1; +http://www.google.com/bot.html)"
66.249.70.193 - - [27/Aug/2025:18:38:12 +0000] "GET /shopdetail/13530533 HTTP/1.0" 200 22173 "-" "Mozilla/5.0 (Linux; Android 6.0.1; Nexus 5X Build/MMB29P) AppleWebKit/537.36 (KHTML, like Gecko) Chrome/138.0.7204.183 Mobile Safari/537.36 (compatible; Googlebot/2.1; +http://www.google.com/bot.html)"
66.249.70.194 - - [27/Aug/2025:18:39:15 +0000] "GET /shopdetail/14525722 HTTP/1.0" 200 22791 "-" "Mozilla/5.0 (Linux; Android 6.0.1; Nexus 5X Build/MMB29P) AppleWebKit/537.36 (KHTML, like Gecko) Chrome/138.0.7204.183 Mobile Safari/537.36 (compatible; Googlebot/2.1; +http://www.google.com/bot.html)"
66.249.70.192 - - [27/Aug/2025:18:38:19 +0000] "POST /get-message-notify HTTP/1.0" 200 11967 "https://builder.storyshack.io/shopdetail/13530533" "Mozilla/5.0 (Linux; Android 6.0.1; Nexus 5X Build/MMB29P) AppleWebKit/537.36 (KHTML, like Gecko) Chrome/139.0.7258.127 Mobile Safari/537.36 (compatible; Googlebot/2.1; +http://www.google.com/bot.html)"
47.82.11.70 - - [27/Aug/2025:18:41:47 +0000] "GET /shopdetail/22468622 HTTP/1.0" 404 7090 "https://builder.storyshack.io/" "Mozilla/5.0 (Windows NT 10.0; Win64; x64) AppleWebKit/537.36 (KHTML, like Gecko) Chrome/135.0.0.0 Safari/537.36"
66.249.70.192 - - [27/Aug/2025:18:41:22 +0000] "POST /get-message-notify HTTP/1.0" 200 11967 "https://builder.storyshack.io/shopdetail/10368866" "Mozilla/5.0 (Linux; Android 6.0.1; Nexus 5X Build/MMB29P) AppleWebKit/537.36 (KHTML, like Gecko) Chrome/139.0.7258.127 Mobile Safari/537.36 (compatible; Googlebot/2.1; +http://www.google.com/bot.html)"
66.249.70.192 - - [27/Aug/2025:18:44:16 +0000] "GET /shopdetail/8992955 HTTP/1.0" 200 22103 "-" "Mozilla/5.0 (Linux; Android 6.0.1; Nexus 5X Build/MMB29P) AppleWebKit/537.36 (KHTML, like Gecko) Chrome/138.0.7204.183 Mobile Safari/537.36 (compatible; Googlebot/2.1; +http://www.google.com/bot.html)"
66.249.70.193 - - [27/Aug/2025:18:44:17 +0000] "GET /product/edit/57641258 HTTP/1.0" 200 22073 "-" "Mozilla/5.0 (Linux; Android 6.0.1; Nexus 5X Build/MMB29P) AppleWebKit/537.36 (KHTML, like Gecko) Chrome/138.0.7204.183 Mobile Safari/537.36 (compatible; Googlebot/2.1; +http://www.google.com/bot.html)"
66.249.70.193 - - [27/Aug/2025:18:44:18 +0000] "GET /shopdetail/9851511 HTTP/1.0" 200 22520 "-" "Mozilla/5.0 (Linux; Android 6.0.1; Nexus 5X Build/MMB29P) AppleWebKit/537.36 (KHTML, like Gecko) Chrome/138.0.7204.183 Mobile Safari/537.36 (compatible; Googlebot/2.1; +http://www.google.com/bot.html)"
66.249.70.192 - - [27/Aug/2025:18:44:21 +0000] "POST /get-message-notify HTTP/1.0" 200 21865 "https://builder.storyshack.io/shopdetail/9851511" "Mozilla/5.0 (Linux; Android 6.0.1; Nexus 5X Build/MMB29P) AppleWebKit/537.36 (KHTML, like Gecko) Chrome/139.0.7258.127 Mobile Safari/537.36 (compatible; Googlebot/2.1; +http://www.google.com/bot.html)"
66.249.70.192 - - [27/Aug/2025:18:48:19 +0000] "GET /shopdetail/2642588/ HTTP/1.0" 301 4335 "-" "Mozilla/5.0 (Linux; Android 6.0.1; Nexus 5X Build/MMB29P) AppleWebKit/537.36 (KHTML, like Gecko) Chrome/138.0.7204.183 Mobile Safari/537.36 (compatible; Googlebot/2.1; +http://www.google.com/bot.html)"
66.249.70.193 - - [27/Aug/2025:18:48:20 +0000] "GET /shopdetail/2642588 HTTP/1.0" 200 22343 "-" "Mozilla/5.0 (Linux; Android 6.0.1; Nexus 5X Build/MMB29P) AppleWebKit/537.36 (KHTML, like Gecko) Chrome/138.0.7204.183 Mobile Safari/537.36 (compatible; Googlebot/2.1; +http://www.google.com/bot.html)"
189.4.72.210 - - [27/Aug/2025:18:48:49 +0000] "GET /shopdetail/16181544/ HTTP/1.0" 301 4337 "-" "Mozilla/5.0 (Windows NT 6.1; Win64; x64) AppleWebKit/537.36 (KHTML, like Gecko) Chrome/86.0.4240.198 Safari/537.36"
189.4.72.210 - - [27/Aug/2025:18:48:49 +0000] "GET /shopdetail/16181544 HTTP/1.0" 404 7090 "-" "Mozilla/5.0 (Windows NT 6.1; Win64; x64) AppleWebKit/537.36 (KHTML, like Gecko) Chrome/86.0.4240.198 Safari/537.36"
20.15.133.175 - - [27/Aug/2025:18:49:06 +0000] "GET /shopdetail/4173377/ HTTP/1.0" 301 4335 "-" "Mozilla/5.0 AppleWebKit/537.36 (KHTML, like Gecko; compatible; bingbot/2.0; +http://www.bing.com/bingbot.htm) Chrome/116.0.1938.76 Safari/537.36"
66.249.70.192 - - [27/Aug/2025:18:49:21 +0000] "GET /shopdetail/6870288/ HTTP/1.0" 301 4335 "-" "Mozilla/5.0 (Linux; Android 6.0.1; Nexus 5X Build/MMB29P) AppleWebKit/537.36 (KHTML, like Gecko) Chrome/138.0.7204.183 Mobile Safari/537.36 (compatible; Googlebot/2.1; +http://www.google.com/bot.html)"
66.249.70.193 - - [27/Aug/2025:18:49:21 +0000] "GET /shopdetail/6870288 HTTP/1.0" 200 22735 "-" "Mozilla/5.0 (Linux; Android 6.0.1; Nexus 5X Build/MMB29P) AppleWebKit/537.36 (KHTML, like Gecko) Chrome/138.0.7204.183 Mobile Safari/537.36 (compatible; Googlebot/2.1; +http://www.google.com/bot.html)"
66.249.70.192 - - [27/Aug/2025:18:49:34 +0000] "POST /get-message-notify HTTP/1.0" 200 11967 "https://builder.storyshack.io/zhHant/product/surugaya/15652913?campaign_uid=f64d716db5e979ed2f947dbaf4296895b951ae7f" "Mozilla/5.0 (Linux; Android 6.0.1; Nexus 5X Build/MMB29P) AppleWebKit/537.36 (KHTML, like Gecko) Chrome/139.0.7258.127 Mobile Safari/537.36 (compatible; Googlebot/2.1; +http://www.google.com/bot.html)"
66.249.70.192 - - [27/Aug/2025:18:53:40 +0000] "GET /zhHant/product/surugaya/38607280?campaign_uid=f64d716db5e979ed2f947dbaf4296895b951ae7f HTTP/1.0" 200 22376 "-" "Mozilla/5.0 (Linux; Android 6.0.1; Nexus 5X Build/MMB29P) AppleWebKit/537.36 (KHTML, like Gecko) Chrome/138.0.7204.183 Mobile Safari/537.36 (compatible; Googlebot/2.1; +http://www.google.com/bot.html)"
131.221.54.106 - - [27/Aug/2025:18:54:22 +0000] "GET /affiliate HTTP/1.0" 404 7080 "-" "Mozilla/5.0 (Windows NT 6.1; Win64; x64) AppleWebKit/537.36 (KHTML, like Gecko) Chrome/80.0.3987.132 Safari/537.36"
66.249.70.194 - - [27/Aug/2025:18:54:45 +0000] "POST /get-message-notify HTTP/1.0" 200 21865 "https://builder.storyshack.io/shopdetail/12144688" "Mozilla/5.0 (Linux; Android 6.0.1; Nexus 5X Build/MMB29P) AppleWebKit/537.36 (KHTML, like Gecko) Chrome/139.0.7258.127 Mobile Safari/537.36 (compatible; Googlebot/2.1; +http://www.google.com/bot.html)"
66.249.70.193 - - [27/Aug/2025:18:58:41 +0000] "GET /product/edit/46289024 HTTP/1.0" 200 21963 "-" "Mozilla/5.0 (Linux; Android 6.0.1; Nexus 5X Build/MMB29P) AppleWebKit/537.36 (KHTML, like Gecko) Chrome/138.0.7204.183 Mobile Safari/537.36 (compatible; Googlebot/2.1; +http://www.google.com/bot.html)"
66.249.70.193 - - [27/Aug/2025:19:00:42 +0000] "GET /shopdetail/8973199/ HTTP/1.0" 301 4335 "-" "Mozilla/5.0 (Linux; Android 6.0.1; Nexus 5X Build/MMB29P) AppleWebKit/537.36 (KHTML, like Gecko) Chrome/138.0.7204.183 Mobile Safari/537.36 (compatible; Googlebot/2.1; +http://www.google.com/bot.html)"
66.249.70.194 - - [27/Aug/2025:19:00:42 +0000] "GET /shopdetail/8973199 HTTP/1.0" 200 11867 "-" "Mozilla/5.0 (Linux; Android 6.0.1; Nexus 5X Build/MMB29P) AppleWebKit/537.36 (KHTML, like Gecko) Chrome/138.0.7204.183 Mobile Safari/537.36 (compatible; Googlebot/2.1; +http://www.google.com/bot.html)"
66.249.70.193 - - [27/Aug/2025:19:03:43 +0000] "GET /shopdetail/29465344 HTTP/1.0" 200 22798 "-" "Mozilla/5.0 (Linux; Android 6.0.1; Nexus 5X Build/MMB29P) AppleWebKit/537.36 (KHTML, like Gecko) Chrome/138.0.7204.183 Mobile Safari/537.36 (compatible; Googlebot/2.1; +http://www.google.com/bot.html)"
66.249.70.193 - - [27/Aug/2025:19:03:45 +0000] "GET /shopdetail/6234388/ HTTP/1.0" 301 4335 "-" "Mozilla/5.0 (Linux; Android 6.0.1; Nexus 5X Build/MMB29P) AppleWebKit/537.36 (KHTML, like Gecko) Chrome/138.0.7204.183 Mobile Safari/537.36 (compatible; Googlebot/2.1; +http://www.google.com/bot.html)"
66.249.70.194 - - [27/Aug/2025:19:03:47 +0000] "GET /zhHant/product/surugaya/84200067?campaign_uid=f64d716db5e979ed2f947dbaf4296895b951ae7f HTTP/1.0" 200 22324 "-" "Mozilla/5.0 (Linux; Android 6.0.1; Nexus 5X Build/MMB29P) AppleWebKit/537.36 (KHTML, like Gecko) Chrome/138.0.7204.183 Mobile Safari/537.36 (compatible; Googlebot/2.1; +http://www.google.com/bot.html)"
66.249.70.192 - - [27/Aug/2025:19:03:48 +0000] "POST /get-message-notify HTTP/1.0" 200 21865 "https://builder.storyshack.io/shopdetail/29465344" "Mozilla/5.0 (Linux; Android 6.0.1; Nexus 5X Build/MMB29P) AppleWebKit/537.36 (KHTML, like Gecko) Chrome/139.0.7258.127 Mobile Safari/537.36 (compatible; Googlebot/2.1; +http://www.google.com/bot.html)"
66.249.70.193 - - [27/Aug/2025:19:03:52 +0000] "GET /shopdetail/6234388 HTTP/1.0" 200 21827 "-" "Mozilla/5.0 (Linux; Android 6.0.1; Nexus 5X Build/MMB29P) AppleWebKit/537.36 (KHTML, like Gecko) Chrome/138.0.7204.183 Mobile Safari/537.36 (compatible; Googlebot/2.1; +http://www.google.com/bot.html)"
85.208.96.195 - - [27/Aug/2025:19:03:55 +0000] "GET /robots.txt HTTP/1.0" 404 4822 "-" "Mozilla/5.0 (compatible; SemrushBot/7~bl; +http://www.semrush.com/bot.html)"
85.208.96.212 - - [27/Aug/2025:19:03:56 +0000] "GET /register/0/fr HTTP/1.0" 403 3958 "-" "Mozilla/5.0 (compatible; SemrushBot/7~bl; +http://www.semrush.com/bot.html)"
66.249.70.192 - - [27/Aug/2025:19:07:53 +0000] "GET /shopdetail/13038633 HTTP/1.0" 200 23185 "-" "Mozilla/5.0 (Linux; Android 6.0.1; Nexus 5X Build/MMB29P) AppleWebKit/537.36 (KHTML, like Gecko) Chrome/138.0.7204.183 Mobile Safari/537.36 (compatible; Googlebot/2.1; +http://www.google.com/bot.html)"
66.249.70.192 - - [27/Aug/2025:19:07:56 +0000] "POST /get-message-notify HTTP/1.0" 200 21865 "https://builder.storyshack.io/shopdetail/13038633" "Mozilla/5.0 (Linux; Android 6.0.1; Nexus 5X Build/MMB29P) AppleWebKit/537.36 (KHTML, like Gecko) Chrome/139.0.7258.127 Mobile Safari/537.36 (compatible; Googlebot/2.1; +http://www.google.com/bot.html)"
66.249.70.194 - - [27/Aug/2025:19:09:54 +0000] "GET /zhHant/product/surugaya/46609136?campaign_uid=f64d716db5e979ed2f947dbaf4296895b951ae7f HTTP/1.0" 200 22980 "-" "Mozilla/5.0 (Linux; Android 6.0.1; Nexus 5X Build/MMB29P) AppleWebKit/537.36 (KHTML, like Gecko) Chrome/138.0.7204.183 Mobile Safari/537.36 (compatible; Googlebot/2.1; +http://www.google.com/bot.html)"
66.249.70.193 - - [27/Aug/2025:19:11:55 +0000] "GET /shopdetail/12648455/ HTTP/1.0" 301 4337 "-" "Mozilla/5.0 (Linux; Android 6.0.1; Nexus 5X Build/MMB29P) AppleWebKit/537.36 (KHTML, like Gecko) Chrome/138.0.7204.183 Mobile Safari/537.36 (compatible; Googlebot/2.1; +http://www.google.com/bot.html)"
66.249.70.192 - - [27/Aug/2025:19:12:57 +0000] "GET /shopdetail/13051777 HTTP/1.0" 200 22435 "-" "Mozilla/5.0 (Linux; Android 6.0.1; Nexus 5X Build/MMB29P) AppleWebKit/537.36 (KHTML, like Gecko) Chrome/138.0.7204.183 Mobile Safari/537.36 (compatible; Googlebot/2.1; +http://www.google.com/bot.html)"
66.249.70.194 - - [27/Aug/2025:19:11:56 +0000] "GET /shopdetail/12648455 HTTP/1.0" 200 11967 "-" "Mozilla/5.0 (Linux; Android 6.0.1; Nexus 5X Build/MMB29P) AppleWebKit/537.36 (KHTML, like Gecko) Chrome/138.0.7204.183 Mobile Safari/537.36 (compatible; Googlebot/2.1; +http://www.google.com/bot.html)"
195.135.246.204 - - [27/Aug/2025:19:17:28 +0000] "GET /shopdetail/15773944/ HTTP/1.0" 301 4337 "-" "Mozilla/5.0 (Macintosh; Intel Mac OS X 10_11_0) AppleWebKit/537.36 (KHTML, like Gecko) Chrome/65.0.3325.93 Safari/537.36"
195.135.246.204 - - [27/Aug/2025:19:17:28 +0000] "GET /shopdetail/15773944 HTTP/1.0" 404 7090 "-" "Mozilla/5.0 (Macintosh; Intel Mac OS X 10_11_0) AppleWebKit/537.36 (KHTML, like Gecko) Chrome/65.0.3325.93 Safari/537.36"
66.249.70.194 - - [27/Aug/2025:19:18:09 +0000] "GET /shopdetail/2642588 HTTP/1.0" 200 22343 "-" "Mozilla/5.0 (Linux; Android 6.0.1; Nexus 5X Build/MMB29P) AppleWebKit/537.36 (KHTML, like Gecko) Chrome/138.0.7204.183 Mobile Safari/537.36 (compatible; Googlebot/2.1; +http://www.google.com/bot.html)"
179.94.249.137 - - [27/Aug/2025:19:19:17 +0000] "GET /shopdetail/25782533/ HTTP/1.0" 301 4337 "-" "Mozilla/5.0 (Windows NT 6.3; Win64; x64) AppleWebKit/537.36 (KHTML, like Gecko) Chrome/105.0.0.0 Safari/537.36"
179.94.249.137 - - [27/Aug/2025:19:19:18 +0000] "GET /shopdetail/25782533 HTTP/1.0" 404 7090 "-" "Mozilla/5.0 (Windows NT 6.3; Win64; x64) AppleWebKit/537.36 (KHTML, like Gecko) Chrome/105.0.0.0 Safari/537.36"
66.249.70.193 - - [27/Aug/2025:19:19:23 +0000] "POST /get-message-notify HTTP/1.0" 200 21865 "https://builder.storyshack.io/shopdetail/2642588" "Mozilla/5.0 (Linux; Android 6.0.1; Nexus 5X Build/MMB29P) AppleWebKit/537.36 (KHTML, like Gecko) Chrome/139.0.7258.127 Mobile Safari/537.36 (compatible; Googlebot/2.1; +http://www.google.com/bot.html)"
66.249.70.194 - - [27/Aug/2025:19:21:24 +0000] "POST /get-message-notify HTTP/1.0" 200 21865 "https://builder.storyshack.io/shopdetail/15869111" "Mozilla/5.0 (Linux; Android 6.0.1; Nexus 5X Build/MMB29P) AppleWebKit/537.36 (KHTML, like Gecko) Chrome/139.0.7258.127 Mobile Safari/537.36 (compatible; Googlebot/2.1; +http://www.google.com/bot.html)"
91.242.162.12 - - [27/Aug/2025:19:21:58 +0000] "GET /robots.txt HTTP/1.0" 404 4822 "-" "Mozilla/5.0 (compatible; Qwantbot/1.0; +https://help.qwant.com/bot/)"
91.242.162.4 - - [27/Aug/2025:19:21:58 +0000] "GET / HTTP/1.0" 200 9060 "-" "Mozilla/5.0 (compatible; Qwantbot/1.0_168315; +https://help.qwant.com/bot/)"
91.242.162.4 - - [27/Aug/2025:19:22:05 +0000] "GET /login/fr HTTP/1.0" 200 8807 "-" "Mozilla/5.0 (compatible; Qwantbot/1.0_168315; +https://help.qwant.com/bot/)"
66.249.70.193 - - [27/Aug/2025:19:22:42 +0000] "GET /shopdetail/29912000 HTTP/1.0" 200 22057 "-" "Mozilla/5.0 (Linux; Android 6.0.1; Nexus 5X Build/MMB29P) AppleWebKit/537.36 (KHTML, like Gecko) Chrome/138.0.7204.183 Mobile Safari/537.36 (compatible; Googlebot/2.1; +http://www.google.com/bot.html)"
66.249.70.193 - - [27/Aug/2025:19:22:43 +0000] "GET /shopdetail/21417800/ HTTP/1.0" 301 4337 "-" "Mozilla/5.0 (Linux; Android 6.0.1; Nexus 5X Build/MMB29P) AppleWebKit/537.36 (KHTML, like Gecko) Chrome/138.0.7204.183 Mobile Safari/537.36 (compatible; Googlebot/2.1; +http://www.google.com/bot.html)"
66.249.70.194 - - [27/Aug/2025:19:22:44 +0000] "GET /shopdetail/21417800 HTTP/1.0" 200 11967 "-" "Mozilla/5.0 (Linux; Android 6.0.1; Nexus 5X Build/MMB29P) AppleWebKit/537.36 (KHTML, like Gecko) Chrome/138.0.7204.183 Mobile Safari/537.36 (compatible; Googlebot/2.1; +http://www.google.com/bot.html)"
66.249.70.194 - - [27/Aug/2025:19:25:00 +0000] "GET /shopdetail/9181299/ HTTP/1.0" 301 4335 "-" "Mozilla/5.0 (Linux; Android 6.0.1; Nexus 5X Build/MMB29P) AppleWebKit/537.36 (KHTML, like Gecko) Chrome/138.0.7204.183 Mobile Safari/537.36 (compatible; Googlebot/2.1; +http://www.google.com/bot.html)"
66.249.70.192 - - [27/Aug/2025:19:25:06 +0000] "GET /shopdetail/9181299 HTTP/1.0" 200 22853 "-" "Mozilla/5.0 (Linux; Android 6.0.1; Nexus 5X Build/MMB29P) AppleWebKit/537.36 (KHTML, like Gecko) Chrome/138.0.7204.183 Mobile Safari/537.36 (compatible; Googlebot/2.1; +http://www.google.com/bot.html)"
43.132.214.228 - - [27/Aug/2025:19:25:34 +0000] "GET / HTTP/1.0" 200 9063 "http://builder.storyshack.io" "Mozilla/5.0 (iPhone; CPU iPhone OS 13_2_3 like Mac OS X) AppleWebKit/605.1.15 (KHTML, like Gecko) Version/13.0.3 Mobile/15E148 Safari/604.1"
66.249.70.192 - - [27/Aug/2025:19:28:08 +0000] "GET /shopdetail/28415944 HTTP/1.0" 200 21657 "-" "Mozilla/5.0 (Linux; Android 6.0.1; Nexus 5X Build/MMB29P) AppleWebKit/537.36 (KHTML, like Gecko) Chrome/138.0.7204.183 Mobile Safari/537.36 (compatible; Googlebot/2.1; +http://www.google.com/bot.html)"
66.249.70.193 - - [27/Aug/2025:19:28:12 +0000] "POST /get-message-notify HTTP/1.0" 200 21865 "https://builder.storyshack.io/shopdetail/28415944" "Mozilla/5.0 (Linux; Android 6.0.1; Nexus 5X Build/MMB29P) AppleWebKit/537.36 (KHTML, like Gecko) Chrome/139.0.7258.127 Mobile Safari/537.36 (compatible; Googlebot/2.1; +http://www.google.com/bot.html)"
181.118.50.88 - - [27/Aug/2025:19:29:30 +0000] "GET /shopdetail/16984755/ HTTP/1.0" 301 4337 "-" "Mozilla/5.0 (Windows NT 10.0; Win64; x64) AppleWebKit/537.36 (KHTML, like Gecko) Chrome/92.0.4515.159 Safari/537.36"
181.118.50.88 - - [27/Aug/2025:19:29:30 +0000] "GET /shopdetail/16984755 HTTP/1.0" 404 7090 "-" "Mozilla/5.0 (Windows NT 10.0; Win64; x64) AppleWebKit/537.36 (KHTML, like Gecko) Chrome/92.0.4515.159 Safari/537.36"
66.249.70.192 - - [27/Aug/2025:19:30:09 +0000] "GET /shopdetail/4384000/ HTTP/1.0" 301 4335 "-" "Mozilla/5.0 (Linux; Android 6.0.1; Nexus 5X Build/MMB29P) AppleWebKit/537.36 (KHTML, like Gecko) Chrome/138.0.7204.183 Mobile Safari/537.36 (compatible; Googlebot/2.1; +http://www.google.com/bot.html)"
66.249.70.194 - - [27/Aug/2025:19:30:10 +0000] "GET /shopdetail/4384000 HTTP/1.0" 200 22182 "-" "Mozilla/5.0 (Linux; Android 6.0.1; Nexus 5X Build/MMB29P) AppleWebKit/537.36 (KHTML, like Gecko) Chrome/138.0.7204.183 Mobile Safari/537.36 (compatible; Googlebot/2.1; +http://www.google.com/bot.html)"
66.249.70.193 - - [27/Aug/2025:19:32:11 +0000] "GET /shopdetail/8895688/ HTTP/1.0" 301 4335 "-" "Mozilla/5.0 (Linux; Android 6.0.1; Nexus 5X Build/MMB29P) AppleWebKit/537.36 (KHTML, like Gecko) Chrome/138.0.7204.183 Mobile Safari/537.36 (compatible; Googlebot/2.1; +http://www.google.com/bot.html)"
66.249.70.194 - - [27/Aug/2025:19:32:13 +0000] "GET /shopdetail/18573944 HTTP/1.0" 200 21950 "-" "Mozilla/5.0 (Linux; Android 6.0.1; Nexus 5X Build/MMB29P) AppleWebKit/537.36 (KHTML, like Gecko) Chrome/138.0.7204.183 Mobile Safari/537.36 (compatible; Googlebot/2.1; +http://www.google.com/bot.html)"
66.249.70.194 - - [27/Aug/2025:19:32:14 +0000] "GET /shopdetail/8895688 HTTP/1.0" 200 23388 "-" "Mozilla/5.0 (Linux; Android 6.0.1; Nexus 5X Build/MMB29P) AppleWebKit/537.36 (KHTML, like Gecko) Chrome/138.0.7204.183 Mobile Safari/537.36 (compatible; Googlebot/2.1; +http://www.google.com/bot.html)"
66.249.70.193 - - [27/Aug/2025:19:32:42 +0000] "GET /shopdetail/11848200/ HTTP/1.0" 301 4337 "-" "Mozilla/5.0 (Linux; Android 6.0.1; Nexus 5X Build/MMB29P) AppleWebKit/537.36 (KHTML, like Gecko) Chrome/138.0.7204.183 Mobile Safari/537.36 (compatible; GoogleOther)"
66.249.70.192 - - [27/Aug/2025:19:32:45 +0000] "GET /shopdetail/11848200 HTTP/1.0" 200 22853 "-" "Mozilla/5.0 (Linux; Android 6.0.1; Nexus 5X Build/MMB29P) AppleWebKit/537.36 (KHTML, like Gecko) Chrome/138.0.7204.183 Mobile Safari/537.36 (compatible; GoogleOther)"
66.249.70.192 - - [27/Aug/2025:19:32:47 +0000] "GET /shopdetail/3673711/ HTTP/1.0" 301 4335 "-" "Mozilla/5.0 (Linux; Android 6.0.1; Nexus 5X Build/MMB29P) AppleWebKit/537.36 (KHTML, like Gecko) Chrome/138.0.7204.183 Mobile Safari/537.36 (compatible; GoogleOther)"
66.249.70.192 - - [27/Aug/2025:19:32:49 +0000] "GET /shopdetail/3673711 HTTP/1.0" 200 22487 "-" "Mozilla/5.0 (Linux; Android 6.0.1; Nexus 5X Build/MMB29P) AppleWebKit/537.36 (KHTML, like Gecko) Chrome/138.0.7204.183 Mobile Safari/537.36 (compatible; GoogleOther)"
66.249.70.192 - - [27/Aug/2025:19:32:51 +0000] "GET /shopdetail/5608444/ HTTP/1.0" 301 4335 "-" "Mozilla/5.0 (Linux; Android 6.0.1; Nexus 5X Build/MMB29P) AppleWebKit/537.36 (KHTML, like Gecko) Chrome/138.0.7204.183 Mobile Safari/537.36 (compatible; GoogleOther)"
66.249.70.192 - - [27/Aug/2025:19:32:54 +0000] "GET /shopdetail/8348555/ HTTP/1.0" 301 4335 "-" "Mozilla/5.0 (Linux; Android 6.0.1; Nexus 5X Build/MMB29P) AppleWebKit/537.36 (KHTML, like Gecko) Chrome/138.0.7204.183 Mobile Safari/537.36 (compatible; GoogleOther)"
66.249.70.192 - - [27/Aug/2025:19:32:56 +0000] "GET /shopdetail/5608444 HTTP/1.0" 200 21882 "-" "Mozilla/5.0 (Linux; Android 6.0.1; Nexus 5X Build/MMB29P) AppleWebKit/537.36 (KHTML, like Gecko) Chrome/138.0.7204.183 Mobile Safari/537.36 (compatible; GoogleOther)"
185.191.171.17 - - [27/Aug/2025:19:33:18 +0000] "GET /register/ru HTTP/1.0" 403 3958 "-" "Mozilla/5.0 (compatible; SemrushBot/7~bl; +http://www.semrush.com/bot.html)"
66.249.70.194 - - [27/Aug/2025:19:33:59 +0000] "GET /shopdetail/11107044/ HTTP/1.0" 301 4337 "-" "Mozilla/5.0 (Linux; Android 6.0.1; Nexus 5X Build/MMB29P) AppleWebKit/537.36 (KHTML, like Gecko) Chrome/138.0.7204.183 Mobile Safari/537.36 (compatible; GoogleOther)"
66.249.70.194 - - [27/Aug/2025:19:34:40 +0000] "GET /shopdetail/11107044 HTTP/1.0" 200 22388 "-" "Mozilla/5.0 (Linux; Android 6.0.1; Nexus 5X Build/MMB29P) AppleWebKit/537.36 (KHTML, like Gecko) Chrome/138.0.7204.183 Mobile Safari/537.36 (compatible; GoogleOther)"
66.249.70.192 - - [27/Aug/2025:19:32:58 +0000] "GET /shopdetail/8348555 HTTP/1.0" 200 5665 "-" "Mozilla/5.0 (Linux; Android 6.0.1; Nexus 5X Build/MMB29P) AppleWebKit/537.36 (KHTML, like Gecko) Chrome/138.0.7204.183 Mobile Safari/537.36 (compatible; GoogleOther)"
66.249.70.193 - - [27/Aug/2025:19:35:23 +0000] "GET /shopdetail/28736966 HTTP/1.0" 200 22518 "-" "Mozilla/5.0 (Linux; Android 6.0.1; Nexus 5X Build/MMB29P) AppleWebKit/537.36 (KHTML, like Gecko) Chrome/138.0.7204.183 Mobile Safari/537.36 (compatible; Googlebot/2.1; +http://www.google.com/bot.html)"
66.249.70.192 - - [27/Aug/2025:19:39:25 +0000] "GET /shopdetail/30203844 HTTP/1.0" 200 22160 "-" "Mozilla/5.0 (Linux; Android 6.0.1; Nexus 5X Build/MMB29P) AppleWebKit/537.36 (KHTML, like Gecko) Chrome/138.0.7204.183 Mobile Safari/537.36 (compatible; Googlebot/2.1; +http://www.google.com/bot.html)"
66.249.70.194 - - [27/Aug/2025:19:39:28 +0000] "POST /get-message-notify HTTP/1.0" 200 21865 "https://builder.storyshack.io/shopdetail/30203844" "Mozilla/5.0 (Linux; Android 6.0.1; Nexus 5X Build/MMB29P) AppleWebKit/537.36 (KHTML, like Gecko) Chrome/139.0.7258.127 Mobile Safari/537.36 (compatible; Googlebot/2.1; +http://www.google.com/bot.html)"
66.249.70.194 - - [27/Aug/2025:19:42:26 +0000] "GET /shopdetail/3242522 HTTP/1.0" 200 21866 "-" "Mozilla/5.0 (Linux; Android 6.0.1; Nexus 5X Build/MMB29P) AppleWebKit/537.36 (KHTML, like Gecko) Chrome/138.0.7204.183 Mobile Safari/537.36 (compatible; Googlebot/2.1; +http://www.google.com/bot.html)"
216.73.216.7 - - [27/Aug/2025:19:42:57 +0000] "GET /robots.txt HTTP/1.0" 404 4822 "-" "Mozilla/5.0 AppleWebKit/537.36 (KHTML, like Gecko; compatible; ClaudeBot/1.0; +claudebot@anthropic.com)"
216.73.216.7 - - [27/Aug/2025:19:42:57 +0000] "GET /storage/uploads/landing_page_image/d0800ba6c79220836bf2ce9a65c49de599_hoax.php HTTP/1.0" 200 9340 "-" "Mozilla/5.0 AppleWebKit/537.36 (KHTML, like Gecko; compatible; ClaudeBot/1.0; +claudebot@anthropic.com)"
66.249.70.193 - - [27/Aug/2025:19:43:18 +0000] "GET /shopdetail/4256722/ HTTP/1.0" 301 4335 "-" "Mozilla/5.0 (Linux; Android 6.0.1; Nexus 5X Build/MMB29P) AppleWebKit/537.36 (KHTML, like Gecko) Chrome/138.0.7204.183 Mobile Safari/537.36 (compatible; GoogleOther)"
66.249.70.194 - - [27/Aug/2025:19:43:20 +0000] "GET /shopdetail/4256722 HTTP/1.0" 200 22324 "-" "Mozilla/5.0 (Linux; Android 6.0.1; Nexus 5X Build/MMB29P) AppleWebKit/537.36 (KHTML, like Gecko) Chrome/138.0.7204.183 Mobile Safari/537.36 (compatible; GoogleOther)"
66.249.70.194 - - [27/Aug/2025:19:45:30 +0000] "GET /shopdetail/21240822 HTTP/1.0" 200 22461 "-" "Mozilla/5.0 (Linux; Android 6.0.1; Nexus 5X Build/MMB29P) AppleWebKit/537.36 (KHTML, like Gecko) Chrome/138.0.7204.183 Mobile Safari/537.36 (compatible; Googlebot/2.1; +http://www.google.com/bot.html)"
66.249.70.194 - - [27/Aug/2025:19:45:33 +0000] "POST /get-message-notify HTTP/1.0" 200 21865 "https://builder.storyshack.io/shopdetail/21240822" "Mozilla/5.0 (Linux; Android 6.0.1; Nexus 5X Build/MMB29P) AppleWebKit/537.36 (KHTML, like Gecko) Chrome/139.0.7258.127 Mobile Safari/537.36 (compatible; Googlebot/2.1; +http://www.google.com/bot.html)"
66.249.70.194 - - [27/Aug/2025:19:48:31 +0000] "GET /shopdetail/20521622 HTTP/1.0" 200 23083 "-" "Mozilla/5.0 (Linux; Android 6.0.1; Nexus 5X Build/MMB29P) AppleWebKit/537.36 (KHTML, like Gecko) Chrome/138.0.7204.183 Mobile Safari/537.36 (compatible; Googlebot/2.1; +http://www.google.com/bot.html)"
66.249.74.98 - - [27/Aug/2025:19:48:33 +0000] "POST /get-message-notify HTTP/1.0" 200 21865 "https://builder.storyshack.io/shopdetail/20521622" "Mozilla/5.0 (Linux; Android 6.0.1; Nexus 5X Build/MMB29P) AppleWebKit/537.36 (KHTML, like Gecko) Chrome/139.0.7258.127 Mobile Safari/537.36 (compatible; Googlebot/2.1; +http://www.google.com/bot.html)"
207.46.13.128 - - [27/Aug/2025:19:51:42 +0000] "GET /zhHant/product/surugaya/31417927?campaign_uid=f64d716db5e979ed2f947dbaf4296895b951ae7f HTTP/1.0" 200 22217 "-" "Mozilla/5.0 AppleWebKit/537.36 (KHTML, like Gecko; compatible; bingbot/2.0; +http://www.bing.com/bingbot.htm) Chrome/116.0.1938.76 Safari/537.36"
66.249.70.192 - - [27/Aug/2025:19:51:43 +0000] "GET /shopdetail/28679322 HTTP/1.0" 200 21874 "-" "Mozilla/5.0 (Linux; Android 6.0.1; Nexus 5X Build/MMB29P) AppleWebKit/537.36 (KHTML, like Gecko) Chrome/138.0.7204.183 Mobile Safari/537.36 (compatible; Googlebot/2.1; +http://www.google.com/bot.html)"
66.249.70.194 - - [27/Aug/2025:19:53:54 +0000] "GET /shopdetail/6501622/ HTTP/1.0" 301 4335 "-" "Mozilla/5.0 (Linux; Android 6.0.1; Nexus 5X Build/MMB29P) AppleWebKit/537.36 (KHTML, like Gecko) Chrome/138.0.7204.183 Mobile Safari/537.36 (compatible; GoogleOther)"
66.249.70.194 - - [27/Aug/2025:19:53:57 +0000] "GET /shopdetail/6501622 HTTP/1.0" 200 22757 "-" "Mozilla/5.0 (Linux; Android 6.0.1; Nexus 5X Build/MMB29P) AppleWebKit/537.36 (KHTML, like Gecko) Chrome/138.0.7204.183 Mobile Safari/537.36 (compatible; GoogleOther)"
207.46.13.128 - - [27/Aug/2025:19:54:23 +0000] "GET /safe_search/config?return_url=%2Fproduct%2Fdetail%2F17664428 HTTP/1.0" 200 22796 "-" "Mozilla/5.0 AppleWebKit/537.36 (KHTML, like Gecko; compatible; bingbot/2.0; +http://www.bing.com/bingbot.htm) Chrome/116.0.1938.76 Safari/537.36"
131.255.20.3 - - [27/Aug/2025:19:56:34 +0000] "GET /shopdetail/3566688/ HTTP/1.0" 301 4335 "-" "Mozilla/5.0 (Windows NT 6.3; WOW64) AppleWebKit/537.36 (KHTML, like Gecko) Chrome/41.0.2226.0 Safari/537.36"
131.255.20.3 - - [27/Aug/2025:19:56:34 +0000] "GET /shopdetail/3566688 HTTP/1.0" 404 7089 "-" "Mozilla/5.0 (Windows NT 6.3; WOW64) AppleWebKit/537.36 (KHTML, like Gecko) Chrome/41.0.2226.0 Safari/537.36"
66.249.70.192 - - [27/Aug/2025:19:57:45 +0000] "GET /shopdetail/27555500 HTTP/1.0" 200 22004 "-" "Mozilla/5.0 (Linux; Android 6.0.1; Nexus 5X Build/MMB29P) AppleWebKit/537.36 (KHTML, like Gecko) Chrome/138.0.7204.183 Mobile Safari/537.36 (compatible; Googlebot/2.1; +http://www.google.com/bot.html)"
66.249.70.193 - - [27/Aug/2025:19:58:28 +0000] "GET /shopdetail/11257088/ HTTP/1.0" 301 4337 "-" "Mozilla/5.0 (Linux; Android 6.0.1; Nexus 5X Build/MMB29P) AppleWebKit/537.36 (KHTML, like Gecko) Chrome/138.0.7204.183 Mobile Safari/537.36 (compatible; GoogleOther)"
66.249.70.192 - - [27/Aug/2025:19:58:31 +0000] "GET /shopdetail/11257088 HTTP/1.0" 200 22728 "-" "Mozilla/5.0 (Linux; Android 6.0.1; Nexus 5X Build/MMB29P) AppleWebKit/537.36 (KHTML, like Gecko) Chrome/138.0.7204.183 Mobile Safari/537.36 (compatible; GoogleOther)"
47.82.11.68 - - [27/Aug/2025:20:02:12 +0000] "GET /shopdetail/25365333 HTTP/1.0" 404 7090 "https://builder.storyshack.io/" "Mozilla/5.0 (Windows NT 10.0; Win64; x64) AppleWebKit/537.36 (KHTML, like Gecko) Chrome/135.0.0.0 Safari/537.36 Edg/135.0.0.0"
66.249.70.192 - - [27/Aug/2025:20:01:46 +0000] "GET /shopdetail/28387066 HTTP/1.0" 200 8605 "-" "Mozilla/5.0 (Linux; Android 6.0.1; Nexus 5X Build/MMB29P) AppleWebKit/537.36 (KHTML, like Gecko) Chrome/138.0.7204.183 Mobile Safari/537.36 (compatible; Googlebot/2.1; +http://www.google.com/bot.html)"
66.249.70.194 - - [27/Aug/2025:20:04:28 +0000] "GET /shopdetail/4828511/ HTTP/1.0" 301 4335 "-" "Mozilla/5.0 (Linux; Android 6.0.1; Nexus 5X Build/MMB29P) AppleWebKit/537.36 (KHTML, like Gecko) Chrome/138.0.7204.183 Mobile Safari/537.36 (compatible; GoogleOther)"
66.249.70.194 - - [27/Aug/2025:20:06:23 +0000] "GET /shopdetail/3139799/ HTTP/1.0" 301 4335 "-" "Mozilla/5.0 (Linux; Android 6.0.1; Nexus 5X Build/MMB29P) AppleWebKit/537.36 (KHTML, like Gecko) Chrome/138.0.7204.183 Mobile Safari/537.36 (compatible; Googlebot/2.1; +http://www.google.com/bot.html)"
66.249.70.192 - - [27/Aug/2025:20:06:50 +0000] "GET /shopdetail/3139799 HTTP/1.0" 200 23005 "-" "Mozilla/5.0 (Linux; Android 6.0.1; Nexus 5X Build/MMB29P) AppleWebKit/537.36 (KHTML, like Gecko) Chrome/138.0.7204.183 Mobile Safari/537.36 (compatible; Googlebot/2.1; +http://www.google.com/bot.html)"
66.249.70.193 - - [27/Aug/2025:20:07:14 +0000] "GET /shopdetail/4828511 HTTP/1.0" 200 22157 "-" "Mozilla/5.0 (Linux; Android 6.0.1; Nexus 5X Build/MMB29P) AppleWebKit/537.36 (KHTML, like Gecko) Chrome/138.0.7204.183 Mobile Safari/537.36 (compatible; GoogleOther)"
66.249.70.193 - - [27/Aug/2025:20:07:52 +0000] "GET /shopdetail/27904711 HTTP/1.0" 200 22264 "-" "Mozilla/5.0 (Linux; Android 6.0.1; Nexus 5X Build/MMB29P) AppleWebKit/537.36 (KHTML, like Gecko) Chrome/138.0.7204.183 Mobile Safari/537.36 (compatible; Googlebot/2.1; +http://www.google.com/bot.html)"
191.114.7.36 - - [27/Aug/2025:20:09:58 +0000] "GET /shopdetail/29677866/ HTTP/1.0" 301 4337 "-" "Mozilla/5.0 (Macintosh; Intel Mac OS X 10_11_6) AppleWebKit/537.36 (KHTML, like Gecko) Chrome/93.0.4577.82 Safari/537.36"
191.114.7.36 - - [27/Aug/2025:20:09:59 +0000] "GET /shopdetail/29677866 HTTP/1.0" 404 7090 "-" "Mozilla/5.0 (Macintosh; Intel Mac OS X 10_11_6) AppleWebKit/537.36 (KHTML, like Gecko) Chrome/93.0.4577.82 Safari/537.36"
66.249.70.194 - - [27/Aug/2025:20:10:24 +0000] "GET /shopdetail/25318222/ HTTP/1.0" 301 4337 "-" "Mozilla/5.0 (Linux; Android 6.0.1; Nexus 5X Build/MMB29P) AppleWebKit/537.36 (KHTML, like Gecko) Chrome/138.0.7204.183 Mobile Safari/537.36 (compatible; Googlebot/2.1; +http://www.google.com/bot.html)"
66.249.70.193 - - [27/Aug/2025:20:10:26 +0000] "GET /shopdetail/25318222 HTTP/1.0" 200 11967 "-" "Mozilla/5.0 (Linux; Android 6.0.1; Nexus 5X Build/MMB29P) AppleWebKit/537.36 (KHTML, like Gecko) Chrome/138.0.7204.183 Mobile Safari/537.36 (compatible; Googlebot/2.1; +http://www.google.com/bot.html)"
66.249.70.192 - - [27/Aug/2025:20:11:34 +0000] "GET /shopdetail/22525055 HTTP/1.0" 200 22082 "-" "Mozilla/5.0 (Linux; Android 6.0.1; Nexus 5X Build/MMB29P) AppleWebKit/537.36 (KHTML, like Gecko) Chrome/138.0.7204.183 Mobile Safari/537.36 (compatible; Googlebot/2.1; +http://www.google.com/bot.html)"
66.249.70.192 - - [27/Aug/2025:20:14:35 +0000] "GET /shopdetail/29953600 HTTP/1.0" 200 22305 "-" "Mozilla/5.0 (Linux; Android 6.0.1; Nexus 5X Build/MMB29P) AppleWebKit/537.36 (KHTML, like Gecko) Chrome/138.0.7204.183 Mobile Safari/537.36 (compatible; Googlebot/2.1; +http://www.google.com/bot.html)"
66.249.70.194 - - [27/Aug/2025:20:15:03 +0000] "GET /shopdetail/6382244/ HTTP/1.0" 301 4335 "-" "Mozilla/5.0 (Linux; Android 6.0.1; Nexus 5X Build/MMB29P) AppleWebKit/537.36 (KHTML, like Gecko) Chrome/138.0.7204.183 Mobile Safari/537.36 (compatible; GoogleOther)"
66.249.70.192 - - [27/Aug/2025:20:15:07 +0000] "GET /shopdetail/6382244 HTTP/1.0" 200 23163 "-" "Mozilla/5.0 (Linux; Android 6.0.1; Nexus 5X Build/MMB29P) AppleWebKit/537.36 (KHTML, like Gecko) Chrome/138.0.7204.183 Mobile Safari/537.36 (compatible; GoogleOther)"
66.249.70.193 - - [27/Aug/2025:20:17:36 +0000] "GET /shopdetail/22913433 HTTP/1.0" 200 22113 "-" "Mozilla/5.0 (Linux; Android 6.0.1; Nexus 5X Build/MMB29P) AppleWebKit/537.36 (KHTML, like Gecko) Chrome/138.0.7204.183 Mobile Safari/537.36 (compatible; Googlebot/2.1; +http://www.google.com/bot.html)"
177.131.189.114 - - [27/Aug/2025:20:18:26 +0000] "GET /shopdetail/14953277/ HTTP/1.0" 301 4337 "-" "Mozilla/5.0 (Macintosh; Intel Mac OS X 10_12_6) AppleWebKit/537.36 (KHTML, like Gecko) Brave Chrome/78.0.3904.70 Safari/537.36"
177.131.189.114 - - [27/Aug/2025:20:18:27 +0000] "GET /shopdetail/14953277 HTTP/1.0" 404 7090 "-" "Mozilla/5.0 (Macintosh; Intel Mac OS X 10_12_6) AppleWebKit/537.36 (KHTML, like Gecko) Brave Chrome/78.0.3904.70 Safari/537.36"
66.249.70.193 - - [27/Aug/2025:20:20:41 +0000] "GET /shopdetail/5533211 HTTP/1.0" 200 22264 "-" "Mozilla/5.0 (Linux; Android 6.0.1; Nexus 5X Build/MMB29P) AppleWebKit/537.36 (KHTML, like Gecko) Chrome/138.0.7204.183 Mobile Safari/537.36 (compatible; Googlebot/2.1; +http://www.google.com/bot.html)"
143.137.38.205 - - [27/Aug/2025:20:21:40 +0000] "GET /shopdetail/14858266/ HTTP/1.0" 301 4337 "-" "Mozilla/5.0 (Macintosh; Intel Mac OS X 10_13_6) AppleWebKit/537.36 (KHTML, like Gecko) Chrome/106.0.0.0 Safari/537.36"
143.137.38.205 - - [27/Aug/2025:20:21:41 +0000] "GET /shopdetail/14858266 HTTP/1.0" 404 7090 "-" "Mozilla/5.0 (Macintosh; Intel Mac OS X 10_13_6) AppleWebKit/537.36 (KHTML, like Gecko) Chrome/106.0.0.0 Safari/537.36"
52.167.144.222 - - [27/Aug/2025:20:22:20 +0000] "GET /shopdetail/3709333/ HTTP/1.0" 301 4335 "-" "Mozilla/5.0 AppleWebKit/537.36 (KHTML, like Gecko; compatible; bingbot/2.0; +http://www.bing.com/bingbot.htm) Chrome/116.0.1938.76 Safari/537.36"
66.249.70.192 - - [27/Aug/2025:20:20:57 +0000] "POST /get-message-notify HTTP/1.0" 200 8781 "https://builder.storyshack.io/shopdetail/22913433" "Mozilla/5.0 (Linux; Android 6.0.1; Nexus 5X Build/MMB29P) AppleWebKit/537.36 (KHTML, like Gecko) Chrome/139.0.7258.127 Mobile Safari/537.36 (compatible; Googlebot/2.1; +http://www.google.com/bot.html)"
66.249.70.192 - - [27/Aug/2025:20:23:43 +0000] "GET /shopdetail/26713066 HTTP/1.0" 200 23147 "-" "Mozilla/5.0 (Linux; Android 6.0.1; Nexus 5X Build/MMB29P) AppleWebKit/537.36 (KHTML, like Gecko) Chrome/138.0.7204.183 Mobile Safari/537.36 (compatible; Googlebot/2.1; +http://www.google.com/bot.html)"
66.249.70.194 - - [27/Aug/2025:20:24:11 +0000] "GET /shopdetail/15252899/ HTTP/1.0" 301 4337 "-" "Mozilla/5.0 (Linux; Android 6.0.1; Nexus 5X Build/MMB29P) AppleWebKit/537.36 (KHTML, like Gecko) Chrome/138.0.7204.183 Mobile Safari/537.36 (compatible; GoogleOther)"
66.249.70.193 - - [27/Aug/2025:20:24:17 +0000] "GET /shopdetail/15252899 HTTP/1.0" 200 22244 "-" "Mozilla/5.0 (Linux; Android 6.0.1; Nexus 5X Build/MMB29P) AppleWebKit/537.36 (KHTML, like Gecko) Chrome/138.0.7204.183 Mobile Safari/537.36 (compatible; GoogleOther)"
66.249.70.192 - - [27/Aug/2025:20:25:30 +0000] "GET /shopdetail/20021211 HTTP/1.0" 200 22043 "-" "Mozilla/5.0 (Linux; Android 6.0.1; Nexus 5X Build/MMB29P) AppleWebKit/537.36 (KHTML, like Gecko) Chrome/138.0.7204.183 Mobile Safari/537.36 (compatible; Googlebot/2.1; +http://www.google.com/bot.html)"
66.249.70.192 - - [27/Aug/2025:20:25:31 +0000] "GET /zhHant/product/surugaya/91700303?campaign_uid=f64d716db5e979ed2f947dbaf4296895b951ae7f HTTP/1.0" 200 21913 "-" "Mozilla/5.0 (Linux; Android 6.0.1; Nexus 5X Build/MMB29P) AppleWebKit/537.36 (KHTML, like Gecko) Chrome/138.0.7204.183 Mobile Safari/537.36 (compatible; Googlebot/2.1; +http://www.google.com/bot.html)"
66.249.70.193 - - [27/Aug/2025:20:25:39 +0000] "GET /shopdetail/1941655/ HTTP/1.0" 301 4335 "-" "Mozilla/5.0 (Linux; Android 6.0.1; Nexus 5X Build/MMB29P) AppleWebKit/537.36 (KHTML, like Gecko) Chrome/138.0.7204.183 Mobile Safari/537.36 (compatible; GoogleOther)"
66.249.70.192 - - [27/Aug/2025:20:25:41 +0000] "GET /shopdetail/1941655 HTTP/1.0" 200 22973 "-" "Mozilla/5.0 (Linux; Android 6.0.1; Nexus 5X Build/MMB29P) AppleWebKit/537.36 (KHTML, like Gecko) Chrome/138.0.7204.183 Mobile Safari/537.36 (compatible; GoogleOther)"
66.249.70.192 - - [27/Aug/2025:20:27:32 +0000] "GET /shopdetail/20218622 HTTP/1.0" 200 22876 "-" "Mozilla/5.0 (Linux; Android 6.0.1; Nexus 5X Build/MMB29P) AppleWebKit/537.36 (KHTML, like Gecko) Chrome/138.0.7204.183 Mobile Safari/537.36 (compatible; Googlebot/2.1; +http://www.google.com/bot.html)"
102.182.68.207 - - [27/Aug/2025:20:30:24 +0000] "GET /shopdetail/14898055/ HTTP/1.0" 301 4337 "-" "Mozilla/5.0 (Windows NT 10.0; Win64; x64) AppleWebKit/537.36 (KHTML, like Gecko) Chrome/80.0.3987.132 Safari/537.36"
102.182.68.207 - - [27/Aug/2025:20:30:25 +0000] "GET /shopdetail/14898055 HTTP/1.0" 404 7090 "-" "Mozilla/5.0 (Windows NT 10.0; Win64; x64) AppleWebKit/537.36 (KHTML, like Gecko) Chrome/80.0.3987.132 Safari/537.36"
66.249.70.193 - - [27/Aug/2025:20:30:33 +0000] "GET /shopdetail/26491399 HTTP/1.0" 200 22548 "-" "Mozilla/5.0 (Linux; Android 6.0.1; Nexus 5X Build/MMB29P) AppleWebKit/537.36 (KHTML, like Gecko) Chrome/138.0.7204.183 Mobile Safari/537.36 (compatible; Googlebot/2.1; +http://www.google.com/bot.html)"
157.55.39.204 - - [27/Aug/2025:20:30:45 +0000] "GET /login HTTP/1.0" 200 23379 "-" "Mozilla/5.0 AppleWebKit/537.36 (KHTML, like Gecko; compatible; bingbot/2.0; +http://www.bing.com/bingbot.htm) Chrome/116.0.1938.76 Safari/537.36"
207.46.13.54 - - [27/Aug/2025:20:31:06 +0000] "GET /get-message-notify HTTP/1.0" 200 21865 "-" "Mozilla/5.0 AppleWebKit/537.36 (KHTML, like Gecko; compatible; bingbot/2.0; +http://www.bing.com/bingbot.htm) Chrome/116.0.1938.76 Safari/537.36"
66.249.70.193 - - [27/Aug/2025:20:36:14 +0000] "GET /shopdetail/30770288/ HTTP/1.0" 301 4337 "-" "Mozilla/5.0 (Linux; Android 6.0.1; Nexus 5X Build/MMB29P) AppleWebKit/537.36 (KHTML, like Gecko) Chrome/138.0.7204.183 Mobile Safari/537.36 (compatible; GoogleOther)"
66.249.70.193 - - [27/Aug/2025:20:36:16 +0000] "GET /shopdetail/30770288 HTTP/1.0" 200 22221 "-" "Mozilla/5.0 (Linux; Android 6.0.1; Nexus 5X Build/MMB29P) AppleWebKit/537.36 (KHTML, like Gecko) Chrome/138.0.7204.183 Mobile Safari/537.36 (compatible; GoogleOther)"
